-- Table structure for table `menus`
--

CREATE TABLE `menus` (
  `id` bigint UNSIGNED NOT NULL,
  `name` varchar(255) COLLATE utf8mb4_unicode_ci NOT NULL,
  `location` varchar(255) COLLATE utf8mb4_unicode_ci NOT NULL DEFAULT 'header',
  `is_active` tinyint(1) NOT NULL DEFAULT '1',
  `sort_order` int NOT NULL DEFAULT '0',
  `created_at` timestamp NULL DEFAULT NULL,
  `updated_at` timestamp NULL DEFAULT NULL
) ENGINE=InnoDB DEFAULT CHARSET=utf8mb4 COLLATE=utf8mb4_unicode_ci;

--
-- Dumping data for table `menus`
--

INSERT INTO `menus` (`id`, `name`, `location`, `is_active`, `sort_order`, `created_at`, `updated_at`) VALUES
(1, 'Home', 'header', 1, 1, '2025-08-12 04:34:56', '2025-08-12 04:34:56'),
(2, 'My Profile', 'footer', 1, 1, '2025-08-12 09:26:23', '2025-08-14 05:05:41'),
(3, 'Useful Links', 'footer', 1, 2, '2025-08-12 09:26:55', '2025-08-12 09:26:55');

-- --------------------------------------------------------

--
-- Table structure for table `menu_items`
--

CREATE TABLE `menu_items` (
  `id` bigint UNSIGNED NOT NULL,
  `menu_id` bigint UNSIGNED NOT NULL,
  `parent_id` bigint UNSIGNED DEFAULT NULL,
  `title` varchar(255) COLLATE utf8mb4_unicode_ci NOT NULL,
  `url` varchar(255) COLLATE utf8mb4_unicode_ci DEFAULT NULL,
  `target` varchar(255) COLLATE utf8mb4_unicode_ci NOT NULL DEFAULT '_self',
  `icon` varchar(255) COLLATE utf8mb4_unicode_ci DEFAULT NULL,
  `css_class` varchar(255) COLLATE utf8mb4_unicode_ci DEFAULT NULL,
  `sort_order` int NOT NULL DEFAULT '0',
  `is_active` tinyint(1) NOT NULL DEFAULT '1',
  `created_at` timestamp NULL DEFAULT NULL,
  `updated_at` timestamp NULL DEFAULT NULL
) ENGINE=InnoDB DEFAULT CHARSET=utf8mb4 COLLATE=utf8mb4_unicode_ci;



-- --------------------------------------------------------

--
-- Table structure for table `menu_item_translations`
--

CREATE TABLE `menu_item_translations` (
  `id` bigint UNSIGNED NOT NULL,
  `menu_item_id` bigint UNSIGNED NOT NULL,
  `locale` varchar(255) COLLATE utf8mb4_unicode_ci NOT NULL,
  `title` varchar(255) COLLATE utf8mb4_unicode_ci NOT NULL,
  `created_at` timestamp NULL DEFAULT NULL,
  `updated_at` timestamp NULL DEFAULT NULL
) ENGINE=InnoDB DEFAULT CHARSET=utf8mb4 COLLATE=utf8mb4_unicode_ci;



-- --------------------------------------------------------

--
-- Table structure for table `menu_settings`
--

CREATE TABLE `menu_settings` (
  `id` int UNSIGNED NOT NULL,
  `menu_id` int DEFAULT NULL,
  `depth` varchar(191) COLLATE utf8mb4_unicode_ci NOT NULL DEFAULT '5',
  `apply_child_as_parent` tinyint(1) NOT NULL DEFAULT '0',
  `levels` text COLLATE utf8mb4_unicode_ci,
  `created_at` timestamp NULL DEFAULT NULL,
  `updated_at` timestamp NULL DEFAULT NULL
) ENGINE=InnoDB DEFAULT CHARSET=utf8mb4 COLLATE=utf8mb4_unicode_ci;

--
-- Dumping data for table `menu_settings`
--

INSERT INTO `menu_settings` (`id`, `menu_id`, `depth`, `apply_child_as_parent`, `levels`, `created_at`, `updated_at`) VALUES
(1, NULL, '5', 0, '{\"root\":{\"style\":\"vertical\"},\"child\":{\"show\":\"onClick\",\"position\":\"right\",\"level_1\":{\"show\":\"onClick\",\"position\":\"bottom\"},\"level_2\":{\"show\":\"onHover\",\"position\":\"right\"}}}', '2025-06-16 03:31:21', '2025-06-16 03:31:21'),
(2, 1, '5', 0, '{\"root\":{\"style\":\"vertical\"},\"child\":{\"show\":\"onClick\",\"position\":\"right\",\"level_1\":{\"show\":\"onClick\",\"position\":\"bottom\"},\"level_2\":{\"show\":\"onHover\",\"position\":\"right\"}}}', '2025-06-16 09:48:23', '2025-06-16 09:56:15');

-- --------------------------------------------------------

--
-- Table structure for table `menu_translations`
--

CREATE TABLE `menu_translations` (
  `id` bigint UNSIGNED NOT NULL,
  `menu_id` bigint UNSIGNED NOT NULL,
  `locale` varchar(255) COLLATE utf8mb4_unicode_ci NOT NULL,
  `name` varchar(255) COLLATE utf8mb4_unicode_ci NOT NULL,
  `created_at` timestamp NULL DEFAULT NULL,
  `updated_at` timestamp NULL DEFAULT NULL
) ENGINE=InnoDB DEFAULT CHARSET=utf8mb4 COLLATE=utf8mb4_unicode_ci;

-- --------------------------------------------------------

--
-- Table structure for table `migrations`
--

CREATE TABLE `migrations` (
  `id` int UNSIGNED NOT NULL,
  `migration` varchar(255) COLLATE utf8mb4_unicode_ci NOT NULL,
  `batch` int NOT NULL
) ENGINE=InnoDB DEFAULT CHARSET=utf8mb4 COLLATE=utf8mb4_unicode_ci;

--
-- Dumping data for table `migrations`
--

INSERT INTO `migrations` (`id`, `migration`, `batch`) VALUES
(1, '2014_10_12_000000_create_users_table', 1),
(2, '2014_10_12_100000_create_password_reset_tokens_table', 1),
(3, '2019_08_19_000000_create_failed_jobs_table', 1),
(4, '2019_12_14_000001_create_personal_access_tokens_table', 1),
(5, '2023_08_21_121608_create_admins_table', 2),
(6, '2023_08_22_052128_add_admin_info_to_admins', 3),
(7, '2023_08_22_060633_create_settings_table', 4),
(8, '2023_08_22_091046_add_footer_logo_to_settings', 5),
(9, '2023_08_22_092103_create_cookie_consents_table', 6),
(10, '2023_08_23_041831_add_contact_info_to_settings', 7),
(11, '2023_08_23_061207_create_languages_table', 8),
(12, '2023_08_23_065713_create_blogs_table', 9),
(13, '2023_08_23_070243_create_blog_translations_table', 9),
(16, '2023_08_23_070627_create_blog_categories_table', 10),
(17, '2023_08_23_070722_create_blog_category_translations_table', 10),
(18, '2023_08_24_041827_create_blog_comments_table', 11),
(19, '2023_08_24_062632_create_about_us_table', 12),
(20, '2023_08_24_063507_create_about_us_translations_table', 12),
(21, '2023_08_24_091604_create_contact_us_table', 13),
(24, '2023_08_24_093106_create_custom_pages_table', 14),
(25, '2023_08_24_093124_create_custom_page_translations_table', 14),
(26, '2023_08_28_041811_create_term_and_conditions_table', 15),
(27, '2023_08_28_045030_create_privacy_policies_table', 16),
(28, '2023_08_28_051357_create_faq_translates_table', 17),
(29, '2023_08_28_051729_create_faqs_table', 17),
(30, '2023_08_28_060623_add_error_page_to_settings', 18),
(52, '2023_09_12_054101_create_seo_settings_table', 29),
(70, '2023_10_10_065008_add_login_page_bg_to_settings', 40),
(71, '2023_10_10_110758_create_social_login_infos_table', 41),
(72, '2023_10_10_120814_add_social_info_to_users', 42),
(73, '2023_10_11_085004_add_footer_info_to_settings', 43),
(75, '2023_10_11_093736_add_copyright_to_settings', 44),
(76, '2023_11_05_154747_create_paymongo_payments_table', 45),
(77, '2023_11_09_154516_create_iyzico_payments_table', 45),
(78, '2023_11_11_085653_create_mercado_pago_payments_table', 45),
(79, '2023_11_07_051924_create_multi_currencies_table', 46),
(80, '2023_11_20_164611_add_currency_id_to_paypal_payments', 47),
(81, '2023_11_20_170037_add_to_currency_id_stripe_payments', 48),
(82, '2023_11_20_170738_add_currency_id_to_razorpay_payments', 49),
(83, '2023_11_20_171803_add_currency_id_to_flutterwave_payments', 50),
(84, '2023_11_23_152129_add_currency_id_to_paystack_and_mollies', 51),
(85, '2023_11_23_154330_add_currency_id_to_instamojo_payments', 52),
(86, '2024_01_28_094246_create_contact_us_translations_table', 53),
(89, '2024_01_31_044113_create_cities_table', 55),
(90, '2024_01_31_045030_create_city_translations_table', 55),
(91, '2024_01_31_061927_create_features_table', 56),
(92, '2024_01_31_062008_create_feature_translations_table', 56),
(93, '2024_01_31_090220_create_listings_table', 57),
(94, '2024_01_31_092624_create_listing_translations_table', 57),
(97, '2024_02_01_104552_create_listing_galleries_table', 59),
(102, '2024_02_05_050042_create_testimonials_table', 61),
(103, '2024_02_05_050053_create_testimonial_translations_table', 61),
(104, '2024_02_11_095157_create_subscription_plans_table', 61),
(106, '2024_02_14_121751_create_subscription_histories_table', 62),
(107, '2024_02_19_051501_create_wishlists_table', 63),
(108, '2024_02_19_051727_create_reviews_table', 64),
(109, '2024_02_20_052322_create_ads_banners_table', 65),
(110, '2024_02_24_052456_create_categories_table', 66),
(111, '2024_02_24_053241_create_category_transaltions_table', 66),
(112, '2024_02_24_054937_create_sub_categories_table', 67),
(113, '2024_02_24_054952_create_sub_category_translations_table', 67),
(115, '2024_03_20_051617_create_listing_reports_table', 68),
(116, '2024_03_20_060641_create_job_requests_table', 69),
(117, '2024_04_17_042651_add_contact_enable_to_settings', 70),
(118, '2024_05_01_050338_create_kyc_types_table', 71),
(119, '2024_05_01_082702_create_kyc_information_table', 71),
(120, '2024_09_29_054314_create_countries_table', 72),
(121, '2024_09_29_054836_add_country_id_to_listings', 73),
(122, '2024_09_29_060753_add_country_id_to_cities', 74),
(123, '2024_09_29_085931_create_child_categories_table', 75),
(124, '2024_09_29_085945_create_child_category_translations_table', 75),
(125, '2024_09_29_093944_add_child_category_id_to_listings', 76),
(128, '2024_10_17_102623_create_bookings_table', 78),
(133, '2024_10_30_124328_create_ticket_messages_table', 79),
(140, '2024_10_30_124724_create_support_tickets_table', 80),
(145, '2024_11_04_063617_add_home4_info_to_hompages_table', 80),
(148, '2024_10_16_051348_create_support_tickets_table', 82),
(149, '2024_10_16_052609_ticket_messages_table', 82),
(151, '2024_02_04_065149_create_home_pages_table', 83),
(152, '2024_02_04_065240_create_home_page_translation_table', 83),
(153, '2024_11_04_083013_add_home4_column_to_home_pages_table', 83),
(155, '2024_11_04_100623_create_sliders_table', 84),
(156, '2024_11_04_112212_create_slider_translations_table', 85),
(157, '2024_11_04_112427_create_sliders_table', 85),
(164, '2024_11_07_045401_add_product_id_to_wishlists_model', 88),
(184, '2024_11_02_102551_create_products_table', 89),
(185, '2024_11_02_102556_create_product_translations_table', 89),
(186, '2024_11_02_102600_create_product_galleries_table', 89),
(187, '2024_11_02_105807_create_product_reviews_table', 89),
(188, '2024_11_05_061817_create_carts_table', 89),
(189, '2024_11_05_070331_create_orders_table', 89),
(190, '2024_11_05_070354_create_order_details_table', 89),
(191, '2024_11_05_074635_create_shipping_methods_table', 89),
(194, '2024_11_21_043227_create_ecom_banners_table', 90),
(195, '2024_11_21_053529_create_ecom_banner_translations_table', 90),
(196, '2024_11_21_055213_create_ecom_banners_table', 91),
(197, '2024_11_21_055241_create_ecom_banner_translations_table', 91),
(198, '2024_12_12_071013_add_review_type_to_migration_reviews_table', 92),
(208, '2019_08_27_165403_create_menu_settings_table', 93),
(209, '2024_01_01_000001_create_menus_table', 94),
(210, '2024_01_01_000002_create_menu_items_table', 94),
(211, '2024_01_01_000003_create_menu_translations_table', 94),
(212, '2024_01_01_000004_create_menu_item_translations_table', 94);

-- --------------------------------------------------------

--
-- Table structure for table `multi_currencies`
--

CREATE TABLE `multi_currencies` (
  `id` bigint UNSIGNED NOT NULL,
  `currency_name` varchar(255) COLLATE utf8mb4_unicode_ci NOT NULL,
  `country_code` varchar(255) COLLATE utf8mb4_unicode_ci NOT NULL,
  `currency_code` varchar(255) COLLATE utf8mb4_unicode_ci NOT NULL,
  `currency_icon` varchar(255) COLLATE utf8mb4_unicode_ci NOT NULL,
  `is_default` varchar(255) COLLATE utf8mb4_unicode_ci NOT NULL,
  `currency_rate` decimal(8,2) NOT NULL,
  `currency_position` varchar(255) COLLATE utf8mb4_unicode_ci NOT NULL DEFAULT 'before_price',
  `status` varchar(255) COLLATE utf8mb4_unicode_ci NOT NULL,
  `created_at` timestamp NULL DEFAULT NULL,
  `updated_at` timestamp NULL DEFAULT NULL
) ENGINE=InnoDB DEFAULT CHARSET=utf8mb4 COLLATE=utf8mb4_unicode_ci;

--
-- Dumping data for table `multi_currencies`
--

INSERT INTO `multi_currencies` (`id`, `currency_name`, `country_code`, `currency_code`, `currency_icon`, `is_default`, `currency_rate`, `currency_position`, `status`, `created_at`, `updated_at`) VALUES
(1, '$-USD', 'USD', 'USD', '$', 'yes', 1.00, 'before_price', 'active', '2023-11-20 02:04:45', '2025-08-20 09:24:37'),
(10, '$-CAD', 'NG', 'CAD', 'C$', 'no', 2.00, 'before_price', 'active', '2024-03-27 21:42:46', '2024-03-27 21:42:46'),
(11, '₹-INR', 'IN', 'INR', '₹', 'no', 83.38, 'before_price', 'active', '2024-03-30 23:30:10', '2025-08-12 03:05:39'),
(12, '₦-NGN', 'NGN', 'NGN', '₦', 'no', 1.00, 'before_price', 'active', '2024-12-07 12:05:09', '2025-08-20 09:24:24');

-- --------------------------------------------------------

--
-- Table structure for table `orders`
--

CREATE TABLE `orders` (
  `id` bigint UNSIGNED NOT NULL,
  `user_id` int NOT NULL,
  `order_id` varchar(255) COLLATE utf8mb4_unicode_ci NOT NULL,
  `subtotal` decimal(28,8) NOT NULL,
  `shipping_charge` decimal(28,8) NOT NULL,
  `total` decimal(28,8) NOT NULL,
  `shipping_method_id` int NOT NULL,
  `address` text COLLATE utf8mb4_unicode_ci NOT NULL,
  `payment_method` varchar(255) COLLATE utf8mb4_unicode_ci NOT NULL,
  `payment_status` tinyint NOT NULL,
  `order_status` tinyint NOT NULL,
  `transaction_id` varchar(255) COLLATE utf8mb4_unicode_ci DEFAULT NULL,
  `created_at` timestamp NULL DEFAULT NULL,
  `updated_at` timestamp NULL DEFAULT NULL
) ENGINE=InnoDB DEFAULT CHARSET=utf8mb4 COLLATE=utf8mb4_unicode_ci;

--
-- Dumping data for table `orders`
--

INSERT INTO `orders` (`id`, `user_id`, `order_id`, `subtotal`, `shipping_charge`, `total`, `shipping_method_id`, `address`, `payment_method`, `payment_status`, `order_status`, `transaction_id`, `created_at`, `updated_at`) VALUES
(1, 2, '173356012761680', 260.00000000, 0.00000000, 260.00000000, 1, '{\"name\":\"Mahe Karim\",\"email\":\"user@gmail.com\",\"phone\":\"123-343-4445\",\"address\":\"Notun bazar,Gulshan-Dhaka,1111\"}', 'Bank_Payment', 1, 1, 'payment', '2024-12-07 08:28:47', '2024-12-07 08:29:49'),
(2, 2, '173356018936681', 260.00000000, 0.00000000, 260.00000000, 1, '{\"name\":\"Mahe Karim\",\"email\":\"user@gmail.com\",\"phone\":\"123-343-4445\",\"address\":\"Notun bazar,Gulshan-Dhaka,1111\"}', 'Bank_Payment', 1, 1, 'payment', '2024-12-07 08:29:49', '2024-12-07 08:33:07'),
(3, 2, '173356038745203', 185.00000000, 0.00000000, 185.00000000, 1, '{\"name\":\"Mahe Karim\",\"email\":\"user@gmail.com\",\"phone\":\"123-343-4445\",\"address\":\"Notun bazar,Gulshan-Dhaka,1111\"}', 'Bank_Payment', 1, 1, 'payment', '2024-12-07 08:33:07', '2024-12-08 04:28:19'),
(5, 2, '173356172053795', 135.00000000, 0.00000000, 135.00000000, 1, '{\"name\":\"Mahe Karim\",\"email\":\"user@gmail.com\",\"phone\":\"123-343-4445\",\"address\":\"Notun bazar,Gulshan-Dhaka,1111\"}', 'Paypal', 1, 1, '0B458276K2772733N', '2024-12-07 08:55:20', '2024-12-07 08:55:20'),
(6, 2, '173356957814333', 135.00000000, 60.00000000, 195.00000000, 2, '{\"name\":\"Mahe Karim\",\"email\":\"user@gmail.com\",\"phone\":\"123-343-4445\",\"address\":\"Notun bazar,Gulshan-Dhaka,1111\"}', 'Stripe', 1, 1, NULL, '2024-12-07 11:06:18', '2024-12-07 11:06:18'),
(7, 2, '173357041825970', 260.00000000, 120.00000000, 380.00000000, 3, '{\"name\":\"Mahe Karim\",\"email\":\"user@gmail.com\",\"phone\":\"123-343-4445\",\"address\":\"Notun bazar,Gulshan-Dhaka,1111\"}', 'Paypal', 1, 1, '1WP29547GL097014R', '2024-12-07 11:20:18', '2024-12-07 11:20:18'),
(8, 2, '173357194054775', 260.00000000, 120.00000000, 380.00000000, 3, '{\"name\":\"Mahe Karim\",\"email\":\"user@gmail.com\",\"phone\":\"123-343-4445\",\"address\":\"Notun bazar,Gulshan-Dhaka,1111\"}', 'Razorpay', 1, 1, NULL, '2024-12-07 11:45:40', '2024-12-07 11:45:40'),
(9, 2, '173357459872568', 260.00000000, 60.00000000, 320.00000000, 2, '{\"name\":\"Mahe Karim\",\"email\":\"user@gmail.com\",\"phone\":\"123-343-4445\",\"address\":\"Notun bazar,Gulshan-Dhaka,1111\"}', 'Mollie', 1, 1, NULL, '2024-12-07 12:29:58', '2024-12-07 12:29:58'),
(10, 2, '173363209988205', 395.00000000, 60.00000000, 455.00000000, 2, '{\"name\":\"Mahe Karim\",\"email\":\"user@gmail.com\",\"phone\":\"123-343-4445\",\"address\":\"Notun bazar,Gulshan-Dhaka,1111\"}', 'Bank_Payment', 0, 1, 'payment done', '2024-12-08 04:28:19', '2024-12-08 04:28:19'),
(11, 2, '173363325538919', 135.00000000, 60.00000000, 195.00000000, 2, '{\"name\":\"Mahe Karim\",\"email\":\"user@gmail.com\",\"phone\":\"123-343-4445\",\"address\":\"Notun bazar,Gulshan-Dhaka,1111\"}', 'Mollie', 1, 1, NULL, '2024-12-08 04:47:35', '2024-12-08 04:47:35'),
(12, 2, '173363449789304', 135.00000000, 60.00000000, 195.00000000, 2, '{\"name\":\"Mahe Karim\",\"email\":\"user@gmail.com\",\"phone\":\"123-343-4445\",\"address\":\"Notun bazar,Gulshan-Dhaka,1111\"}', 'Paystack', 1, 1, NULL, '2024-12-08 05:08:17', '2024-12-08 05:08:17'),
(13, 2, '173363461233826', 260.00000000, 60.00000000, 320.00000000, 2, '{\"name\":\"Mahe Karim\",\"email\":\"user@gmail.com\",\"phone\":\"123-343-4445\",\"address\":\"Notun bazar,Gulshan-Dhaka,1111\"}', 'Razorpay', 1, 1, NULL, '2024-12-08 05:10:12', '2024-12-08 05:10:12'),
(14, 2, '173363476589471', 260.00000000, 60.00000000, 320.00000000, 2, '{\"name\":\"Mahe Karim\",\"email\":\"user@gmail.com\",\"phone\":\"123-343-4445\",\"address\":\"Notun bazar,Gulshan-Dhaka,1111\"}', 'Razorpay', 1, 1, NULL, '2024-12-08 05:12:45', '2024-12-08 05:12:45'),
(15, 2, '173363481362854', 260.00000000, 60.00000000, 320.00000000, 2, '{\"name\":\"Mahe Karim\",\"email\":\"user@gmail.com\",\"phone\":\"123-343-4445\",\"address\":\"Notun bazar,Gulshan-Dhaka,1111\"}', 'Paypal', 1, 1, '03Y40083S9877703A', '2024-12-08 05:13:33', '2024-12-08 05:13:33'),
(16, 2, '173363487051600', 520.00000000, 60.00000000, 580.00000000, 2, '{\"name\":\"Mahe Karim\",\"email\":\"user@gmail.com\",\"phone\":\"123-343-4445\",\"address\":\"Notun bazar,Gulshan-Dhaka,1111\"}', 'Stripe', 1, 1, NULL, '2024-12-08 05:14:30', '2024-12-08 05:51:36'),
(17, 2, '173363754515669', 1843.00000000, 60.00000000, 1903.00000000, 2, '{\"name\":\"Mahe\",\"email\":\"user@gmail.com\",\"phone\":\"123-343-4445\",\"address\":\"Notun bazar,Gulshan-Dhaka,1111\"}', 'Paypal', 1, 1, '05A02208DU166970X', '2024-12-08 05:59:05', '2024-12-08 05:59:05'),
(18, 2, '174900782606379', 1219.00000000, 0.00000000, 1219.00000000, 1, '{\"name\":\"Mahe\",\"email\":\"user@gmail.com\",\"phone\":\"123-343-4445\",\"address\":\"Dinajpur\"}', 'Mollie', 1, 1, NULL, '2025-06-04 03:30:26', '2025-06-04 03:30:26'),
(19, 2, '174900827177054', 260.00000000, 0.00000000, 260.00000000, 1, '{\"name\":\"Sohel\",\"email\":\"sohel@gmail.com\",\"phone\":\"123-343-4448\",\"address\":\"Dinajpur\"}', 'Mollie', 1, 1, NULL, '2025-06-04 03:37:51', '2025-06-04 03:37:51');

-- --------------------------------------------------------

--
-- Table structure for table `order_details`
--

CREATE TABLE `order_details` (
  `id` bigint UNSIGNED NOT NULL,
  `order_id` int NOT NULL,
  `product_id` int NOT NULL,
  `quantity` int NOT NULL,
  `price` decimal(28,8) NOT NULL,
  `created_at` timestamp NULL DEFAULT NULL,
  `updated_at` timestamp NULL DEFAULT NULL
) ENGINE=InnoDB DEFAULT CHARSET=utf8mb4 COLLATE=utf8mb4_unicode_ci;

--
-- Dumping data for table `order_details`
--

INSERT INTO `order_details` (`id`, `order_id`, `product_id`, `quantity`, `price`, `created_at`, `updated_at`) VALUES
(1, 1, 17, 1, 260.00000000, '2024-12-07 08:28:47', '2024-12-07 08:28:47'),
(2, 2, 17, 1, 260.00000000, '2024-12-07 08:29:49', '2024-12-07 08:29:49'),
(3, 3, 16, 1, 135.00000000, '2024-12-07 08:33:07', '2024-12-07 08:33:07'),
(4, 3, 15, 1, 50.00000000, '2024-12-07 08:33:07', '2024-12-07 08:33:07'),
(5, 4, 17, 1, 260.00000000, '2024-12-07 08:39:17', '2024-12-07 08:39:17'),
(6, 5, 16, 1, 135.00000000, '2024-12-07 08:55:20', '2024-12-07 08:55:20'),
(7, 6, 16, 1, 135.00000000, '2024-12-07 11:06:18', '2024-12-07 11:06:18'),
(8, 7, 17, 1, 260.00000000, '2024-12-07 11:20:18', '2024-12-07 11:20:18'),
(9, 8, 17, 1, 260.00000000, '2024-12-07 11:45:40', '2024-12-07 11:45:40'),
(10, 9, 17, 1, 260.00000000, '2024-12-07 12:29:58', '2024-12-07 12:29:58'),
(11, 10, 17, 1, 260.00000000, '2024-12-08 04:28:19', '2024-12-08 04:28:19'),
(12, 10, 16, 1, 135.00000000, '2024-12-08 04:28:19', '2024-12-08 04:28:19'),
(13, 11, 16, 1, 135.00000000, '2024-12-08 04:47:35', '2024-12-08 04:47:35'),
(14, 12, 16, 1, 135.00000000, '2024-12-08 05:08:17', '2024-12-08 05:08:17'),
(15, 13, 17, 1, 260.00000000, '2024-12-08 05:10:12', '2024-12-08 05:10:12'),
(16, 14, 17, 1, 260.00000000, '2024-12-08 05:12:45', '2024-12-08 05:12:45'),
(17, 15, 17, 1, 260.00000000, '2024-12-08 05:13:33', '2024-12-08 05:13:33'),
(18, 16, 17, 2, 520.00000000, '2024-12-08 05:14:30', '2024-12-08 05:14:30'),
(19, 17, 17, 2, 520.00000000, '2024-12-08 05:59:05', '2024-12-08 05:59:05'),
(20, 17, 16, 1, 135.00000000, '2024-12-08 05:59:05', '2024-12-08 05:59:05'),
(21, 17, 15, 1, 50.00000000, '2024-12-08 05:59:05', '2024-12-08 05:59:05'),
(22, 17, 14, 1, 99.00000000, '2024-12-08 05:59:05', '2024-12-08 05:59:05'),
(23, 17, 13, 1, 160.00000000, '2024-12-08 05:59:05', '2024-12-08 05:59:05'),
(24, 17, 12, 1, 200.00000000, '2024-12-08 05:59:05', '2024-12-08 05:59:05'),
(25, 17, 11, 1, 192.00000000, '2024-12-08 05:59:05', '2024-12-08 05:59:05'),
(26, 17, 10, 1, 95.00000000, '2024-12-08 05:59:05', '2024-12-08 05:59:05'),
(27, 17, 9, 1, 145.50000000, '2024-12-08 05:59:05', '2024-12-08 05:59:05'),
(28, 17, 8, 1, 98.00000000, '2024-12-08 05:59:05', '2024-12-08 05:59:05'),
(29, 17, 7, 1, 48.50000000, '2024-12-08 05:59:05', '2024-12-08 05:59:05'),
(30, 17, 6, 1, 100.00000000, '2024-12-08 05:59:05', '2024-12-08 05:59:05'),
(31, 18, 16, 3, 405.00000000, '2025-06-04 03:30:26', '2025-06-04 03:30:26'),
(32, 18, 8, 2, 196.00000000, '2025-06-04 03:30:26', '2025-06-04 03:30:26'),
(33, 18, 17, 1, 260.00000000, '2025-06-04 03:30:26', '2025-06-04 03:30:26'),
(34, 18, 8, 1, 98.00000000, '2025-06-04 03:30:26', '2025-06-04 03:30:26'),
(35, 18, 17, 1, 260.00000000, '2025-06-04 03:30:26', '2025-06-04 03:30:26'),
(36, 19, 17, 1, 260.00000000, '2025-06-04 03:37:51', '2025-06-04 03:37:51');

-- --------------------------------------------------------

--
-- Table structure for table `password_reset_tokens`
--

CREATE TABLE `password_reset_tokens` (
  `email` varchar(255) COLLATE utf8mb4_unicode_ci NOT NULL,
  `token` varchar(255) COLLATE utf8mb4_unicode_ci NOT NULL,
  `created_at` timestamp NULL DEFAULT NULL
) ENGINE=InnoDB DEFAULT CHARSET=utf8mb4 COLLATE=utf8mb4_unicode_ci;

-- --------------------------------------------------------

--
-- Table structure for table `personal_access_tokens`
--

CREATE TABLE `personal_access_tokens` (
  `id` bigint UNSIGNED NOT NULL,
  `tokenable_type` varchar(255) COLLATE utf8mb4_unicode_ci NOT NULL,
  `tokenable_id` bigint UNSIGNED NOT NULL,
  `name` varchar(255) COLLATE utf8mb4_unicode_ci NOT NULL,
  `token` varchar(64) COLLATE utf8mb4_unicode_ci NOT NULL,
  `abilities` text COLLATE utf8mb4_unicode_ci,
  `last_used_at` timestamp NULL DEFAULT NULL,
  `expires_at` timestamp NULL DEFAULT NULL,
  `created_at` timestamp NULL DEFAULT NULL,
  `updated_at` timestamp NULL DEFAULT NULL
) ENGINE=InnoDB DEFAULT CHARSET=utf8mb4 COLLATE=utf8mb4_unicode_ci;

-- --------------------------------------------------------

--
-- Table structure for table `privacy_policies`
--

CREATE TABLE `privacy_policies` (
  `id` bigint UNSIGNED NOT NULL,
  `lang_code` varchar(255) COLLATE utf8mb4_unicode_ci NOT NULL,
  `description` longtext COLLATE utf8mb4_unicode_ci NOT NULL,
  `created_at` timestamp NULL DEFAULT NULL,
  `updated_at` timestamp NULL DEFAULT NULL
) ENGINE=InnoDB DEFAULT CHARSET=utf8mb4 COLLATE=utf8mb4_unicode_ci;

--
-- Dumping data for table `privacy_policies`
--

INSERT INTO `privacy_policies` (`id`, `lang_code`, `description`, `created_at`, `updated_at`) VALUES
(1, 'en', '<h3>01.Introduction</h3>\r\n<p>A Privacy Policy is a legal document that informs users about the data collected, how it\'s used, and how it\'s protected. It typically includes information about the type of personal our ainformation collected (such as names, email addresses, etc.), the purpose of collection, and whether the information is shared with third parties. It outlines the rights of users regarding their data, such as the right to access, correct, or delete their information.</p>\r\n<h3>02.Aadfirst Terms of Service (Terms and Conditions)</h3>\r\n<p>A Privacy Policy is a legal document that informs users about the data collected, how it\'s used, and how it\'s protected. It typically includes information about the type of personal our ainformation collected (such as names, email addresses, etc.), the purpose of collection, and whether the information is shared with third parties. It outlines the rights of users regarding their data, such as the right to access, correct, or delete their information.</p>\r\n<h3>3. Protect Your Property</h3>\r\n<p>Lorem Ipsum is simply dummy text of the printing and typesetting industry. Lorem Ipsum has been the industry\'s standard dummy text ever since the 1500s, when an unknown as printer took a galley of type and scrambled it to make a type specimen book. It has survived not only five centuriezcs but also the on leap into as eylectronic typesetting, remaining as essentially unchanged. It wasn&rsquo;t popularised in the 1960s with the release of Letraszvxet sheets containing Lorem Ipsum our spassages, andei more recently with a desktop publishing software like Aldus PageMaker including versions of Lorem Ipsum to make a type specimen book. five centuries but also a the on leap into electronic typesetting, remaining essentially unchanged. It aswasn&rsquo;t popularised in the 1960s with the release of Letraset sheets containing Lorem Ipsum passages, andei more recently with desktop our aspublishing software like Aldus PageMaker including versions of Lorem Ipsum to make a type specimen book.</p>\r\n<h3>4. What to Include in Terms and Conditions for Limitations of Liability</h3>\r\n<p>Lorem Ipsum is simply dummy text of the printing and typesetting industry. Lorem Ipsum has been the industry\'s standard dummy text ever since the as1500s, when an unknown printer took a galley of type and scrambled it to make a type specimen book. It has survived not only five as centuries but also the on leap into as electronic ki typesetting, remaining essentially unchanged. It wasn&rsquo;t popularised in the 1960s with the release of as Leitraset sheets containing Loriem Ipsum passages, our andei more recently with desktop publishing software like Aldus PageMaker including versions of Lorem Ipsum to make a type specimen book.<br><br>five centuries but also the on leap into electronic typesetting, remaining essentially unchanged. It wasn&rsquo;t popularised in the 1960s with the release of Letraset as sheets containing Lorem Ipsum passages, andei more recently with desktop publishing software like Aldus PageMaker our as including versions of Loriem Ipsum to make a type our as specimen book. It wasn&rsquo;t popularised in the 1960s with the release of Letraset sheets as containing Lorem Ipsum passages, andei more recently with a desktop publishing software like Aldus PageMaker including versions of Loremas Ipsum to make a type specimen book.</p>\r\n<h3>05.Pricing and Payment Terms</h3>\r\n<p>Lorem Ipsum is simply dummy text of the printing and typesetting industry. Lorem Ipsum has been the industry\'s standard dummy text ever since the as 1500s, when an unknown printer took a galley of type and scrambled it to make a type specimen book. It has survived not only five as centuries but also as the on leap into electronic as typesetting, remaining essentially unchanged. It wasn&rsquo;t popularised in the 1960s with the release as of Letraset sheets containing Lorem Ipsum our spassages, andei more recently with desktop publishing software like Aldus PageMaker including versions of Lorem Ipsum to make a type specimen book.<br><br>five centuries but also the on leap into electronic typesetting, remaining essentially unchanged. It wasn&rsquo;t popularised in the 1960s with the release of Letraset sheets containing Lorem Ipsum passages, andei more recently with desktop publishing software like Aldus PageMaker our as including versions of Lorem aIpsum to make a type specimen our as book. It wasn&rsquo;t popularised in the 1960s with the release of Letraset sheetsasd containing Lorem Ipsum passages, andei more recentlysl with desktop publishing software like Aldus PageMaker including versions of Loremadfsfds Ipsum to make a type specimen book.<br><br>It has survived not only five centuries but also the on leap into electronic typesetting, remaining essentially unchanged. It wasn&rsquo;t popularised in the our 1960s with the release of Letraset sheets containing Lorem Ipsum passages, andei more recently with desktop publishing asou software like Aldus PageMaker including versions of Lorem Ipsum to make a type specimen book.</p>', NULL, '2024-04-04 21:14:39'),
(40, 'hd', '<h3>01.परिचय</h3>\r\n<p>गोपनीयता नीति एक कानूनी दस्तावेज़ है जो उपयोगकर्ताओं को एकत्र किए गए डेटा, इसका उपयोग कैसे किया जाता है और इसे कैसे संरक्षित किया जाता है, के बारे में सूचित करता है। इसमें आम तौर पर हमारे द्वारा एकत्र की गई व्यक्तिगत जानकारी के प्रकार (जैसे नाम, ईमेल पते, आदि), संग्रह का उद्देश्य, और क्या जानकारी तीसरे पक्ष के साथ साझा की गई है, के बारे में जानकारी शामिल है। यह अपने डेटा के संबंध में उपयोगकर्ताओं के अधिकारों को रेखांकित करता है, जैसे कि उनकी जानकारी तक पहुंचने, सही करने या हटाने का अधिकार।</p>\r\n<h3>02.AadFirst Terms of Service (Terms and Conditions)</h3>\r\n<p>A Privacy Policy is a legal document that informs users about the data collected, how it\'s used, and how it\'s protected. It typically includes information about the type of personal our ainformation collected (such as names, email addresses, etc.), the purpose of collection, and whether the information is shared with third parties. It outlines the rights of users regarding their data, such as the right to access, correct, or delete their information.</p>\r\n<h3>Features</h3>\r\n<ul>\r\n<li>Auxiliary heating</li>\r\n<li>CD player</li>\r\n<li>Bluetooth</li>\r\n<li>Central locking</li>\r\n<li>Head-up display</li>\r\n<li>MP3 interface</li>\r\n<li>Navigation system</li>\r\n<li>Panoramic roof</li>\r\n<li>Alloy wheels</li>\r\n<li>Electric side mirror</li>\r\n<li>Sports package</li>\r\n<li>Sports suspension</li>\r\n<li>Power Steering</li>\r\n<li>MP3 interface</li>\r\n<li>Navigation system</li>\r\n<li>Parking sensors</li>\r\n</ul>\r\n<h3>3. Protect Your Property</h3>\r\n<p>Lorem Ipsum is simply dummy text of the printing and typesetting industry. Lorem Ipsum has been the industry\'s standard dummy text ever since the 1500s, when an unknown as printer took a galley of type and scrambled it to make a type specimen book. It has survived not only five centuriezcs but also the on leap into as eylectronic typesetting, remaining as essentially unchanged. It wasn&rsquo;t popularised in the 1960s with the release of Letraszvxet sheets containing Lorem Ipsum our spassages, andei more recently with a desktop publishing software like Aldus PageMaker including versions of Lorem Ipsum to make a type specimen book. five centuries but also a the on leap into electronic typesetting, remaining essentially unchanged. It aswasn&rsquo;t popularised in the 1960s with the release of Letraset sheets containing Lorem Ipsum passages, andei more recently with desktop our aspublishing software like Aldus PageMaker including versions of Lorem Ipsum to make a type specimen book.</p>\r\n<h3>4. What to Include in Terms and Conditions for Limitations of Liability</h3>\r\n<p>Lorem Ipsum is simply dummy text of the printing and typesetting industry. Lorem Ipsum has been the industry\'s standard dummy text ever since the as1500s, when an unknown printer took a galley of type and scrambled it to make a type specimen book. It has survived not only five as centuries but also the on leap into as electronic ki typesetting, remaining essentially unchanged. It wasn&rsquo;t popularised in the 1960s with the release of as Leitraset sheets containing Loriem Ipsum passages, our andei more recently with desktop publishing software like Aldus PageMaker including versions of Lorem Ipsum to make a type specimen book.<br><br>five centuries but also the on leap into electronic typesetting, remaining essentially unchanged. It wasn&rsquo;t popularised in the 1960s with the release of Letraset as sheets containing Lorem Ipsum passages, andei more recently with desktop publishing software like Aldus PageMaker our as including versions of Loriem Ipsum to make a type our as specimen book. It wasn&rsquo;t popularised in the 1960s with the release of Letraset sheets as containing Lorem Ipsum passages, andei more recently with a desktop publishing software like Aldus PageMaker including versions of Loremas Ipsum to make a type specimen book.</p>\r\n<h3>05.Pricing and Payment Terms</h3>\r\n<p>Lorem Ipsum is simply dummy text of the printing and typesetting industry. Lorem Ipsum has been the industry\'s standard dummy text ever since the as 1500s, when an unknown printer took a galley of type and scrambled it to make a type specimen book. It has survived not only five as centuries but also as the on leap into electronic as typesetting, remaining essentially unchanged. It wasn&rsquo;t popularised in the 1960s with the release as of Letraset sheets containing Lorem Ipsum our spassages, andei more recently with desktop publishing software like Aldus PageMaker including versions of Lorem Ipsum to make a type specimen book.<br><br>five centuries but also the on leap into electronic typesetting, remaining essentially unchanged. It wasn&rsquo;t popularised in the 1960s with the release of Letraset sheets containing Lorem Ipsum passages, andei more recently with desktop publishing software like Aldus PageMaker our as including versions of Lorem aIpsum to make a type specimen our as book. It wasn&rsquo;t popularised in the 1960s with the release of Letraset sheetsasd containing Lorem Ipsum passages, andei more recentlysl with desktop publishing software like Aldus PageMaker including versions of Loremadfsfds Ipsum to make a type specimen book.<br><br>It has survived not only five centuries but also the on leap into electronic typesetting, remaining essentially unchanged. It wasn&rsquo;t popularised in the our 1960s with the release of Letraset sheets containing Lorem Ipsum passages, andei more recently with desktop publishing asou software like Aldus PageMaker including versions of Lorem Ipsum to make a type specimen book.</p>', '2024-03-28 00:47:40', '2024-03-28 00:52:05'),
(44, 'bn', '<h3>01.Introduction</h3>\r\n<p>A Privacy Policy is a legal document that informs users about the data collected, how it\'s used, and how it\'s protected. It typically includes information about the type of personal our ainformation collected (such as names, email addresses, etc.), the purpose of collection, and whether the information is shared with third parties. It outlines the rights of users regarding their data, such as the right to access, correct, or delete their information.</p>\r\n<h3>02.Aadfirst Terms of Service (Terms and Conditions)</h3>\r\n<p>A Privacy Policy is a legal document that informs users about the data collected, how it\'s used, and how it\'s protected. It typically includes information about the type of personal our ainformation collected (such as names, email addresses, etc.), the purpose of collection, and whether the information is shared with third parties. It outlines the rights of users regarding their data, such as the right to access, correct, or delete their information.</p>\r\n<h3>3. Protect Your Property</h3>\r\n<p>Lorem Ipsum is simply dummy text of the printing and typesetting industry. Lorem Ipsum has been the industry\'s standard dummy text ever since the 1500s, when an unknown as printer took a galley of type and scrambled it to make a type specimen book. It has survived not only five centuriezcs but also the on leap into as eylectronic typesetting, remaining as essentially unchanged. It wasn&rsquo;t popularised in the 1960s with the release of Letraszvxet sheets containing Lorem Ipsum our spassages, andei more recently with a desktop publishing software like Aldus PageMaker including versions of Lorem Ipsum to make a type specimen book. five centuries but also a the on leap into electronic typesetting, remaining essentially unchanged. It aswasn&rsquo;t popularised in the 1960s with the release of Letraset sheets containing Lorem Ipsum passages, andei more recently with desktop our aspublishing software like Aldus PageMaker including versions of Lorem Ipsum to make a type specimen book.</p>\r\n<h3>4. What to Include in Terms and Conditions for Limitations of Liability</h3>\r\n<p>Lorem Ipsum is simply dummy text of the printing and typesetting industry. Lorem Ipsum has been the industry\'s standard dummy text ever since the as1500s, when an unknown printer took a galley of type and scrambled it to make a type specimen book. It has survived not only five as centuries but also the on leap into as electronic ki typesetting, remaining essentially unchanged. It wasn&rsquo;t popularised in the 1960s with the release of as Leitraset sheets containing Loriem Ipsum passages, our andei more recently with desktop publishing software like Aldus PageMaker including versions of Lorem Ipsum to make a type specimen book.<br><br>five centuries but also the on leap into electronic typesetting, remaining essentially unchanged. It wasn&rsquo;t popularised in the 1960s with the release of Letraset as sheets containing Lorem Ipsum passages, andei more recently with desktop publishing software like Aldus PageMaker our as including versions of Loriem Ipsum to make a type our as specimen book. It wasn&rsquo;t popularised in the 1960s with the release of Letraset sheets as containing Lorem Ipsum passages, andei more recently with a desktop publishing software like Aldus PageMaker including versions of Loremas Ipsum to make a type specimen book.</p>\r\n<h3>05.Pricing and Payment Terms</h3>\r\n<p>Lorem Ipsum is simply dummy text of the printing and typesetting industry. Lorem Ipsum has been the industry\'s standard dummy text ever since the as 1500s, when an unknown printer took a galley of type and scrambled it to make a type specimen book. It has survived not only five as centuries but also as the on leap into electronic as typesetting, remaining essentially unchanged. It wasn&rsquo;t popularised in the 1960s with the release as of Letraset sheets containing Lorem Ipsum our spassages, andei more recently with desktop publishing software like Aldus PageMaker including versions of Lorem Ipsum to make a type specimen book.<br><br>five centuries but also the on leap into electronic typesetting, remaining essentially unchanged. It wasn&rsquo;t popularised in the 1960s with the release of Letraset sheets containing Lorem Ipsum passages, andei more recently with desktop publishing software like Aldus PageMaker our as including versions of Lorem aIpsum to make a type specimen our as book. It wasn&rsquo;t popularised in the 1960s with the release of Letraset sheetsasd containing Lorem Ipsum passages, andei more recentlysl with desktop publishing software like Aldus PageMaker including versions of Loremadfsfds Ipsum to make a type specimen book.<br><br>It has survived not only five centuries but also the on leap into electronic typesetting, remaining essentially unchanged. It wasn&rsquo;t popularised in the our 1960s with the release of Letraset sheets containing Lorem Ipsum passages, andei more recently with desktop publishing asou software like Aldus PageMaker including versions of Lorem Ipsum to make a type specimen book.</p>', '2024-12-08 08:01:04', '2024-12-08 08:01:04');

-- --------------------------------------------------------

--
-- Table structure for table `products`
--

CREATE TABLE `products` (
  `id` bigint UNSIGNED NOT NULL,
  `category_id` int NOT NULL DEFAULT '4',
  `sub_category_id` int NOT NULL,
  `child_category_id` int DEFAULT NULL,
  `name` varchar(255) COLLATE utf8mb4_unicode_ci NOT NULL,
  `slug` varchar(255) COLLATE utf8mb4_unicode_ci NOT NULL,
  `price` decimal(8,2) NOT NULL,
  `offer_price` decimal(8,2) DEFAULT NULL,
  `small_description` mediumtext COLLATE utf8mb4_unicode_ci NOT NULL,
  `thumbnail_image` varchar(255) COLLATE utf8mb4_unicode_ci NOT NULL,
  `sku` varchar(255) COLLATE utf8mb4_unicode_ci NOT NULL,
  `description` text COLLATE utf8mb4_unicode_ci NOT NULL,
  `is_trending` tinyint NOT NULL DEFAULT '0',
  `status` tinyint NOT NULL DEFAULT '1',
  `created_at` timestamp NULL DEFAULT NULL,
  `updated_at` timestamp NULL DEFAULT NULL
) ENGINE=InnoDB DEFAULT CHARSET=utf8mb4 COLLATE=utf8mb4_unicode_ci;

--
-- Dumping data for table `products`
--

INSERT INTO `products` (`id`, `category_id`, `sub_category_id`, `child_category_id`, `name`, `slug`, `price`, `offer_price`, `small_description`, `thumbnail_image`, `sku`, `description`, `is_trending`, `status`, `created_at`, `updated_at`) VALUES
(5, 4, 27, NULL, 'Blossom Charm Dress', 'blossom-charm-dress', 10.00, 2.00, 'It is a long established fact that a reader will be distracted by the readable there content of a page when looking at its layout into the find to make it amazing to end.', 'uploads/custom-images/listing-2024-12-05-12-39-20-6232.webp', 'M-Express-01', '<p>t is a long established fact that a reader will be distracted by the readable content of a page when looking at its layout. The point of using Lorem Ipsum is that it has a more-or-less normal distribution of letters, as opposed to using \'Content here, content here\', making it look like readable English. Many desktop publishing packages and web page editors now use Lorem Ipsum as their default model text, and a search for \'lorem ipsum\' will uncover many web sites still in their infancy.&nbsp;</p>\r\n<p>t is a long established fact that a reader will be distracted by the readable content of a page when looking at its layout. The point of using Lorem Ipsum is that it has a more-or-less normal distribution of letters, as opposed to using \'Content here, content here\',</p>\r\n<p>t is a long established fact that a reader will be distracted by the readable content of a page when looking at its layout. The point of using Lorem Ipsum is that it has a more-or-less normal distribution of letters, as opposed to using \'Content here, content here\', making it look like readable English. Many desktop publishing packages and web page editors now use Lorem Ipsum as their default model text, and a search for \'lorem ipsum\' will uncover many web sites still in their infancy.&nbsp;</p>', 1, 1, '2024-12-05 06:39:20', '2024-12-05 06:43:42'),
(6, 4, 28, NULL, 'Darling Petal Frock', 'darling-petal-frock', 100.00, 0.00, 'It is a long established fact that a reader will be distracted by the readable there content of a page when looking at its layout into the find to make it amazing to end.', 'uploads/custom-images/listing-2024-12-05-12-46-16-6229.webp', 'M-Express-02', '<p>t is a long established fact that a reader will be distracted by the readable content of a page when looking at its layout. The point of using Lorem Ipsum is that it has a more-or-less normal distribution of letters, as opposed to using \'Content here, content here\', making it look like readable English. Many desktop publishing packages and web page editors now use Lorem Ipsum as their default model text, and a search for \'lorem ipsum\' will uncover many web sites still in their infancy.&nbsp;</p>\r\n<p>t is a long established fact that a reader will be distracted by the readable content of a page when looking at its layout. The point of using Lorem Ipsum is that it has a more-or-less normal distribution of letters, as opposed to using \'Content here, content here\',</p>\r\n<p>t is a long established fact that a reader will be distracted by the readable content of a page when looking at its layout. The point of using Lorem Ipsum is that it has a more-or-less normal distribution of letters, as opposed to using \'Content here, content here\', making it look like readable English. Many desktop publishing packages and web page editors now use Lorem Ipsum as their default model text, and a search for \'lorem ipsum\' will uncover many web sites still in their infancy.&nbsp;</p>', 1, 1, '2024-12-05 06:46:17', '2024-12-05 06:46:17'),
(7, 4, 28, NULL, 'Rainbow Sequin Dress', 'rainbow-sequin-dress', 50.00, 3.00, 'It is a long established fact that a reader will be distracted by the readable there content of a page when looking at its layout into the find to make it amazing to end.', 'uploads/custom-images/listing-2024-12-05-12-48-06-7668.webp', 'M-Express-03', '<p>t is a long established fact that a reader will be distracted by the readable content of a page when looking at its layout. The point of using Lorem Ipsum is that it has a more-or-less normal distribution of letters, as opposed to using \'Content here, content here\', making it look like readable English. Many desktop publishing packages and web page editors now use Lorem Ipsum as their default model text, and a search for \'lorem ipsum\' will uncover many web sites still in their infancy.&nbsp;</p>\r\n<p>t is a long established fact that a reader will be distracted by the readable content of a page when looking at its layout. The point of using Lorem Ipsum is that it has a more-or-less normal distribution of letters, as opposed to using \'Content here, content here\',</p>\r\n<p>t is a long established fact that a reader will be distracted by the readable content of a page when looking at its layout. The point of using Lorem Ipsum is that it has a more-or-less normal distribution of letters, as opposed to using \'Content here, content here\', making it look like readable English. Many desktop publishing packages and web page editors now use Lorem Ipsum as their default model text, and a search for \'lorem ipsum\' will uncover many web sites still in their infancy.&nbsp;</p>', 1, 1, '2024-12-05 06:48:07', '2024-12-05 06:48:07'),
(8, 4, 28, NULL, 'Sparkling Dreams Dress', 'sparkling-dreams-dress', 100.00, 2.00, 'It is a long established fact that a reader will be distracted by the readable there content of a page when looking at its layout into the find to make it amazing to end.', 'uploads/custom-images/listing-2024-12-05-12-50-07-7487.webp', 'M-Express-04', '<p>t is a long established fact that a reader will be distracted by the readable content of a page when looking at its layout. The point of using Lorem Ipsum is that it has a more-or-less normal distribution of letters, as opposed to using \'Content here, content here\', making it look like readable English. Many desktop publishing packages and web page editors now use Lorem Ipsum as their default model text, and a search for \'lorem ipsum\' will uncover many web sites still in their infancy.&nbsp;</p>\r\n<p>t is a long established fact that a reader will be distracted by the readable content of a page when looking at its layout. The point of using Lorem Ipsum is that it has a more-or-less normal distribution of letters, as opposed to using \'Content here, content here\',</p>\r\n<p>t is a long established fact that a reader will be distracted by the readable content of a page when looking at its layout. The point of using Lorem Ipsum is that it has a more-or-less normal distribution of letters, as opposed to using \'Content here, content here\', making it look like readable English. Many desktop publishing packages and web page editors now use Lorem Ipsum as their default model text, and a search for \'lorem ipsum\' will uncover many web sites still in their infancy.&nbsp;</p>', 1, 1, '2024-12-05 06:50:08', '2024-12-05 06:50:08'),
(9, 4, 25, NULL, 'Starry Night Glam', 'starry-night-glam', 150.00, 3.00, 'It is a long established fact that a reader will be distracted by the readable there content of a page when looking at its layout into the find to make it amazing to end.', 'uploads/custom-images/listing-2024-12-05-12-51-31-4127.webp', 'M-Express-05', '<p>t is a long established fact that a reader will be distracted by the readable content of a page when looking at its layout. The point of using Lorem Ipsum is that it has a more-or-less normal distribution of letters, as opposed to using \'Content here, content here\', making it look like readable English. Many desktop publishing packages and web page editors now use Lorem Ipsum as their default model text, and a search for \'lorem ipsum\' will uncover many web sites still in their infancy.&nbsp;</p>\r\n<p>t is a long established fact that a reader will be distracted by the readable content of a page when looking at its layout. The point of using Lorem Ipsum is that it has a more-or-less normal distribution of letters, as opposed to using \'Content here, content here\',</p>\r\n<p>t is a long established fact that a reader will be distracted by the readable content of a page when looking at its layout. The point of using Lorem Ipsum is that it has a more-or-less normal distribution of letters, as opposed to using \'Content here, content here\', making it look like readable English. Many desktop publishing packages and web page editors now use Lorem Ipsum as their default model text, and a search for \'lorem ipsum\' will uncover many web sites still in their infancy.&nbsp;</p>', 1, 1, '2024-12-05 06:51:31', '2024-12-05 06:51:31'),
(10, 4, 31, NULL, 'Casual off-white ladies shoes', 'casual-offwhite-ladies-shoes', 100.00, 5.00, 'It is a long established fact that a reader will be distracted by the readable there content of a page when looking at its layout into the find to make it amazing to end.', 'uploads/custom-images/listing-2024-12-05-12-56-31-7100.webp', 'M-Express-06', '<p>t is a long established fact that a reader will be distracted by the readable content of a page when looking at its layout. The point of using Lorem Ipsum is that it has a more-or-less normal distribution of letters, as opposed to using \'Content here, content here\', making it look like readable English. Many desktop publishing packages and web page editors now use Lorem Ipsum as their default model text, and a search for \'lorem ipsum\' will uncover many web sites still in their infancy.&nbsp;</p>\r\n<p>t is a long established fact that a reader will be distracted by the readable content of a page when looking at its layout. The point of using Lorem Ipsum is that it has a more-or-less normal distribution of letters, as opposed to using \'Content here, content here\',</p>\r\n<p>t is a long established fact that a reader will be distracted by the readable content of a page when looking at its layout. The point of using Lorem Ipsum is that it has a more-or-less normal distribution of letters, as opposed to using \'Content here, content here\', making it look like readable English. Many desktop publishing packages and web page editors now use Lorem Ipsum as their default model text, and a search for \'lorem ipsum\' will uncover many web sites still in their infancy.&nbsp;</p>', 0, 1, '2024-12-05 06:56:31', '2024-12-05 06:56:31'),
(11, 4, 28, NULL, 'Maroon sweater for Men', 'maroon-sweater-for-men', 200.00, 4.00, 'It is a long established fact that a reader will be distracted by the readable there content of a page when looking at its layout into the find to make it amazing to end.', 'uploads/custom-images/listing-2024-12-05-12-58-18-4295.webp', 'M-Express-07', '<p>t is a long established fact that a reader will be distracted by the readable content of a page when looking at its layout. The point of using Lorem Ipsum is that it has a more-or-less normal distribution of letters, as opposed to using \'Content here, content here\', making it look like readable English. Many desktop publishing packages and web page editors now use Lorem Ipsum as their default model text, and a search for \'lorem ipsum\' will uncover many web sites still in their infancy.&nbsp;</p>\r\n<p>t is a long established fact that a reader will be distracted by the readable content of a page when looking at its layout. The point of using Lorem Ipsum is that it has a more-or-less normal distribution of letters, as opposed to using \'Content here, content here\',</p>\r\n<p>t is a long established fact that a reader will be distracted by the readable content of a page when looking at its layout. The point of using Lorem Ipsum is that it has a more-or-less normal distribution of letters, as opposed to using \'Content here, content here\', making it look like readable English. Many desktop publishing packages and web page editors now use Lorem Ipsum as their default model text, and a search for \'lorem ipsum\' will uncover many web sites still in their infancy.&nbsp;</p>', 0, 1, '2024-12-05 06:58:18', '2024-12-05 08:17:19'),
(12, 4, 28, NULL, 'Men’s black stylish half shirt', 'mens-black-stylish-half-shirt', 200.00, NULL, 'It is a long established fact that a reader will be distracted by the readable there content of a page when looking at its layout into the find to make it amazing to end.', 'uploads/custom-images/listing-2024-12-05-01-00-54-7433.webp', 'M-Express-08', '<p>t is a long established fact that a reader will be distracted by the readable content of a page when looking at its layout. The point of using Lorem Ipsum is that it has a more-or-less normal distribution of letters, as opposed to using \'Content here, content here\', making it look like readable English. Many desktop publishing packages and web page editors now use Lorem Ipsum as their default model text, and a search for \'lorem ipsum\' will uncover many web sites still in their infancy.&nbsp;</p>\r\n<p>t is a long established fact that a reader will be distracted by the readable content of a page when looking at its layout. The point of using Lorem Ipsum is that it has a more-or-less normal distribution of letters, as opposed to using \'Content here, content here\',</p>\r\n<p>t is a long established fact that a reader will be distracted by the readable content of a page when looking at its layout. The point of using Lorem Ipsum is that it has a more-or-less normal distribution of letters, as opposed to using \'Content here, content here\', making it look like readable English. Many desktop publishing packages and web page editors now use Lorem Ipsum as their default model text, and a search for \'lorem ipsum\' will uncover many web sites still in their infancy.&nbsp;</p>', 0, 1, '2024-12-05 07:00:54', '2024-12-05 07:00:54'),
(13, 4, 28, NULL, 'Silk blazer suit for men', 'silk-blazer-suit-for-men', 200.00, 20.00, 'It is a long established fact that a reader will be distracted by the readable there content of a page when looking at its layout into the find to make it amazing to end.', 'uploads/custom-images/listing-2024-12-05-01-03-55-2373.webp', 'M-Express-09', '<p>t is a long established fact that a reader will be distracted by the readable content of a page when looking at its layout. The point of using Lorem Ipsum is that it has a more-or-less normal distribution of letters, as opposed to using \'Content here, content here\', making it look like readable English. Many desktop publishing packages and web page editors now use Lorem Ipsum as their default model text, and a search for \'lorem ipsum\' will uncover many web sites still in their infancy.&nbsp;</p>\r\n<p>t is a long established fact that a reader will be distracted by the readable content of a page when looking at its layout. The point of using Lorem Ipsum is that it has a more-or-less normal distribution of letters, as opposed to using \'Content here, content here\',</p>\r\n<p>t is a long established fact that a reader will be distracted by the readable content of a page when looking at its layout. The point of using Lorem Ipsum is that it has a more-or-less normal distribution of letters, as opposed to using \'Content here, content here\', making it look like readable English. Many desktop publishing packages and web page editors now use Lorem Ipsum as their default model text, and a search for \'lorem ipsum\' will uncover many web sites still in their infancy.&nbsp;</p>', 0, 1, '2024-12-05 07:03:55', '2024-12-05 07:03:55'),
(14, 4, 25, NULL, 'Beautiful Blue Dress', 'beautiful-blue-dress', 100.00, 1.00, 'It is a long established fact that a reader will be distracted by the readable there content of a page when looking at its layout into the find to make it amazing to end.', 'uploads/custom-images/listing-2024-12-05-01-04-57-9612.webp', 'M-Express-10', '<p>t is a long established fact that a reader will be distracted by the readable content of a page when looking at its layout. The point of using Lorem Ipsum is that it has a more-or-less normal distribution of letters, as opposed to using \'Content here, content here\', making it look like readable English. Many desktop publishing packages and web page editors now use Lorem Ipsum as their default model text, and a search for \'lorem ipsum\' will uncover many web sites still in their infancy.&nbsp;</p>\r\n<p>t is a long established fact that a reader will be distracted by the readable content of a page when looking at its layout. The point of using Lorem Ipsum is that it has a more-or-less normal distribution of letters, as opposed to using \'Content here, content here\',</p>\r\n<p>t is a long established fact that a reader will be distracted by the readable content of a page when looking at its layout. The point of using Lorem Ipsum is that it has a more-or-less normal distribution of letters, as opposed to using \'Content here, content here\', making it look like readable English. Many desktop publishing packages and web page editors now use Lorem Ipsum as their default model text, and a search for \'lorem ipsum\' will uncover many web sites still in their infancy.&nbsp;</p>', 0, 1, '2024-12-05 07:04:57', '2024-12-05 08:16:56'),
(15, 4, 25, NULL, 'Maroon sweater for Men', 'maroon-sweater-for-men1', 50.00, NULL, 'It is a long established fact that a reader will be distracted by the readable there content of a page when looking at its layout into the find to make it amazing to end.', 'uploads/custom-images/listing-2024-12-05-01-16-28-7894.webp', 'M-Express-11', '<p>t is a long established fact that a reader will be distracted by the readable content of a page when looking at its layout. The point of using Lorem Ipsum is that it has a more-or-less normal distribution of letters, as opposed to using \'Content here, content here\', making it look like readable English. Many desktop publishing packages and web page editors now use Lorem Ipsum as their default model text, and a search for \'lorem ipsum\' will uncover many web sites still in their infancy.&nbsp;</p>\r\n<p>t is a long established fact that a reader will be distracted by the readable content of a page when looking at its layout. The point of using Lorem Ipsum is that it has a more-or-less normal distribution of letters, as opposed to using \'Content here, content here\',</p>\r\n<p>t is a long established fact that a reader will be distracted by the readable content of a page when looking at its layout. The point of using Lorem Ipsum is that it has a more-or-less normal distribution of letters, as opposed to using \'Content here, content here\', making it look like readable English. Many desktop publishing packages and web page editors now use Lorem Ipsum as their default model text, and a search for \'lorem ipsum\' will uncover many web sites still in their infancy.&nbsp;</p>', 0, 1, '2024-12-05 07:16:28', '2024-12-05 08:14:11'),
(16, 4, 32, NULL, 'Leather shoe with shoelaces', 'leather-shoe-with-shoelaces1', 150.00, 10.00, 'It is a long established fact that a reader will be distracted by the readable there content of a page when looking at its layout into the find to make it amazing to end.', 'uploads/custom-images/listing-2024-12-05-01-17-35-8504.webp', 'M-Express-12', '<p>t is a long established fact that a reader will be distracted by the readable content of a page when looking at its layout. The point of using Lorem Ipsum is that it has a more-or-less normal distribution of letters, as opposed to using \'Content here, content here\', making it look like readable English. Many desktop publishing packages and web page editors now use Lorem Ipsum as their default model text, and a search for \'lorem ipsum\' will uncover many web sites still in their infancy.&nbsp;</p>\r\n<p>t is a long established fact that a reader will be distracted by the readable content of a page when looking at its layout. The point of using Lorem Ipsum is that it has a more-or-less normal distribution of letters, as opposed to using \'Content here, content here\',</p>\r\n<p>t is a long established fact that a reader will be distracted by the readable content of a page when looking at its layout. The point of using Lorem Ipsum is that it has a more-or-less normal distribution of letters, as opposed to using \'Content here, content here\', making it look like readable English. Many desktop publishing packages and web page editors now use Lorem Ipsum as their default model text, and a search for \'lorem ipsum\' will uncover many web sites still in their infancy.&nbsp;</p>', 0, 1, '2024-12-05 07:17:35', '2024-12-05 08:16:40'),
(17, 4, 30, NULL, 'Black leather backpack', 'black-leather-backpack-en', 400.00, 35.00, 'It is a long established fact that a reader will be distracted by the readable there content of a page when looking at its layout into the find to make it amazing to end.', 'uploads/custom-images/file-name-17427261488049.webp', 'M-Express-13', '<p>t is a long established fact that a reader will be distracted by the readable content of a page when looking at its layout. The point of using Lorem Ipsum is that it has a more-or-less normal distribution of letters, as opposed to using \'Content here, content here\', making it look like readable English. Many desktop publishing packages and web page editors now use Lorem Ipsum as their default model text, and a search for \'lorem ipsum\' will uncover many web sites still in their infancy.&nbsp;</p>\r\n<p>t is a long established fact that a reader will be distracted by the readable content of a page when looking at its layout. The point of using Lorem Ipsum is that it has a more-or-less normal distribution of letters, as opposed to using \'Content here, content here\',</p>\r\n<p>t is a long established fact that a reader will be distracted by the readable content of a page when looking at its layout. The point of using Lorem Ipsum is that it has a more-or-less normal distribution of letters, as opposed to using \'Content here, content here\', making it look like readable English. Many desktop publishing packages and web page editors now use Lorem Ipsum as their default model text, and a search for \'lorem ipsum\' will uncover many web sites still in their infancy.&nbsp;</p>', 1, 1, '2024-12-05 07:18:31', '2025-03-23 10:35:48');

-- --------------------------------------------------------

--
-- Table structure for table `product_galleries`
--

CREATE TABLE `product_galleries` (
  `id` bigint UNSIGNED NOT NULL,
  `product_id` int NOT NULL,
  `image` varchar(255) COLLATE utf8mb4_unicode_ci DEFAULT NULL,
  `created_at` timestamp NULL DEFAULT NULL,
  `updated_at` timestamp NULL DEFAULT NULL
) ENGINE=InnoDB DEFAULT CHARSET=utf8mb4 COLLATE=utf8mb4_unicode_ci;

--
-- Dumping data for table `product_galleries`
--

INSERT INTO `product_galleries` (`id`, `product_id`, `image`, `created_at`, `updated_at`) VALUES
(17, 17, 'uploads/custom-images/listing-2024-12-05-03-05-56-8423.webp', '2024-12-05 09:05:56', '2024-12-05 09:05:56'),
(18, 17, 'uploads/custom-images/listing-2024-12-05-03-05-56-2287.webp', '2024-12-05 09:05:56', '2024-12-05 09:05:56'),
(19, 17, 'uploads/custom-images/listing-2024-12-05-03-05-56-6110.webp', '2024-12-05 09:05:56', '2024-12-05 09:05:56'),
(20, 17, 'uploads/custom-images/listing-2024-12-05-03-05-56-5348.webp', '2024-12-05 09:05:56', '2024-12-05 09:05:56'),
(21, 17, 'uploads/custom-images/listing-2024-12-05-03-05-56-2837.webp', '2024-12-05 09:05:56', '2024-12-05 09:05:56'),
(22, 16, 'uploads/custom-images/listing-2024-12-05-03-17-06-9902.webp', '2024-12-05 09:17:06', '2024-12-05 09:17:06'),
(23, 16, 'uploads/custom-images/listing-2024-12-05-03-17-06-1047.webp', '2024-12-05 09:17:06', '2024-12-05 09:17:06'),
(24, 16, 'uploads/custom-images/listing-2024-12-05-03-17-06-7924.webp', '2024-12-05 09:17:06', '2024-12-05 09:17:06'),
(25, 16, 'uploads/custom-images/listing-2024-12-05-03-17-06-1802.webp', '2024-12-05 09:17:06', '2024-12-05 09:17:06'),
(27, 16, 'uploads/custom-images/listing-2024-12-05-03-50-09-5597.webp', '2024-12-05 09:50:09', '2024-12-05 09:50:09');

-- --------------------------------------------------------

--
-- Table structure for table `product_reviews`
--

CREATE TABLE `product_reviews` (
  `id` bigint UNSIGNED NOT NULL,
  `user_id` bigint UNSIGNED NOT NULL,
  `product_id` int NOT NULL,
  `rating` int NOT NULL,
  `reviews` text COLLATE utf8mb4_unicode_ci,
  `created_at` timestamp NULL DEFAULT NULL,
  `updated_at` timestamp NULL DEFAULT NULL
) ENGINE=InnoDB DEFAULT CHARSET=utf8mb4 COLLATE=utf8mb4_unicode_ci;

-- --------------------------------------------------------

--
-- Table structure for table `product_translations`
--

CREATE TABLE `product_translations` (
  `id` bigint UNSIGNED NOT NULL,
  `product_id` int DEFAULT NULL,
  `lang_code` varchar(255) COLLATE utf8mb4_unicode_ci DEFAULT NULL,
  `name` varchar(255) COLLATE utf8mb4_unicode_ci DEFAULT NULL,
  `description` longtext COLLATE utf8mb4_unicode_ci,
  `small_description` longtext COLLATE utf8mb4_unicode_ci,
  `seo_title` text COLLATE utf8mb4_unicode_ci,
  `seo_description` text COLLATE utf8mb4_unicode_ci,
  `created_at` timestamp NULL DEFAULT NULL,
  `updated_at` timestamp NULL DEFAULT NULL
) ENGINE=InnoDB DEFAULT CHARSET=utf8mb4 COLLATE=utf8mb4_unicode_ci;

--
-- Dumping data for table `product_translations`
--

INSERT INTO `product_translations` (`id`, `product_id`, `lang_code`, `name`, `description`, `small_description`, `seo_title`, `seo_description`, `created_at`, `updated_at`) VALUES
(9, 5, 'en', 'Blossom Charm Dress', '<p>t is a long established fact that a reader will be distracted by the readable content of a page when looking at its layout. The point of using Lorem Ipsum is that it has a more-or-less normal distribution of letters, as opposed to using \'Content here, content here\', making it look like readable English. Many desktop publishing packages and web page editors now use Lorem Ipsum as their default model text, and a search for \'lorem ipsum\' will uncover many web sites still in their infancy.&nbsp;</p>\r\n<p>t is a long established fact that a reader will be distracted by the readable content of a page when looking at its layout. The point of using Lorem Ipsum is that it has a more-or-less normal distribution of letters, as opposed to using \'Content here, content here\',</p>\r\n<p>t is a long established fact that a reader will be distracted by the readable content of a page when looking at its layout. The point of using Lorem Ipsum is that it has a more-or-less normal distribution of letters, as opposed to using \'Content here, content here\', making it look like readable English. Many desktop publishing packages and web page editors now use Lorem Ipsum as their default model text, and a search for \'lorem ipsum\' will uncover many web sites still in their infancy.&nbsp;</p>', NULL, 'Blossom Charm Dress', 'Blossom Charm Dress', '2024-12-05 06:39:20', '2024-12-05 06:39:20'),
(10, 5, 'hd', 'Blossom Charm Dress', '<p>t is a long established fact that a reader will be distracted by the readable content of a page when looking at its layout. The point of using Lorem Ipsum is that it has a more-or-less normal distribution of letters, as opposed to using \'Content here, content here\', making it look like readable English. Many desktop publishing packages and web page editors now use Lorem Ipsum as their default model text, and a search for \'lorem ipsum\' will uncover many web sites still in their infancy.&nbsp;</p>\r\n<p>t is a long established fact that a reader will be distracted by the readable content of a page when looking at its layout. The point of using Lorem Ipsum is that it has a more-or-less normal distribution of letters, as opposed to using \'Content here, content here\',</p>\r\n<p>t is a long established fact that a reader will be distracted by the readable content of a page when looking at its layout. The point of using Lorem Ipsum is that it has a more-or-less normal distribution of letters, as opposed to using \'Content here, content here\', making it look like readable English. Many desktop publishing packages and web page editors now use Lorem Ipsum as their default model text, and a search for \'lorem ipsum\' will uncover many web sites still in their infancy.&nbsp;</p>', NULL, 'Blossom Charm Dress', 'Blossom Charm Dress', '2024-12-05 06:39:20', '2024-12-05 06:39:20'),
(11, 6, 'en', 'Darling Petal Frock', '<p>t is a long established fact that a reader will be distracted by the readable content of a page when looking at its layout. The point of using Lorem Ipsum is that it has a more-or-less normal distribution of letters, as opposed to using \'Content here, content here\', making it look like readable English. Many desktop publishing packages and web page editors now use Lorem Ipsum as their default model text, and a search for \'lorem ipsum\' will uncover many web sites still in their infancy.&nbsp;</p>\r\n<p>t is a long established fact that a reader will be distracted by the readable content of a page when looking at its layout. The point of using Lorem Ipsum is that it has a more-or-less normal distribution of letters, as opposed to using \'Content here, content here\',</p>\r\n<p>t is a long established fact that a reader will be distracted by the readable content of a page when looking at its layout. The point of using Lorem Ipsum is that it has a more-or-less normal distribution of letters, as opposed to using \'Content here, content here\', making it look like readable English. Many desktop publishing packages and web page editors now use Lorem Ipsum as their default model text, and a search for \'lorem ipsum\' will uncover many web sites still in their infancy.&nbsp;</p>', NULL, 'Darling Petal Frock', 'Darling Petal Frock', '2024-12-05 06:46:17', '2024-12-05 06:46:17'),
(12, 6, 'hd', 'Darling Petal Frock', '<p>t is a long established fact that a reader will be distracted by the readable content of a page when looking at its layout. The point of using Lorem Ipsum is that it has a more-or-less normal distribution of letters, as opposed to using \'Content here, content here\', making it look like readable English. Many desktop publishing packages and web page editors now use Lorem Ipsum as their default model text, and a search for \'lorem ipsum\' will uncover many web sites still in their infancy.&nbsp;</p>\r\n<p>t is a long established fact that a reader will be distracted by the readable content of a page when looking at its layout. The point of using Lorem Ipsum is that it has a more-or-less normal distribution of letters, as opposed to using \'Content here, content here\',</p>\r\n<p>t is a long established fact that a reader will be distracted by the readable content of a page when looking at its layout. The point of using Lorem Ipsum is that it has a more-or-less normal distribution of letters, as opposed to using \'Content here, content here\', making it look like readable English. Many desktop publishing packages and web page editors now use Lorem Ipsum as their default model text, and a search for \'lorem ipsum\' will uncover many web sites still in their infancy.&nbsp;</p>', NULL, 'Darling Petal Frock', 'Darling Petal Frock', '2024-12-05 06:46:17', '2024-12-05 06:46:17'),
(13, 7, 'en', 'Rainbow Sequin Dress', '<p>t is a long established fact that a reader will be distracted by the readable content of a page when looking at its layout. The point of using Lorem Ipsum is that it has a more-or-less normal distribution of letters, as opposed to using \'Content here, content here\', making it look like readable English. Many desktop publishing packages and web page editors now use Lorem Ipsum as their default model text, and a search for \'lorem ipsum\' will uncover many web sites still in their infancy.&nbsp;</p>\r\n<p>t is a long established fact that a reader will be distracted by the readable content of a page when looking at its layout. The point of using Lorem Ipsum is that it has a more-or-less normal distribution of letters, as opposed to using \'Content here, content here\',</p>\r\n<p>t is a long established fact that a reader will be distracted by the readable content of a page when looking at its layout. The point of using Lorem Ipsum is that it has a more-or-less normal distribution of letters, as opposed to using \'Content here, content here\', making it look like readable English. Many desktop publishing packages and web page editors now use Lorem Ipsum as their default model text, and a search for \'lorem ipsum\' will uncover many web sites still in their infancy.&nbsp;</p>', NULL, 'Rainbow Sequin Dress', 'Rainbow Sequin Dress', '2024-12-05 06:48:07', '2024-12-05 06:48:07'),
(14, 7, 'hd', 'Rainbow Sequin Dress', '<p>t is a long established fact that a reader will be distracted by the readable content of a page when looking at its layout. The point of using Lorem Ipsum is that it has a more-or-less normal distribution of letters, as opposed to using \'Content here, content here\', making it look like readable English. Many desktop publishing packages and web page editors now use Lorem Ipsum as their default model text, and a search for \'lorem ipsum\' will uncover many web sites still in their infancy.&nbsp;</p>\r\n<p>t is a long established fact that a reader will be distracted by the readable content of a page when looking at its layout. The point of using Lorem Ipsum is that it has a more-or-less normal distribution of letters, as opposed to using \'Content here, content here\',</p>\r\n<p>t is a long established fact that a reader will be distracted by the readable content of a page when looking at its layout. The point of using Lorem Ipsum is that it has a more-or-less normal distribution of letters, as opposed to using \'Content here, content here\', making it look like readable English. Many desktop publishing packages and web page editors now use Lorem Ipsum as their default model text, and a search for \'lorem ipsum\' will uncover many web sites still in their infancy.&nbsp;</p>', NULL, 'Rainbow Sequin Dress', 'Rainbow Sequin Dress', '2024-12-05 06:48:07', '2024-12-05 06:48:07'),
(15, 8, 'en', 'Sparkling Dreams Dress', '<p>t is a long established fact that a reader will be distracted by the readable content of a page when looking at its layout. The point of using Lorem Ipsum is that it has a more-or-less normal distribution of letters, as opposed to using \'Content here, content here\', making it look like readable English. Many desktop publishing packages and web page editors now use Lorem Ipsum as their default model text, and a search for \'lorem ipsum\' will uncover many web sites still in their infancy.&nbsp;</p>\r\n<p>t is a long established fact that a reader will be distracted by the readable content of a page when looking at its layout. The point of using Lorem Ipsum is that it has a more-or-less normal distribution of letters, as opposed to using \'Content here, content here\',</p>\r\n<p>t is a long established fact that a reader will be distracted by the readable content of a page when looking at its layout. The point of using Lorem Ipsum is that it has a more-or-less normal distribution of letters, as opposed to using \'Content here, content here\', making it look like readable English. Many desktop publishing packages and web page editors now use Lorem Ipsum as their default model text, and a search for \'lorem ipsum\' will uncover many web sites still in their infancy.&nbsp;</p>', NULL, 'Sparkling Dreams Dress', 'Sparkling Dreams Dress', '2024-12-05 06:50:08', '2024-12-05 06:50:08'),
(16, 8, 'hd', 'Sparkling Dreams Dress', '<p>t is a long established fact that a reader will be distracted by the readable content of a page when looking at its layout. The point of using Lorem Ipsum is that it has a more-or-less normal distribution of letters, as opposed to using \'Content here, content here\', making it look like readable English. Many desktop publishing packages and web page editors now use Lorem Ipsum as their default model text, and a search for \'lorem ipsum\' will uncover many web sites still in their infancy.&nbsp;</p>\r\n<p>t is a long established fact that a reader will be distracted by the readable content of a page when looking at its layout. The point of using Lorem Ipsum is that it has a more-or-less normal distribution of letters, as opposed to using \'Content here, content here\',</p>\r\n<p>t is a long established fact that a reader will be distracted by the readable content of a page when looking at its layout. The point of using Lorem Ipsum is that it has a more-or-less normal distribution of letters, as opposed to using \'Content here, content here\', making it look like readable English. Many desktop publishing packages and web page editors now use Lorem Ipsum as their default model text, and a search for \'lorem ipsum\' will uncover many web sites still in their infancy.&nbsp;</p>', NULL, 'Sparkling Dreams Dress', 'Sparkling Dreams Dress', '2024-12-05 06:50:08', '2024-12-05 06:50:08'),
(17, 9, 'en', 'Starry Night Glam', '<p>t is a long established fact that a reader will be distracted by the readable content of a page when looking at its layout. The point of using Lorem Ipsum is that it has a more-or-less normal distribution of letters, as opposed to using \'Content here, content here\', making it look like readable English. Many desktop publishing packages and web page editors now use Lorem Ipsum as their default model text, and a search for \'lorem ipsum\' will uncover many web sites still in their infancy.&nbsp;</p>\r\n<p>t is a long established fact that a reader will be distracted by the readable content of a page when looking at its layout. The point of using Lorem Ipsum is that it has a more-or-less normal distribution of letters, as opposed to using \'Content here, content here\',</p>\r\n<p>t is a long established fact that a reader will be distracted by the readable content of a page when looking at its layout. The point of using Lorem Ipsum is that it has a more-or-less normal distribution of letters, as opposed to using \'Content here, content here\', making it look like readable English. Many desktop publishing packages and web page editors now use Lorem Ipsum as their default model text, and a search for \'lorem ipsum\' will uncover many web sites still in their infancy.&nbsp;</p>', NULL, 'Starry Night Glam', 'Starry Night Glam', '2024-12-05 06:51:31', '2024-12-05 06:51:31'),
(18, 9, 'hd', 'Starry Night Glam', '<p>t is a long established fact that a reader will be distracted by the readable content of a page when looking at its layout. The point of using Lorem Ipsum is that it has a more-or-less normal distribution of letters, as opposed to using \'Content here, content here\', making it look like readable English. Many desktop publishing packages and web page editors now use Lorem Ipsum as their default model text, and a search for \'lorem ipsum\' will uncover many web sites still in their infancy.&nbsp;</p>\r\n<p>t is a long established fact that a reader will be distracted by the readable content of a page when looking at its layout. The point of using Lorem Ipsum is that it has a more-or-less normal distribution of letters, as opposed to using \'Content here, content here\',</p>\r\n<p>t is a long established fact that a reader will be distracted by the readable content of a page when looking at its layout. The point of using Lorem Ipsum is that it has a more-or-less normal distribution of letters, as opposed to using \'Content here, content here\', making it look like readable English. Many desktop publishing packages and web page editors now use Lorem Ipsum as their default model text, and a search for \'lorem ipsum\' will uncover many web sites still in their infancy.&nbsp;</p>', NULL, 'Starry Night Glam', 'Starry Night Glam', '2024-12-05 06:51:31', '2024-12-05 06:51:31'),
(19, 10, 'en', 'Casual off-white ladies shoes', '<p>t is a long established fact that a reader will be distracted by the readable content of a page when looking at its layout. The point of using Lorem Ipsum is that it has a more-or-less normal distribution of letters, as opposed to using \'Content here, content here\', making it look like readable English. Many desktop publishing packages and web page editors now use Lorem Ipsum as their default model text, and a search for \'lorem ipsum\' will uncover many web sites still in their infancy.&nbsp;</p>\r\n<p>t is a long established fact that a reader will be distracted by the readable content of a page when looking at its layout. The point of using Lorem Ipsum is that it has a more-or-less normal distribution of letters, as opposed to using \'Content here, content here\',</p>\r\n<p>t is a long established fact that a reader will be distracted by the readable content of a page when looking at its layout. The point of using Lorem Ipsum is that it has a more-or-less normal distribution of letters, as opposed to using \'Content here, content here\', making it look like readable English. Many desktop publishing packages and web page editors now use Lorem Ipsum as their default model text, and a search for \'lorem ipsum\' will uncover many web sites still in their infancy.&nbsp;</p>', NULL, 'Casual off-white ladies shoes', 'Casual off-white ladies shoes', '2024-12-05 06:56:31', '2024-12-05 06:56:31'),
(20, 10, 'hd', 'Casual off-white ladies shoes', '<p>t is a long established fact that a reader will be distracted by the readable content of a page when looking at its layout. The point of using Lorem Ipsum is that it has a more-or-less normal distribution of letters, as opposed to using \'Content here, content here\', making it look like readable English. Many desktop publishing packages and web page editors now use Lorem Ipsum as their default model text, and a search for \'lorem ipsum\' will uncover many web sites still in their infancy.&nbsp;</p>\r\n<p>t is a long established fact that a reader will be distracted by the readable content of a page when looking at its layout. The point of using Lorem Ipsum is that it has a more-or-less normal distribution of letters, as opposed to using \'Content here, content here\',</p>\r\n<p>t is a long established fact that a reader will be distracted by the readable content of a page when looking at its layout. The point of using Lorem Ipsum is that it has a more-or-less normal distribution of letters, as opposed to using \'Content here, content here\', making it look like readable English. Many desktop publishing packages and web page editors now use Lorem Ipsum as their default model text, and a search for \'lorem ipsum\' will uncover many web sites still in their infancy.&nbsp;</p>', NULL, 'Casual off-white ladies shoes', 'Casual off-white ladies shoes', '2024-12-05 06:56:31', '2024-12-05 06:56:31'),
(21, 11, 'en', 'Maroon sweater for Men', '<p>t is a long established fact that a reader will be distracted by the readable content of a page when looking at its layout. The point of using Lorem Ipsum is that it has a more-or-less normal distribution of letters, as opposed to using \'Content here, content here\', making it look like readable English. Many desktop publishing packages and web page editors now use Lorem Ipsum as their default model text, and a search for \'lorem ipsum\' will uncover many web sites still in their infancy.&nbsp;</p>\r\n<p>t is a long established fact that a reader will be distracted by the readable content of a page when looking at its layout. The point of using Lorem Ipsum is that it has a more-or-less normal distribution of letters, as opposed to using \'Content here, content here\',</p>\r\n<p>t is a long established fact that a reader will be distracted by the readable content of a page when looking at its layout. The point of using Lorem Ipsum is that it has a more-or-less normal distribution of letters, as opposed to using \'Content here, content here\', making it look like readable English. Many desktop publishing packages and web page editors now use Lorem Ipsum as their default model text, and a search for \'lorem ipsum\' will uncover many web sites still in their infancy.&nbsp;</p>', NULL, 'Maroon sweater for Men', 'Maroon sweater for Men', '2024-12-05 06:58:18', '2024-12-05 06:58:18'),
(22, 11, 'hd', 'Maroon sweater for Men', '<p>t is a long established fact that a reader will be distracted by the readable content of a page when looking at its layout. The point of using Lorem Ipsum is that it has a more-or-less normal distribution of letters, as opposed to using \'Content here, content here\', making it look like readable English. Many desktop publishing packages and web page editors now use Lorem Ipsum as their default model text, and a search for \'lorem ipsum\' will uncover many web sites still in their infancy.&nbsp;</p>\r\n<p>t is a long established fact that a reader will be distracted by the readable content of a page when looking at its layout. The point of using Lorem Ipsum is that it has a more-or-less normal distribution of letters, as opposed to using \'Content here, content here\',</p>\r\n<p>t is a long established fact that a reader will be distracted by the readable content of a page when looking at its layout. The point of using Lorem Ipsum is that it has a more-or-less normal distribution of letters, as opposed to using \'Content here, content here\', making it look like readable English. Many desktop publishing packages and web page editors now use Lorem Ipsum as their default model text, and a search for \'lorem ipsum\' will uncover many web sites still in their infancy.&nbsp;</p>', NULL, 'Maroon sweater for Men', 'Maroon sweater for Men', '2024-12-05 06:58:18', '2024-12-05 06:58:18'),
(23, 12, 'en', 'Men’s black stylish half shirt', '<p>t is a long established fact that a reader will be distracted by the readable content of a page when looking at its layout. The point of using Lorem Ipsum is that it has a more-or-less normal distribution of letters, as opposed to using \'Content here, content here\', making it look like readable English. Many desktop publishing packages and web page editors now use Lorem Ipsum as their default model text, and a search for \'lorem ipsum\' will uncover many web sites still in their infancy.&nbsp;</p>\r\n<p>t is a long established fact that a reader will be distracted by the readable content of a page when looking at its layout. The point of using Lorem Ipsum is that it has a more-or-less normal distribution of letters, as opposed to using \'Content here, content here\',</p>\r\n<p>t is a long established fact that a reader will be distracted by the readable content of a page when looking at its layout. The point of using Lorem Ipsum is that it has a more-or-less normal distribution of letters, as opposed to using \'Content here, content here\', making it look like readable English. Many desktop publishing packages and web page editors now use Lorem Ipsum as their default model text, and a search for \'lorem ipsum\' will uncover many web sites still in their infancy.&nbsp;</p>', NULL, 'Men’s black stylish half shirt', 'Men’s black stylish half shirt', '2024-12-05 07:00:54', '2024-12-05 07:00:54'),
(24, 12, 'hd', 'Men’s black stylish half shirt', '<p>t is a long established fact that a reader will be distracted by the readable content of a page when looking at its layout. The point of using Lorem Ipsum is that it has a more-or-less normal distribution of letters, as opposed to using \'Content here, content here\', making it look like readable English. Many desktop publishing packages and web page editors now use Lorem Ipsum as their default model text, and a search for \'lorem ipsum\' will uncover many web sites still in their infancy.&nbsp;</p>\r\n<p>t is a long established fact that a reader will be distracted by the readable content of a page when looking at its layout. The point of using Lorem Ipsum is that it has a more-or-less normal distribution of letters, as opposed to using \'Content here, content here\',</p>\r\n<p>t is a long established fact that a reader will be distracted by the readable content of a page when looking at its layout. The point of using Lorem Ipsum is that it has a more-or-less normal distribution of letters, as opposed to using \'Content here, content here\', making it look like readable English. Many desktop publishing packages and web page editors now use Lorem Ipsum as their default model text, and a search for \'lorem ipsum\' will uncover many web sites still in their infancy.&nbsp;</p>', NULL, 'Men’s black stylish half shirt', 'Men’s black stylish half shirt', '2024-12-05 07:00:54', '2024-12-05 07:00:54'),
(25, 13, 'en', 'Silk blazer suit for men', '<p>t is a long established fact that a reader will be distracted by the readable content of a page when looking at its layout. The point of using Lorem Ipsum is that it has a more-or-less normal distribution of letters, as opposed to using \'Content here, content here\', making it look like readable English. Many desktop publishing packages and web page editors now use Lorem Ipsum as their default model text, and a search for \'lorem ipsum\' will uncover many web sites still in their infancy.&nbsp;</p>\r\n<p>t is a long established fact that a reader will be distracted by the readable content of a page when looking at its layout. The point of using Lorem Ipsum is that it has a more-or-less normal distribution of letters, as opposed to using \'Content here, content here\',</p>\r\n<p>t is a long established fact that a reader will be distracted by the readable content of a page when looking at its layout. The point of using Lorem Ipsum is that it has a more-or-less normal distribution of letters, as opposed to using \'Content here, content here\', making it look like readable English. Many desktop publishing packages and web page editors now use Lorem Ipsum as their default model text, and a search for \'lorem ipsum\' will uncover many web sites still in their infancy.&nbsp;</p>', NULL, 'Silk blazer suit for men', 'Silk blazer suit for men', '2024-12-05 07:03:55', '2024-12-05 07:03:55'),
(26, 13, 'hd', 'Silk blazer suit for men', '<p>t is a long established fact that a reader will be distracted by the readable content of a page when looking at its layout. The point of using Lorem Ipsum is that it has a more-or-less normal distribution of letters, as opposed to using \'Content here, content here\', making it look like readable English. Many desktop publishing packages and web page editors now use Lorem Ipsum as their default model text, and a search for \'lorem ipsum\' will uncover many web sites still in their infancy.&nbsp;</p>\r\n<p>t is a long established fact that a reader will be distracted by the readable content of a page when looking at its layout. The point of using Lorem Ipsum is that it has a more-or-less normal distribution of letters, as opposed to using \'Content here, content here\',</p>\r\n<p>t is a long established fact that a reader will be distracted by the readable content of a page when looking at its layout. The point of using Lorem Ipsum is that it has a more-or-less normal distribution of letters, as opposed to using \'Content here, content here\', making it look like readable English. Many desktop publishing packages and web page editors now use Lorem Ipsum as their default model text, and a search for \'lorem ipsum\' will uncover many web sites still in their infancy.&nbsp;</p>', NULL, 'Silk blazer suit for men', 'Silk blazer suit for men', '2024-12-05 07:03:55', '2024-12-05 07:03:55'),
(27, 14, 'en', 'Beautiful Blue Dress', '<p>t is a long established fact that a reader will be distracted by the readable content of a page when looking at its layout. The point of using Lorem Ipsum is that it has a more-or-less normal distribution of letters, as opposed to using \'Content here, content here\', making it look like readable English. Many desktop publishing packages and web page editors now use Lorem Ipsum as their default model text, and a search for \'lorem ipsum\' will uncover many web sites still in their infancy.&nbsp;</p>\r\n<p>t is a long established fact that a reader will be distracted by the readable content of a page when looking at its layout. The point of using Lorem Ipsum is that it has a more-or-less normal distribution of letters, as opposed to using \'Content here, content here\',</p>\r\n<p>t is a long established fact that a reader will be distracted by the readable content of a page when looking at its layout. The point of using Lorem Ipsum is that it has a more-or-less normal distribution of letters, as opposed to using \'Content here, content here\', making it look like readable English. Many desktop publishing packages and web page editors now use Lorem Ipsum as their default model text, and a search for \'lorem ipsum\' will uncover many web sites still in their infancy.&nbsp;</p>', NULL, 'Beautiful Blue Dress', 'Beautiful Blue Dress', '2024-12-05 07:04:57', '2024-12-05 07:04:57'),
(28, 14, 'hd', 'Beautiful Blue Dress', '<p>t is a long established fact that a reader will be distracted by the readable content of a page when looking at its layout. The point of using Lorem Ipsum is that it has a more-or-less normal distribution of letters, as opposed to using \'Content here, content here\', making it look like readable English. Many desktop publishing packages and web page editors now use Lorem Ipsum as their default model text, and a search for \'lorem ipsum\' will uncover many web sites still in their infancy.&nbsp;</p>\r\n<p>t is a long established fact that a reader will be distracted by the readable content of a page when looking at its layout. The point of using Lorem Ipsum is that it has a more-or-less normal distribution of letters, as opposed to using \'Content here, content here\',</p>\r\n<p>t is a long established fact that a reader will be distracted by the readable content of a page when looking at its layout. The point of using Lorem Ipsum is that it has a more-or-less normal distribution of letters, as opposed to using \'Content here, content here\', making it look like readable English. Many desktop publishing packages and web page editors now use Lorem Ipsum as their default model text, and a search for \'lorem ipsum\' will uncover many web sites still in their infancy.&nbsp;</p>', NULL, 'Beautiful Blue Dress', 'Beautiful Blue Dress', '2024-12-05 07:04:57', '2024-12-05 07:04:57'),
(29, 15, 'en', 'Maroon sweater for Men', '<p>t is a long established fact that a reader will be distracted by the readable content of a page when looking at its layout. The point of using Lorem Ipsum is that it has a more-or-less normal distribution of letters, as opposed to using \'Content here, content here\', making it look like readable English. Many desktop publishing packages and web page editors now use Lorem Ipsum as their default model text, and a search for \'lorem ipsum\' will uncover many web sites still in their infancy.&nbsp;</p>\r\n<p>t is a long established fact that a reader will be distracted by the readable content of a page when looking at its layout. The point of using Lorem Ipsum is that it has a more-or-less normal distribution of letters, as opposed to using \'Content here, content here\',</p>\r\n<p>t is a long established fact that a reader will be distracted by the readable content of a page when looking at its layout. The point of using Lorem Ipsum is that it has a more-or-less normal distribution of letters, as opposed to using \'Content here, content here\', making it look like readable English. Many desktop publishing packages and web page editors now use Lorem Ipsum as their default model text, and a search for \'lorem ipsum\' will uncover many web sites still in their infancy.&nbsp;</p>', NULL, 'Maroon sweater for Men', 'Maroon sweater for Men', '2024-12-05 07:16:28', '2024-12-05 07:16:28'),
(30, 15, 'hd', 'Maroon sweater for Men', '<p>t is a long established fact that a reader will be distracted by the readable content of a page when looking at its layout. The point of using Lorem Ipsum is that it has a more-or-less normal distribution of letters, as opposed to using \'Content here, content here\', making it look like readable English. Many desktop publishing packages and web page editors now use Lorem Ipsum as their default model text, and a search for \'lorem ipsum\' will uncover many web sites still in their infancy.&nbsp;</p>\r\n<p>t is a long established fact that a reader will be distracted by the readable content of a page when looking at its layout. The point of using Lorem Ipsum is that it has a more-or-less normal distribution of letters, as opposed to using \'Content here, content here\',</p>\r\n<p>t is a long established fact that a reader will be distracted by the readable content of a page when looking at its layout. The point of using Lorem Ipsum is that it has a more-or-less normal distribution of letters, as opposed to using \'Content here, content here\', making it look like readable English. Many desktop publishing packages and web page editors now use Lorem Ipsum as their default model text, and a search for \'lorem ipsum\' will uncover many web sites still in their infancy.&nbsp;</p>', NULL, 'Maroon sweater for Men', 'Maroon sweater for Men', '2024-12-05 07:16:29', '2024-12-05 07:16:29'),
(31, 16, 'en', 'Leather shoe with shoelaces', '<p>t is a long established fact that a reader will be distracted by the readable content of a page when looking at its layout. The point of using Lorem Ipsum is that it has a more-or-less normal distribution of letters, as opposed to using \'Content here, content here\', making it look like readable English. Many desktop publishing packages and web page editors now use Lorem Ipsum as their default model text, and a search for \'lorem ipsum\' will uncover many web sites still in their infancy.&nbsp;</p>\r\n<p>t is a long established fact that a reader will be distracted by the readable content of a page when looking at its layout. The point of using Lorem Ipsum is that it has a more-or-less normal distribution of letters, as opposed to using \'Content here, content here\',</p>\r\n<p>t is a long established fact that a reader will be distracted by the readable content of a page when looking at its layout. The point of using Lorem Ipsum is that it has a more-or-less normal distribution of letters, as opposed to using \'Content here, content here\', making it look like readable English. Many desktop publishing packages and web page editors now use Lorem Ipsum as their default model text, and a search for \'lorem ipsum\' will uncover many web sites still in their infancy.&nbsp;</p>', NULL, 'Leather shoe with shoelaces', 'Leather shoe with shoelaces', '2024-12-05 07:17:35', '2024-12-05 07:17:35'),
(32, 16, 'hd', 'Leather shoe with shoelaces', '<p>t is a long established fact that a reader will be distracted by the readable content of a page when looking at its layout. The point of using Lorem Ipsum is that it has a more-or-less normal distribution of letters, as opposed to using \'Content here, content here\', making it look like readable English. Many desktop publishing packages and web page editors now use Lorem Ipsum as their default model text, and a search for \'lorem ipsum\' will uncover many web sites still in their infancy.&nbsp;</p>\r\n<p>t is a long established fact that a reader will be distracted by the readable content of a page when looking at its layout. The point of using Lorem Ipsum is that it has a more-or-less normal distribution of letters, as opposed to using \'Content here, content here\',</p>\r\n<p>t is a long established fact that a reader will be distracted by the readable content of a page when looking at its layout. The point of using Lorem Ipsum is that it has a more-or-less normal distribution of letters, as opposed to using \'Content here, content here\', making it look like readable English. Many desktop publishing packages and web page editors now use Lorem Ipsum as their default model text, and a search for \'lorem ipsum\' will uncover many web sites still in their infancy.&nbsp;</p>', NULL, 'Leather shoe with shoelaces', 'Leather shoe with shoelaces', '2024-12-05 07:17:35', '2024-12-05 07:17:35'),
(33, 17, 'en', 'Black leather backpack en', '<p>t is a long established fact that a reader will be distracted by the readable content of a page when looking at its layout. The point of using Lorem Ipsum is that it has a more-or-less normal distribution of letters, as opposed to using \'Content here, content here\', making it look like readable English. Many desktop publishing packages and web page editors now use Lorem Ipsum as their default model text, and a search for \'lorem ipsum\' will uncover many web sites still in their infancy.&nbsp;</p>\r\n<p>t is a long established fact that a reader will be distracted by the readable content of a page when looking at its layout. The point of using Lorem Ipsum is that it has a more-or-less normal distribution of letters, as opposed to using \'Content here, content here\',</p>\r\n<p>t is a long established fact that a reader will be distracted by the readable content of a page when looking at its layout. The point of using Lorem Ipsum is that it has a more-or-less normal distribution of letters, as opposed to using \'Content here, content here\', making it look like readable English. Many desktop publishing packages and web page editors now use Lorem Ipsum as their default model text, and a search for \'lorem ipsum\' will uncover many web sites still in their infancy.&nbsp; en</p>', 'ghfghfghfgh', 'Black leather backpack en', 'Black leather backpack en', '2024-12-05 07:18:31', '2024-12-08 06:57:42'),
(34, 17, 'hd', 'Black leather backpack hi', '<p>t is a long established fact that a reader will be distracted by the readable content of a page when looking at its layout. The point of using Lorem Ipsum is that it has a more-or-less normal distribution of letters, as opposed to using \'Content here, content here\', making it look like readable English. Many desktop publishing packages and web page editors now use Lorem Ipsum as their default model text, and a search for \'lorem ipsum\' will uncover many web sites still in their infancy.&nbsp;</p>\r\n<p>t is a long established fact that a reader will be distracted by the readable content of a page when looking at its layout. The point of using Lorem Ipsum is that it has a more-or-less normal distribution of letters, as opposed to using \'Content here, content here\',</p>\r\n<p>t is a long established fact that a reader will be distracted by the readable content of a page when looking at its layout. The point of using Lorem Ipsum is that it has a more-or-less normal distribution of letters, as opposed to using \'Content here, content here\', making it look like readable English. Many desktop publishing packages and web page editors now use Lorem Ipsum as their default model text, and a search for \'lorem ipsum\' will uncover many web sites still in their infancy. hi</p>', 'fhghfghfgh hi', 'Black leather backpack hi', 'Black leather backpack hi', '2024-12-05 07:18:31', '2024-12-08 06:57:21'),
(75, 5, 'bn', 'Blossom Charm Dress', '<p>t is a long established fact that a reader will be distracted by the readable content of a page when looking at its layout. The point of using Lorem Ipsum is that it has a more-or-less normal distribution of letters, as opposed to using \'Content here, content here\', making it look like readable English. Many desktop publishing packages and web page editors now use Lorem Ipsum as their default model text, and a search for \'lorem ipsum\' will uncover many web sites still in their infancy.&nbsp;</p>\r\n<p>t is a long established fact that a reader will be distracted by the readable content of a page when looking at its layout. The point of using Lorem Ipsum is that it has a more-or-less normal distribution of letters, as opposed to using \'Content here, content here\',</p>\r\n<p>t is a long established fact that a reader will be distracted by the readable content of a page when looking at its layout. The point of using Lorem Ipsum is that it has a more-or-less normal distribution of letters, as opposed to using \'Content here, content here\', making it look like readable English. Many desktop publishing packages and web page editors now use Lorem Ipsum as their default model text, and a search for \'lorem ipsum\' will uncover many web sites still in their infancy.&nbsp;</p>', NULL, 'Blossom Charm Dress', 'Blossom Charm Dress', '2024-12-08 08:01:04', '2024-12-08 08:01:04'),
(76, 6, 'bn', 'Darling Petal Frock', '<p>t is a long established fact that a reader will be distracted by the readable content of a page when looking at its layout. The point of using Lorem Ipsum is that it has a more-or-less normal distribution of letters, as opposed to using \'Content here, content here\', making it look like readable English. Many desktop publishing packages and web page editors now use Lorem Ipsum as their default model text, and a search for \'lorem ipsum\' will uncover many web sites still in their infancy.&nbsp;</p>\r\n<p>t is a long established fact that a reader will be distracted by the readable content of a page when looking at its layout. The point of using Lorem Ipsum is that it has a more-or-less normal distribution of letters, as opposed to using \'Content here, content here\',</p>\r\n<p>t is a long established fact that a reader will be distracted by the readable content of a page when looking at its layout. The point of using Lorem Ipsum is that it has a more-or-less normal distribution of letters, as opposed to using \'Content here, content here\', making it look like readable English. Many desktop publishing packages and web page editors now use Lorem Ipsum as their default model text, and a search for \'lorem ipsum\' will uncover many web sites still in their infancy.&nbsp;</p>', NULL, 'Darling Petal Frock', 'Darling Petal Frock', '2024-12-08 08:01:04', '2024-12-08 08:01:04'),
(77, 7, 'bn', 'Rainbow Sequin Dress', '<p>t is a long established fact that a reader will be distracted by the readable content of a page when looking at its layout. The point of using Lorem Ipsum is that it has a more-or-less normal distribution of letters, as opposed to using \'Content here, content here\', making it look like readable English. Many desktop publishing packages and web page editors now use Lorem Ipsum as their default model text, and a search for \'lorem ipsum\' will uncover many web sites still in their infancy.&nbsp;</p>\r\n<p>t is a long established fact that a reader will be distracted by the readable content of a page when looking at its layout. The point of using Lorem Ipsum is that it has a more-or-less normal distribution of letters, as opposed to using \'Content here, content here\',</p>\r\n<p>t is a long established fact that a reader will be distracted by the readable content of a page when looking at its layout. The point of using Lorem Ipsum is that it has a more-or-less normal distribution of letters, as opposed to using \'Content here, content here\', making it look like readable English. Many desktop publishing packages and web page editors now use Lorem Ipsum as their default model text, and a search for \'lorem ipsum\' will uncover many web sites still in their infancy.&nbsp;</p>', NULL, 'Rainbow Sequin Dress', 'Rainbow Sequin Dress', '2024-12-08 08:01:04', '2024-12-08 08:01:04'),
(78, 8, 'bn', 'Sparkling Dreams Dress', '<p>t is a long established fact that a reader will be distracted by the readable content of a page when looking at its layout. The point of using Lorem Ipsum is that it has a more-or-less normal distribution of letters, as opposed to using \'Content here, content here\', making it look like readable English. Many desktop publishing packages and web page editors now use Lorem Ipsum as their default model text, and a search for \'lorem ipsum\' will uncover many web sites still in their infancy.&nbsp;</p>\r\n<p>t is a long established fact that a reader will be distracted by the readable content of a page when looking at its layout. The point of using Lorem Ipsum is that it has a more-or-less normal distribution of letters, as opposed to using \'Content here, content here\',</p>\r\n<p>t is a long established fact that a reader will be distracted by the readable content of a page when looking at its layout. The point of using Lorem Ipsum is that it has a more-or-less normal distribution of letters, as opposed to using \'Content here, content here\', making it look like readable English. Many desktop publishing packages and web page editors now use Lorem Ipsum as their default model text, and a search for \'lorem ipsum\' will uncover many web sites still in their infancy.&nbsp;</p>', NULL, 'Sparkling Dreams Dress', 'Sparkling Dreams Dress', '2024-12-08 08:01:04', '2024-12-08 08:01:04'),
(79, 9, 'bn', 'Starry Night Glam', '<p>t is a long established fact that a reader will be distracted by the readable content of a page when looking at its layout. The point of using Lorem Ipsum is that it has a more-or-less normal distribution of letters, as opposed to using \'Content here, content here\', making it look like readable English. Many desktop publishing packages and web page editors now use Lorem Ipsum as their default model text, and a search for \'lorem ipsum\' will uncover many web sites still in their infancy.&nbsp;</p>\r\n<p>t is a long established fact that a reader will be distracted by the readable content of a page when looking at its layout. The point of using Lorem Ipsum is that it has a more-or-less normal distribution of letters, as opposed to using \'Content here, content here\',</p>\r\n<p>t is a long established fact that a reader will be distracted by the readable content of a page when looking at its layout. The point of using Lorem Ipsum is that it has a more-or-less normal distribution of letters, as opposed to using \'Content here, content here\', making it look like readable English. Many desktop publishing packages and web page editors now use Lorem Ipsum as their default model text, and a search for \'lorem ipsum\' will uncover many web sites still in their infancy.&nbsp;</p>', NULL, 'Starry Night Glam', 'Starry Night Glam', '2024-12-08 08:01:04', '2024-12-08 08:01:04'),
(80, 10, 'bn', 'Casual off-white ladies shoes', '<p>t is a long established fact that a reader will be distracted by the readable content of a page when looking at its layout. The point of using Lorem Ipsum is that it has a more-or-less normal distribution of letters, as opposed to using \'Content here, content here\', making it look like readable English. Many desktop publishing packages and web page editors now use Lorem Ipsum as their default model text, and a search for \'lorem ipsum\' will uncover many web sites still in their infancy.&nbsp;</p>\r\n<p>t is a long established fact that a reader will be distracted by the readable content of a page when looking at its layout. The point of using Lorem Ipsum is that it has a more-or-less normal distribution of letters, as opposed to using \'Content here, content here\',</p>\r\n<p>t is a long established fact that a reader will be distracted by the readable content of a page when looking at its layout. The point of using Lorem Ipsum is that it has a more-or-less normal distribution of letters, as opposed to using \'Content here, content here\', making it look like readable English. Many desktop publishing packages and web page editors now use Lorem Ipsum as their default model text, and a search for \'lorem ipsum\' will uncover many web sites still in their infancy.&nbsp;</p>', NULL, 'Casual off-white ladies shoes', 'Casual off-white ladies shoes', '2024-12-08 08:01:04', '2024-12-08 08:01:04'),
(81, 11, 'bn', 'Maroon sweater for Men', '<p>t is a long established fact that a reader will be distracted by the readable content of a page when looking at its layout. The point of using Lorem Ipsum is that it has a more-or-less normal distribution of letters, as opposed to using \'Content here, content here\', making it look like readable English. Many desktop publishing packages and web page editors now use Lorem Ipsum as their default model text, and a search for \'lorem ipsum\' will uncover many web sites still in their infancy.&nbsp;</p>\r\n<p>t is a long established fact that a reader will be distracted by the readable content of a page when looking at its layout. The point of using Lorem Ipsum is that it has a more-or-less normal distribution of letters, as opposed to using \'Content here, content here\',</p>\r\n<p>t is a long established fact that a reader will be distracted by the readable content of a page when looking at its layout. The point of using Lorem Ipsum is that it has a more-or-less normal distribution of letters, as opposed to using \'Content here, content here\', making it look like readable English. Many desktop publishing packages and web page editors now use Lorem Ipsum as their default model text, and a search for \'lorem ipsum\' will uncover many web sites still in their infancy.&nbsp;</p>', NULL, 'Maroon sweater for Men', 'Maroon sweater for Men', '2024-12-08 08:01:04', '2024-12-08 08:01:04'),
(82, 12, 'bn', 'Men’s black stylish half shirt', '<p>t is a long established fact that a reader will be distracted by the readable content of a page when looking at its layout. The point of using Lorem Ipsum is that it has a more-or-less normal distribution of letters, as opposed to using \'Content here, content here\', making it look like readable English. Many desktop publishing packages and web page editors now use Lorem Ipsum as their default model text, and a search for \'lorem ipsum\' will uncover many web sites still in their infancy.&nbsp;</p>\r\n<p>t is a long established fact that a reader will be distracted by the readable content of a page when looking at its layout. The point of using Lorem Ipsum is that it has a more-or-less normal distribution of letters, as opposed to using \'Content here, content here\',</p>\r\n<p>t is a long established fact that a reader will be distracted by the readable content of a page when looking at its layout. The point of using Lorem Ipsum is that it has a more-or-less normal distribution of letters, as opposed to using \'Content here, content here\', making it look like readable English. Many desktop publishing packages and web page editors now use Lorem Ipsum as their default model text, and a search for \'lorem ipsum\' will uncover many web sites still in their infancy.&nbsp;</p>', NULL, 'Men’s black stylish half shirt', 'Men’s black stylish half shirt', '2024-12-08 08:01:04', '2024-12-08 08:01:04');
INSERT INTO `product_translations` (`id`, `product_id`, `lang_code`, `name`, `description`, `small_description`, `seo_title`, `seo_description`, `created_at`, `updated_at`) VALUES
(83, 13, 'bn', 'Silk blazer suit for men', '<p>t is a long established fact that a reader will be distracted by the readable content of a page when looking at its layout. The point of using Lorem Ipsum is that it has a more-or-less normal distribution of letters, as opposed to using \'Content here, content here\', making it look like readable English. Many desktop publishing packages and web page editors now use Lorem Ipsum as their default model text, and a search for \'lorem ipsum\' will uncover many web sites still in their infancy.&nbsp;</p>\r\n<p>t is a long established fact that a reader will be distracted by the readable content of a page when looking at its layout. The point of using Lorem Ipsum is that it has a more-or-less normal distribution of letters, as opposed to using \'Content here, content here\',</p>\r\n<p>t is a long established fact that a reader will be distracted by the readable content of a page when looking at its layout. The point of using Lorem Ipsum is that it has a more-or-less normal distribution of letters, as opposed to using \'Content here, content here\', making it look like readable English. Many desktop publishing packages and web page editors now use Lorem Ipsum as their default model text, and a search for \'lorem ipsum\' will uncover many web sites still in their infancy.&nbsp;</p>', NULL, 'Silk blazer suit for men', 'Silk blazer suit for men', '2024-12-08 08:01:04', '2024-12-08 08:01:04'),
(84, 14, 'bn', 'Beautiful Blue Dress', '<p>t is a long established fact that a reader will be distracted by the readable content of a page when looking at its layout. The point of using Lorem Ipsum is that it has a more-or-less normal distribution of letters, as opposed to using \'Content here, content here\', making it look like readable English. Many desktop publishing packages and web page editors now use Lorem Ipsum as their default model text, and a search for \'lorem ipsum\' will uncover many web sites still in their infancy.&nbsp;</p>\r\n<p>t is a long established fact that a reader will be distracted by the readable content of a page when looking at its layout. The point of using Lorem Ipsum is that it has a more-or-less normal distribution of letters, as opposed to using \'Content here, content here\',</p>\r\n<p>t is a long established fact that a reader will be distracted by the readable content of a page when looking at its layout. The point of using Lorem Ipsum is that it has a more-or-less normal distribution of letters, as opposed to using \'Content here, content here\', making it look like readable English. Many desktop publishing packages and web page editors now use Lorem Ipsum as their default model text, and a search for \'lorem ipsum\' will uncover many web sites still in their infancy.&nbsp;</p>', NULL, 'Beautiful Blue Dress', 'Beautiful Blue Dress', '2024-12-08 08:01:04', '2024-12-08 08:01:04'),
(85, 15, 'bn', 'Maroon sweater for Men', '<p>t is a long established fact that a reader will be distracted by the readable content of a page when looking at its layout. The point of using Lorem Ipsum is that it has a more-or-less normal distribution of letters, as opposed to using \'Content here, content here\', making it look like readable English. Many desktop publishing packages and web page editors now use Lorem Ipsum as their default model text, and a search for \'lorem ipsum\' will uncover many web sites still in their infancy.&nbsp;</p>\r\n<p>t is a long established fact that a reader will be distracted by the readable content of a page when looking at its layout. The point of using Lorem Ipsum is that it has a more-or-less normal distribution of letters, as opposed to using \'Content here, content here\',</p>\r\n<p>t is a long established fact that a reader will be distracted by the readable content of a page when looking at its layout. The point of using Lorem Ipsum is that it has a more-or-less normal distribution of letters, as opposed to using \'Content here, content here\', making it look like readable English. Many desktop publishing packages and web page editors now use Lorem Ipsum as their default model text, and a search for \'lorem ipsum\' will uncover many web sites still in their infancy.&nbsp;</p>', NULL, 'Maroon sweater for Men', 'Maroon sweater for Men', '2024-12-08 08:01:04', '2024-12-08 08:01:04'),
(86, 16, 'bn', 'Leather shoe with shoelaces', '<p>t is a long established fact that a reader will be distracted by the readable content of a page when looking at its layout. The point of using Lorem Ipsum is that it has a more-or-less normal distribution of letters, as opposed to using \'Content here, content here\', making it look like readable English. Many desktop publishing packages and web page editors now use Lorem Ipsum as their default model text, and a search for \'lorem ipsum\' will uncover many web sites still in their infancy.&nbsp;</p>\r\n<p>t is a long established fact that a reader will be distracted by the readable content of a page when looking at its layout. The point of using Lorem Ipsum is that it has a more-or-less normal distribution of letters, as opposed to using \'Content here, content here\',</p>\r\n<p>t is a long established fact that a reader will be distracted by the readable content of a page when looking at its layout. The point of using Lorem Ipsum is that it has a more-or-less normal distribution of letters, as opposed to using \'Content here, content here\', making it look like readable English. Many desktop publishing packages and web page editors now use Lorem Ipsum as their default model text, and a search for \'lorem ipsum\' will uncover many web sites still in their infancy.&nbsp;</p>', NULL, 'Leather shoe with shoelaces', 'Leather shoe with shoelaces', '2024-12-08 08:01:04', '2024-12-08 08:01:04'),
(87, 17, 'bn', 'Black leather backpack en', '<p>t is a long established fact that a reader will be distracted by the readable content of a page when looking at its layout. The point of using Lorem Ipsum is that it has a more-or-less normal distribution of letters, as opposed to using \'Content here, content here\', making it look like readable English. Many desktop publishing packages and web page editors now use Lorem Ipsum as their default model text, and a search for \'lorem ipsum\' will uncover many web sites still in their infancy.&nbsp;</p>\r\n<p>t is a long established fact that a reader will be distracted by the readable content of a page when looking at its layout. The point of using Lorem Ipsum is that it has a more-or-less normal distribution of letters, as opposed to using \'Content here, content here\',</p>\r\n<p>t is a long established fact that a reader will be distracted by the readable content of a page when looking at its layout. The point of using Lorem Ipsum is that it has a more-or-less normal distribution of letters, as opposed to using \'Content here, content here\', making it look like readable English. Many desktop publishing packages and web page editors now use Lorem Ipsum as their default model text, and a search for \'lorem ipsum\' will uncover many web sites still in their infancy.&nbsp; en</p>', 'ghfghfghfgh', 'Black leather backpack en', 'Black leather backpack en', '2024-12-08 08:01:04', '2024-12-08 08:01:04');

-- --------------------------------------------------------

--
-- Table structure for table `reviews`
--

CREATE TABLE `reviews` (
  `id` bigint UNSIGNED NOT NULL,
  `user_id` int NOT NULL,
  `agent_id` int NOT NULL,
  `listing_id` int NOT NULL,
  `rating` int NOT NULL,
  `comment` text COLLATE utf8mb4_unicode_ci NOT NULL,
  `status` varchar(255) COLLATE utf8mb4_unicode_ci NOT NULL DEFAULT 'disable',
  `created_at` timestamp NULL DEFAULT NULL,
  `updated_at` timestamp NULL DEFAULT NULL,
  `reviewType` varchar(255) COLLATE utf8mb4_unicode_ci DEFAULT NULL
) ENGINE=InnoDB DEFAULT CHARSET=utf8mb4 COLLATE=utf8mb4_unicode_ci;

--
-- Dumping data for table `reviews`
--

INSERT INTO `reviews` (`id`, `user_id`, `agent_id`, `listing_id`, `rating`, `comment`, `status`, `created_at`, `updated_at`, `reviewType`) VALUES
(1, 3, 2, 13, 5, 'Lorem ipsum dolor sit amet, nibh saperet te pri, at nam diceret disputationi. Quo an consul impedit, usu possim evertitur dissentiet ei, ridens minimum nominavi et vix', 'enable', '2024-03-30 21:59:13', '2024-03-30 21:59:49', 'listing'),
(3, 3, 2, 4, 4, 'Doming aliquid te pro. Mei et quodsi ornatus praesent, summo debet vis eu, dolor soleat nostrud sea eu. Cu altera possim sanctus est. Ea iriure repudiandae per, no eam legendos consectetuer.', 'enable', '2024-03-30 22:01:01', '2024-03-30 22:01:09', 'listing'),
(4, 2, 3, 12, 5, 'Consetetur definitionem cu mea, usu legere minimum ne. Pro epicurei constituam ne, atqui lucilius indoctum nam id. Eu timeam volumus vel, eos te movet complectitur, te causae saperet eam.', 'enable', '2024-03-30 22:14:03', '2024-03-30 22:14:13', 'listing'),
(5, 2, 3, 10, 3, 'Consetetur definitionem cu mea, usu legere minimum ne. Pro epicurei constituam ne, atqui lucilius indoctum nam id. Eu timeam volumus vel, eos te movet complectitur, te causae saperet eam.', 'enable', '2024-03-30 22:14:54', '2024-03-30 22:15:06', 'listing'),
(9, 2, 1, 7, 3, 'It is a long established fact that a reader will be distracted by the readable there content of a page when looking at its layout into the find to make it amazing to end.', 'enable', '2024-12-12 08:55:50', '2024-12-12 08:56:11', 'product'),
(10, 2, 3, 32, 4, 'hgfhfg', 'enable', '2025-06-04 04:00:19', '2025-06-04 04:00:53', 'listing');

-- --------------------------------------------------------

--
-- Table structure for table `seo_settings`
--

CREATE TABLE `seo_settings` (
  `id` bigint UNSIGNED NOT NULL,
  `page_name` varchar(255) COLLATE utf8mb4_unicode_ci NOT NULL,
  `seo_title` text COLLATE utf8mb4_unicode_ci,
  `seo_description` text COLLATE utf8mb4_unicode_ci,
  `created_at` timestamp NULL DEFAULT NULL,
  `updated_at` timestamp NULL DEFAULT NULL
) ENGINE=InnoDB DEFAULT CHARSET=utf8mb4 COLLATE=utf8mb4_unicode_ci;

--
-- Dumping data for table `seo_settings`
--

INSERT INTO `seo_settings` (`id`, `page_name`, `seo_title`, `seo_description`, `created_at`, `updated_at`) VALUES
(1, 'Home', 'Aadfirst || Classified Ads, Directory & Job Listing Laravel Script', '<p>Aadfirst || Classified Ads, Directory &amp; Job Listing Laravel Script</p>', '2023-09-12 05:43:51', '2024-04-04 21:02:05'),
(2, 'Blogs', 'Our Blog || Advanced PHP Laravel Classified ads', '<p>Advanced PHP Laravel Classified ads</p>', '2023-09-12 05:43:51', '2024-04-02 22:35:30'),
(3, 'About Us', 'About Us || Advanced PHP Laravel Classified ads', 'Advanced PHP Laravel Classified ads', '2023-09-12 05:43:51', '2024-03-29 19:35:08'),
(4, 'Contact Us', 'Contact Us || Advanced PHP Laravel Classified ads', 'Advanced PHP Laravel Classified ads', '2023-09-12 05:43:51', '2024-03-29 19:35:17'),
(5, 'FAQ', 'FAQ || Advanced PHP Laravel Classified ads', 'Advanced PHP Laravel Classified ads', '2023-09-12 05:43:51', '2024-03-29 19:35:25'),
(6, 'Terms & Conditions', 'Terms & Conditions || Advanced PHP Laravel Classified ads', '<p>Advanced PHP Laravel Classified ads</p>', '2023-09-12 05:43:51', '2024-04-02 22:43:18'),
(7, 'Privacy Policy', 'Privacy Policy || Advanced PHP Laravel Classified ads', 'Advanced PHP Laravel Classified ads', '2023-09-12 05:43:51', '2024-03-29 19:36:38'),
(10, 'Listing', 'Listing || Advanced PHP Laravel Classified ads', 'Advanced PHP Laravel Classified ads', '2023-09-12 05:43:51', '2024-03-29 19:36:04');

-- --------------------------------------------------------

--
-- Table structure for table `settings`
--

CREATE TABLE `settings` (
  `id` bigint UNSIGNED NOT NULL,
  `app_name` varchar(255) COLLATE utf8mb4_unicode_ci DEFAULT NULL,
  `logo` varchar(255) COLLATE utf8mb4_unicode_ci NOT NULL,
  `logo_2` varchar(255) COLLATE utf8mb4_unicode_ci DEFAULT NULL,
  `favicon` varchar(255) COLLATE utf8mb4_unicode_ci NOT NULL,
  `timezone` varchar(255) COLLATE utf8mb4_unicode_ci DEFAULT NULL,
  `default_avatar` varchar(255) COLLATE utf8mb4_unicode_ci DEFAULT NULL,
  `default_cover_image` varchar(255) COLLATE utf8mb4_unicode_ci DEFAULT NULL,
  `selected_theme` varchar(255) COLLATE utf8mb4_unicode_ci NOT NULL DEFAULT 'theme_one',
  `app_version` varchar(255) COLLATE utf8mb4_unicode_ci NOT NULL DEFAULT 'Version - 1.1',
  `created_at` timestamp NULL DEFAULT NULL,
  `updated_at` timestamp NULL DEFAULT NULL,
  `footer_logo` varchar(255) COLLATE utf8mb4_unicode_ci NOT NULL,
  `contact_message_mail` varchar(255) COLLATE utf8mb4_unicode_ci DEFAULT NULL,
  `error_image` varchar(255) COLLATE utf8mb4_unicode_ci DEFAULT NULL,
  `breadcrumb_image` varchar(255) COLLATE utf8mb4_unicode_ci DEFAULT NULL,
  `placeholder_image` varchar(255) COLLATE utf8mb4_unicode_ci DEFAULT NULL,
  `not_found` varchar(255) COLLATE utf8mb4_unicode_ci DEFAULT NULL,
  `preloader_status` varchar(10) COLLATE utf8mb4_unicode_ci NOT NULL DEFAULT 'disable',
  `login_page_bg` varchar(255) COLLATE utf8mb4_unicode_ci DEFAULT NULL,
  `email` varchar(255) COLLATE utf8mb4_unicode_ci DEFAULT NULL,
  `phone` varchar(255) COLLATE utf8mb4_unicode_ci DEFAULT NULL,
  `about_us` text COLLATE utf8mb4_unicode_ci,
  `address` text COLLATE utf8mb4_unicode_ci,
  `copyright` varchar(255) COLLATE utf8mb4_unicode_ci DEFAULT NULL,
  `twitter` varchar(255) COLLATE utf8mb4_unicode_ci DEFAULT NULL,
  `instagram` varchar(255) COLLATE utf8mb4_unicode_ci DEFAULT NULL,
  `linkedin` varchar(255) COLLATE utf8mb4_unicode_ci DEFAULT NULL,
  `facebook` varchar(255) COLLATE utf8mb4_unicode_ci DEFAULT NULL,
  `maintenance_status` int NOT NULL DEFAULT '0',
  `maintenance_text` text COLLATE utf8mb4_unicode_ci,
  `maintenance_image` varchar(255) COLLATE utf8mb4_unicode_ci DEFAULT NULL,
  `admin_login` varchar(255) COLLATE utf8mb4_unicode_ci DEFAULT NULL,
  `mobile_playstore` text COLLATE utf8mb4_unicode_ci,
  `mobile_appstore` text COLLATE utf8mb4_unicode_ci,
  `safetytips` text COLLATE utf8mb4_unicode_ci,
  `agent_contact_info` varchar(255) COLLATE utf8mb4_unicode_ci NOT NULL DEFAULT 'enable'
) ENGINE=InnoDB DEFAULT CHARSET=utf8mb4 COLLATE=utf8mb4_unicode_ci;

--
-- Dumping data for table `settings`
--

INSERT INTO `settings` (`id`, `app_name`, `logo`, `logo_2`, `favicon`, `timezone`, `default_avatar`, `default_cover_image`, `selected_theme`, `app_version`, `created_at`, `updated_at`, `footer_logo`, `contact_message_mail`, `error_image`, `breadcrumb_image`, `placeholder_image`, `not_found`, `preloader_status`, `login_page_bg`, `email`, `phone`, `about_us`, `address`, `copyright`, `twitter`, `instagram`, `linkedin`, `facebook`, `maintenance_status`, `maintenance_text`, `maintenance_image`, `admin_login`, `mobile_playstore`, `mobile_appstore`, `safetytips`, `agent_contact_info`) VALUES
(1, 'Aadfirst', 'uploads/website-images/file-name-17424652652988.png', 'uploads/website-images/logo2-2024-04-05-02-57-49-8038.png', 'uploads/website-images/favicon-2024-03-31-05-28-43-2667.png', 'Asia/Dhaka', 'uploads/website-images/default-avatar-2024-03-27-07-55-43-9707.png', 'uploads/website-images/default-cover-image-2024-03-18-03-11-32-7079.png', 'all_theme', '5.0.0', NULL, '2025-03-20 10:07:45', 'uploads/website-images/logo-2023-08-22-09-14-55-4248.png', 'contact.aadfirst@gmail.com', 'uploads/website-images/error-image-2024-03-28-01-31-55-3000.png', 'uploads/website-images/breadcrumb-image-2024-03-21-03-49-02-1347.png', 'uploads/website-images/placeholder-image.png', 'uploads/website-images/not-found-image-2024-03-18-03-11-32-7079.png', 'disable', 'uploads/website-images/file-name-17424650332583.png', 'info@addfirst.com', '123-343-4444', 'Lorem ipsum dolor sit amet, nibh saperet te pri, at nam diceret disputationi. Quo an consul impedit usu possim evertitur', '374 A Tower, William Road Blvd, Melbourne 2721, IL, USA', 'Copyright @2024 All rights reserved quomodotheme', 'https://www.twitter.com', 'https://www.instagram.com', 'https://www.linkedin.com', 'https://www.facebook.com', 0, 'We are upgrading our site.  We will come back soon.  \r\nPlease stay with us. \r\nThank you.', 'uploads/website-images/maintenance-image-2024-03-28-01-33-43-5815.png', 'uploads/website-images/login-image-2024-03-28-01-25-46-4624.png', 'https://play.google.com/', 'https://www.apple.com/app-store/', '<ul>\r\n<li>Meet seller at a safe location</li>\r\n<li>Check the item before you buy</li>\r\n<li>Pay only after collecting item</li>\r\n</ul>', 'enable');

-- --------------------------------------------------------

--
-- Table structure for table `shipping_methods`
--

CREATE TABLE `shipping_methods` (
  `id` bigint UNSIGNED NOT NULL,
  `name` varchar(40) COLLATE utf8mb4_unicode_ci NOT NULL,
  `price` decimal(28,8) NOT NULL,
  `status` tinyint NOT NULL DEFAULT '1',
  `created_at` timestamp NULL DEFAULT NULL,
  `updated_at` timestamp NULL DEFAULT NULL
) ENGINE=InnoDB DEFAULT CHARSET=utf8mb4 COLLATE=utf8mb4_unicode_ci;

--
-- Dumping data for table `shipping_methods`
--

INSERT INTO `shipping_methods` (`id`, `name`, `price`, `status`, `created_at`, `updated_at`) VALUES
(1, 'Free Shipping', 0.00000000, 1, '2024-11-16 04:20:35', '2024-11-16 04:20:35'),
(2, 'Inside City', 60.00000000, 1, '2024-11-16 04:20:48', '2024-11-16 04:20:48'),
(3, 'Outside City', 120.00000000, 1, '2024-11-16 04:21:00', '2024-11-16 04:21:00'),
(4, 'demo shipping', 10.00000000, 1, '2024-12-04 10:09:22', '2024-12-04 10:09:22');

-- --------------------------------------------------------

--
-- Table structure for table `sliders`
--

CREATE TABLE `sliders` (
  `id` bigint UNSIGNED NOT NULL,
  `image` varchar(255) COLLATE utf8mb4_unicode_ci NOT NULL,
  `url` varchar(255) COLLATE utf8mb4_unicode_ci DEFAULT NULL,
  `status` tinyint NOT NULL DEFAULT '1',
  `created_at` timestamp NULL DEFAULT NULL,
  `updated_at` timestamp NULL DEFAULT NULL
) ENGINE=InnoDB DEFAULT CHARSET=utf8mb4 COLLATE=utf8mb4_unicode_ci;

--
-- Dumping data for table `sliders`
--

INSERT INTO `sliders` (`id`, `image`, `url`, `status`, `created_at`, `updated_at`) VALUES
(2, 'uploads/custom-images/slider-2024-12-05-11-39-52-4333.webp', '#', 1, '2024-11-06 04:45:22', '2024-12-05 05:39:53'),
(3, 'uploads/custom-images/slider-2024-12-05-11-36-29-9088.webp', '#', 1, '2024-11-06 04:48:55', '2024-12-05 05:36:30');

-- --------------------------------------------------------

--
-- Table structure for table `slider_translations`
--

CREATE TABLE `slider_translations` (
  `id` bigint UNSIGNED NOT NULL,
  `slider_id` int NOT NULL,
  `lang_code` varchar(255) COLLATE utf8mb4_unicode_ci NOT NULL,
  `small_text` varchar(255) COLLATE utf8mb4_unicode_ci NOT NULL,
  `title` mediumtext COLLATE utf8mb4_unicode_ci NOT NULL,
  `created_at` timestamp NULL DEFAULT NULL,
  `updated_at` timestamp NULL DEFAULT NULL
) ENGINE=InnoDB DEFAULT CHARSET=utf8mb4 COLLATE=utf8mb4_unicode_ci;

--
-- Dumping data for table `slider_translations`
--

INSERT INTO `slider_translations` (`id`, `slider_id`, `lang_code`, `small_text`, `title`, `created_at`, `updated_at`) VALUES
(3, 2, 'en', 'Unleash the Latest Trends with', 'Get 67% Off !', '2024-11-06 04:45:22', '2024-12-05 05:39:53'),
(4, 2, 'hd', 'Unleash the Latest Trends with', 'Get 67% Off !', '2024-11-06 04:45:22', '2024-12-05 05:39:53'),
(5, 3, 'en', 'Elevate Your Style with Our', 'Discover the Latest Trends', '2024-11-06 04:48:55', '2024-12-05 05:35:46'),
(6, 3, 'hd', 'Elevate Your Style with Our', 'Discover the Latest Trends', '2024-11-06 04:48:55', '2024-12-05 05:35:46');

-- --------------------------------------------------------

--
-- Table structure for table `subscribers`
--

CREATE TABLE `subscribers` (
  `id` bigint UNSIGNED NOT NULL,
  `email` varchar(255) COLLATE utf8mb4_unicode_ci NOT NULL,
  `status` int NOT NULL DEFAULT '0',
  `verified_token` text COLLATE utf8mb4_unicode_ci,
  `is_verified` int NOT NULL DEFAULT '0',
  `created_at` timestamp NULL DEFAULT NULL,
  `updated_at` timestamp NULL DEFAULT NULL
) ENGINE=InnoDB DEFAULT CHARSET=utf8mb4 COLLATE=utf8mb4_unicode_ci;

-- --------------------------------------------------------

--
-- Table structure for table `subscription_histories`
--

CREATE TABLE `subscription_histories` (
  `id` bigint UNSIGNED NOT NULL,
  `order_id` varchar(255) COLLATE utf8mb4_unicode_ci NOT NULL,
  `user_id` int NOT NULL,
  `subscription_plan_id` int NOT NULL,
  `plan_name` varchar(255) COLLATE utf8mb4_unicode_ci NOT NULL,
  `plan_price` decimal(8,2) NOT NULL,
  `expiration_date` varchar(255) COLLATE utf8mb4_unicode_ci NOT NULL,
  `expiration` varchar(255) COLLATE utf8mb4_unicode_ci NOT NULL,
  `max_listing` varchar(255) COLLATE utf8mb4_unicode_ci NOT NULL,
  `featured_listing` varchar(255) COLLATE utf8mb4_unicode_ci NOT NULL,
  `status` varchar(255) COLLATE utf8mb4_unicode_ci NOT NULL DEFAULT 'inactive',
  `payment_method` varchar(255) COLLATE utf8mb4_unicode_ci NOT NULL,
  `payment_status` varchar(255) COLLATE utf8mb4_unicode_ci NOT NULL DEFAULT 'inactive',
  `transaction` varchar(255) COLLATE utf8mb4_unicode_ci NOT NULL,
  `created_at` timestamp NULL DEFAULT NULL,
  `updated_at` timestamp NULL DEFAULT NULL
) ENGINE=InnoDB DEFAULT CHARSET=utf8mb4 COLLATE=utf8mb4_unicode_ci;

--
-- Dumping data for table `subscription_histories`
--

INSERT INTO `subscription_histories` (`id`, `order_id`, `user_id`, `subscription_plan_id`, `plan_name`, `plan_price`, `expiration_date`, `expiration`, `max_listing`, `featured_listing`, `status`, `payment_method`, `payment_status`, `transaction`, `created_at`, `updated_at`) VALUES
(1, '782579556', 2, 1, 'Free', 0.00, '2024-04-29', 'monthly', '5', '0', 'expired', 'Freemium', 'success', 'Freemium', '2024-03-29 22:03:17', '2024-12-08 05:05:45'),
(2, '451432710', 2, 2, 'Silver', 19.00, '2025-03-30', 'yearly', '50', '5', 'expired', 'Paypal', 'success', 'ZUJKUEUDELUGE', '2024-03-29 22:04:25', '2024-12-08 05:05:45'),
(3, '1616288592', 3, 1, 'Free', 0.00, '2024-04-29', 'monthly', '5', '0', 'expired', 'Freemium', 'success', 'Freemium', '2024-03-30 00:26:38', '2024-03-30 00:28:01'),
(4, '1011370713', 3, 2, 'Silver', 19.00, '2025-03-30', 'yearly', '50', '5', 'expired', 'Stripe', 'success', 'txn_3OzyBsF56Pb8BOOX0x2MftVY', '2024-03-30 00:27:08', '2024-03-30 00:28:01'),
(5, '88800992', 3, 3, 'Gold', 29.00, 'lifetime', 'lifetime', '100', '20', 'active', 'Stripe', 'success', 'txn_3OzyCkF56Pb8BOOX0v5CBr2E', '2024-03-30 00:28:01', '2024-03-30 00:28:01'),
(6, '132518228', 2, 3, 'Gold', 29.00, 'lifetime', 'lifetime', '100', '50', 'expired', 'Paypal', 'success', 'ZUJKUEUDELUGE', '2024-03-30 20:57:52', '2024-12-08 05:05:45'),
(7, '62870217', 2, 2, 'Silver', 19.00, '2025-12-07', 'yearly', '50', '5', 'expired', 'Stripe', 'success', 'txn_3QTJu8F56Pb8BOOX1hre1nLC', '2024-12-07 09:02:26', '2024-12-08 05:05:45'),
(8, '111608653', 2, 2, 'Silver', 19.00, '2025-12-08', 'yearly', '50', '5', 'active', 'Paystack', 'success', '4458362064', '2024-12-08 05:05:45', '2024-12-08 05:05:45');

-- --------------------------------------------------------

--
-- Table structure for table `subscription_plans`
--

CREATE TABLE `subscription_plans` (
  `id` bigint UNSIGNED NOT NULL,
  `plan_name` varchar(255) COLLATE utf8mb4_unicode_ci NOT NULL,
  `plan_price` decimal(8,2) NOT NULL,
  `expiration_date` varchar(255) COLLATE utf8mb4_unicode_ci NOT NULL,
  `max_listing` int NOT NULL,
  `featured_listing` int NOT NULL,
  `status` varchar(255) COLLATE utf8mb4_unicode_ci NOT NULL,
  `serial` int NOT NULL,
  `created_at` timestamp NULL DEFAULT NULL,
  `updated_at` timestamp NULL DEFAULT NULL
) ENGINE=InnoDB DEFAULT CHARSET=utf8mb4 COLLATE=utf8mb4_unicode_ci;

--
-- Dumping data for table `subscription_plans`
--

INSERT INTO `subscription_plans` (`id`, `plan_name`, `plan_price`, `expiration_date`, `max_listing`, `featured_listing`, `status`, `serial`, `created_at`, `updated_at`) VALUES
(1, 'Free', 0.00, 'monthly', 5, 0, 'active', 1, '2024-03-29 21:58:35', '2024-03-29 21:58:35'),
(2, 'Silver', 19.00, 'yearly', 50, 5, 'active', 2, '2024-03-29 22:00:39', '2024-03-29 22:00:39'),
(3, 'Gold', 29.00, 'lifetime', 100, 50, 'active', 3, '2024-03-29 22:01:09', '2024-03-30 20:57:05');

-- --------------------------------------------------------

--
-- Table structure for table `sub_categories`
--

CREATE TABLE `sub_categories` (
  `id` bigint UNSIGNED NOT NULL,
  `category_id` int NOT NULL,
  `slug` varchar(255) COLLATE utf8mb4_unicode_ci NOT NULL,
  `icon` varchar(255) COLLATE utf8mb4_unicode_ci DEFAULT NULL,
  `status` varchar(255) COLLATE utf8mb4_unicode_ci NOT NULL DEFAULT 'enable',
  `created_at` timestamp NULL DEFAULT NULL,
  `updated_at` timestamp NULL DEFAULT NULL
) ENGINE=InnoDB DEFAULT CHARSET=utf8mb4 COLLATE=utf8mb4_unicode_ci;

--
-- Dumping data for table `sub_categories`
--

INSERT INTO `sub_categories` (`id`, `category_id`, `slug`, `icon`, `status`, `created_at`, `updated_at`) VALUES
(2, 1, 'beauty', 'uploads/custom-images/sub_category--2024-04-03-05-11-02-3985.webp', 'enable', '2024-03-29 23:00:10', '2024-04-02 23:11:02'),
(4, 1, 'home', 'uploads/custom-images/sub_category--2024-03-30-05-01-18-8752.webp', 'enable', '2024-03-29 23:01:18', '2024-03-29 23:01:18'),
(5, 1, 'vehicles', 'uploads/custom-images/sub_category--2024-04-03-05-12-04-8461.webp', 'enable', '2024-03-29 23:01:54', '2024-04-02 23:12:04'),
(6, 1, 'fashion', 'uploads/custom-images/sub_category--2024-03-30-05-02-23-3631.webp', 'enable', '2024-03-29 23:02:23', '2024-03-29 23:02:23'),
(7, 1, 'sports', 'uploads/custom-images/sub_category--2024-04-03-05-59-03-9844.webp', 'enable', '2024-03-29 23:03:34', '2024-04-02 23:59:03'),
(8, 1, 'electronics', 'uploads/custom-images/sub_category--2024-04-03-05-13-16-9631.webp', 'enable', '2024-03-29 23:03:53', '2024-04-02 23:13:16'),
(9, 1, 'mobile', 'uploads/custom-images/sub_category--2024-04-03-05-14-18-6745.webp', 'enable', '2024-03-29 23:04:20', '2024-04-02 23:14:18'),
(10, 1, 'animals', 'uploads/custom-images/sub_category--2024-03-30-05-05-08-3310.webp', 'enable', '2024-03-29 23:05:08', '2024-03-29 23:05:08'),
(11, 1, 'spa', 'uploads/custom-images/sub_category--2024-03-30-05-05-39-4032.webp', 'enable', '2024-03-29 23:05:39', '2024-03-29 23:05:39'),
(12, 1, 'trucks', 'uploads/custom-images/sub_category--2024-03-30-05-05-57-4621.webp', 'enable', '2024-03-29 23:05:57', '2024-03-29 23:05:57'),
(13, 2, 'office', 'uploads/custom-images/sub_category--2024-04-04-07-49-55-7831.webp', 'enable', '2024-03-30 19:31:41', '2024-04-04 01:49:56'),
(14, 2, 'houses', 'uploads/custom-images/sub_category--2024-04-04-07-49-40-6372.webp', 'enable', '2024-03-30 19:32:01', '2024-04-04 01:49:40'),
(15, 2, 'apartments', 'uploads/custom-images/sub_category--2024-04-04-07-45-07-8545.webp', 'enable', '2024-03-30 19:32:21', '2024-04-04 01:45:08'),
(16, 3, 'content-writer', 'uploads/custom-images/sub_category--2024-03-31-02-16-07-4442.webp', 'enable', '2024-03-30 20:16:07', '2024-03-30 20:16:07'),
(17, 3, 'human-resource', 'uploads/custom-images/sub_category--2024-03-31-02-16-55-9923.webp', 'enable', '2024-03-30 20:16:55', '2024-03-30 20:16:55'),
(18, 3, 'market-research', 'uploads/custom-images/sub_category--2024-03-31-02-17-22-8780.webp', 'enable', '2024-03-30 20:17:22', '2024-03-30 20:17:22'),
(19, 3, 'marketing-sale', 'uploads/custom-images/sub_category--2024-03-31-02-17-49-9794.webp', 'enable', '2024-03-30 20:17:49', '2024-03-30 20:17:49'),
(20, 3, 'home-cleaner', 'uploads/custom-images/sub_category--2024-03-31-02-18-20-9074.webp', 'enable', '2024-03-30 20:18:20', '2024-03-30 20:18:20'),
(21, 4, 'stylish-sunglass', 'uploads/custom-images/sub_category--2024-12-05-11-46-41-1239.webp', 'enable', '2024-11-03 05:27:48', '2024-12-05 05:46:41'),
(22, 4, 'bag-fashion', 'uploads/custom-images/sub_category--2024-12-05-11-44-10-6628.webp', 'enable', '2024-11-03 05:31:55', '2024-12-05 05:44:24'),
(23, 4, 'bag-fashion', 'uploads/custom-images/sub_category--2024-12-05-11-43-24-6921.webp', 'enable', '2024-12-04 11:36:11', '2024-12-05 05:43:24'),
(24, 4, 'diamond-ring', 'uploads/custom-images/sub_category--2024-12-05-11-47-03-8465.webp', 'enable', '2024-12-05 05:47:03', '2024-12-05 05:47:03'),
(25, 4, 'woman-cosmetics', 'uploads/custom-images/sub_category--2024-12-05-11-48-02-3127.webp', 'enable', '2024-12-05 05:48:02', '2024-12-05 05:48:02'),
(26, 4, 'woman-watch', 'uploads/custom-images/sub_category--2024-12-05-11-48-28-5065.webp', 'enable', '2024-12-05 05:48:28', '2024-12-05 05:48:28'),
(27, 4, 'top-woman', 'uploads/custom-images/sub_category--2024-12-05-11-48-50-7667.webp', 'enable', '2024-12-05 05:48:50', '2024-12-05 05:48:50'),
(28, 4, 'man-jacket', 'uploads/custom-images/sub_category--2024-12-05-11-49-15-1253.webp', 'enable', '2024-12-05 05:49:15', '2024-12-05 05:49:15'),
(29, 4, 'sport-shoes', 'uploads/custom-images/sub_category--2024-12-05-11-51-52-7472.webp', 'enable', '2024-12-05 05:51:40', '2024-12-05 05:51:52'),
(30, 4, 'women-bag', 'uploads/custom-images/sub_category--2024-12-05-11-52-32-7734.webp', 'enable', '2024-12-05 05:52:32', '2024-12-05 05:52:32'),
(31, 4, 'woman-shoes', 'uploads/custom-images/sub_category--2024-12-05-11-53-02-2581.webp', 'enable', '2024-12-05 05:53:03', '2024-12-05 05:53:03'),
(32, 4, 'man-shows', 'uploads/custom-images/file-name-17424630425487.webp', 'enable', '2024-12-05 05:56:43', '2025-03-20 09:30:42');

-- --------------------------------------------------------

--
-- Table structure for table `sub_category_translations`
--

CREATE TABLE `sub_category_translations` (
  `id` bigint UNSIGNED NOT NULL,
  `sub_category_id` int NOT NULL,
  `lang_code` varchar(255) COLLATE utf8mb4_unicode_ci NOT NULL,
  `name` varchar(255) COLLATE utf8mb4_unicode_ci NOT NULL,
  `created_at` timestamp NULL DEFAULT NULL,
  `updated_at` timestamp NULL DEFAULT NULL
) ENGINE=InnoDB DEFAULT CHARSET=utf8mb4 COLLATE=utf8mb4_unicode_ci;

--
-- Dumping data for table `sub_category_translations`
--

INSERT INTO `sub_category_translations` (`id`, `sub_category_id`, `lang_code`, `name`, `created_at`, `updated_at`) VALUES
(3, 2, 'en', 'Beauty', '2024-03-29 23:00:10', '2024-03-29 23:00:10'),
(4, 2, 'hd', 'Beauty', '2024-03-29 23:00:10', '2024-03-29 23:00:10'),
(7, 4, 'en', 'Home', '2024-03-29 23:01:18', '2024-03-29 23:01:18'),
(8, 4, 'hd', 'Home', '2024-03-29 23:01:18', '2024-03-29 23:01:18'),
(9, 5, 'en', 'Vehicles', '2024-03-29 23:01:54', '2024-03-29 23:01:54'),
(10, 5, 'hd', 'Vehicles', '2024-03-29 23:01:54', '2024-03-29 23:01:54'),
(11, 6, 'en', 'Fashion', '2024-03-29 23:02:23', '2024-03-29 23:02:23'),
(12, 6, 'hd', 'Fashion', '2024-03-29 23:02:23', '2024-03-29 23:02:23'),
(13, 7, 'en', 'Sports', '2024-03-29 23:03:34', '2024-03-29 23:03:34'),
(14, 7, 'hd', 'Sports', '2024-03-29 23:03:34', '2024-03-29 23:03:34'),
(15, 8, 'en', 'Electronics', '2024-03-29 23:03:53', '2024-03-29 23:03:53'),
(16, 8, 'hd', 'Electronics', '2024-03-29 23:03:53', '2024-03-29 23:03:53'),
(17, 9, 'en', 'Mobile', '2024-03-29 23:04:20', '2024-03-29 23:04:20'),
(18, 9, 'hd', 'Mobile', '2024-03-29 23:04:20', '2024-03-29 23:04:20'),
(19, 10, 'en', 'Animals', '2024-03-29 23:05:08', '2024-03-29 23:05:08'),
(20, 10, 'hd', 'Animals', '2024-03-29 23:05:08', '2024-03-29 23:05:08'),
(21, 11, 'en', 'Spa', '2024-03-29 23:05:39', '2024-03-29 23:05:39'),
(22, 11, 'hd', 'Spa', '2024-03-29 23:05:39', '2024-03-29 23:05:39'),
(23, 12, 'en', 'Trucks', '2024-03-29 23:05:57', '2024-03-29 23:05:57'),
(24, 12, 'hd', 'Trucks', '2024-03-29 23:05:57', '2024-03-29 23:05:57'),
(25, 13, 'en', 'Office', '2024-03-30 19:31:41', '2024-03-30 19:33:33'),
(26, 13, 'hd', 'Family Homes', '2024-03-30 19:31:41', '2024-03-30 19:31:41'),
(27, 14, 'en', 'Houses', '2024-03-30 19:32:01', '2024-03-30 19:33:20'),
(28, 14, 'hd', 'Townhouses', '2024-03-30 19:32:01', '2024-03-30 19:32:01'),
(29, 15, 'en', 'Apartments', '2024-03-30 19:32:21', '2024-03-30 19:33:06'),
(30, 15, 'hd', 'Vacant Land', '2024-03-30 19:32:21', '2024-03-30 19:32:21'),
(31, 16, 'en', 'Content Writer', '2024-03-30 20:16:07', '2024-03-30 20:16:07'),
(32, 16, 'hd', 'Content Writer', '2024-03-30 20:16:07', '2024-03-30 20:16:07'),
(33, 17, 'en', 'Human Resource', '2024-03-30 20:16:55', '2024-03-30 20:16:55'),
(34, 17, 'hd', 'Human Resource', '2024-03-30 20:16:55', '2024-03-30 20:16:55'),
(35, 18, 'en', 'Market Research', '2024-03-30 20:17:22', '2024-03-30 20:17:22'),
(36, 18, 'hd', 'Market Research', '2024-03-30 20:17:22', '2024-03-30 20:17:22'),
(37, 19, 'en', 'Marketing & Sale', '2024-03-30 20:17:49', '2024-03-30 20:17:49'),
(38, 19, 'hd', 'Marketing & Sale', '2024-03-30 20:17:49', '2024-03-30 20:17:49'),
(39, 20, 'en', 'Home Cleaner', '2024-03-30 20:18:20', '2024-03-30 20:18:20'),
(40, 20, 'hd', 'Home Cleaner', '2024-03-30 20:18:20', '2024-03-30 20:18:20'),
(41, 21, 'en', 'Stylish Sunglass', '2024-11-03 05:27:48', '2024-12-05 05:46:41'),
(42, 21, 'hd', 'Coffee', '2024-11-03 05:27:48', '2024-11-03 05:27:48'),
(43, 22, 'en', 'Bag Fashion', '2024-11-03 05:31:55', '2024-12-05 05:44:10'),
(44, 22, 'hd', 'Coffe Bean Bag', '2024-11-03 05:31:55', '2024-11-03 05:31:55'),
(45, 23, 'en', 'Bag Fashion', '2024-12-04 11:36:11', '2024-12-05 05:43:24'),
(46, 23, 'hd', 'Car', '2024-12-04 11:36:11', '2024-12-04 11:36:11'),
(47, 24, 'en', 'Diamond Ring', '2024-12-05 05:47:03', '2024-12-05 05:47:03'),
(48, 24, 'hd', 'Diamond Ring', '2024-12-05 05:47:03', '2024-12-05 05:47:03'),
(49, 25, 'en', 'Woman Cosmetics', '2024-12-05 05:48:02', '2024-12-05 05:48:02'),
(50, 25, 'hd', 'Woman Cosmetics', '2024-12-05 05:48:02', '2024-12-05 05:48:02'),
(51, 26, 'en', 'Woman watch', '2024-12-05 05:48:28', '2024-12-05 05:48:28'),
(52, 26, 'hd', 'Woman watch', '2024-12-05 05:48:28', '2024-12-05 05:48:28'),
(53, 27, 'en', 'Top Woman', '2024-12-05 05:48:50', '2024-12-05 05:48:50'),
(54, 27, 'hd', 'Top Woman', '2024-12-05 05:48:50', '2024-12-05 05:48:50'),
(55, 28, 'en', 'Man Jacket', '2024-12-05 05:49:15', '2024-12-05 05:49:15'),
(56, 28, 'hd', 'Man Jacket', '2024-12-05 05:49:15', '2024-12-05 05:49:15'),
(57, 29, 'en', 'Sport Shoes', '2024-12-05 05:51:40', '2024-12-05 05:51:40'),
(58, 29, 'hd', 'Sport Shoes', '2024-12-05 05:51:40', '2024-12-05 05:51:40'),
(59, 30, 'en', 'Women Bag', '2024-12-05 05:52:32', '2024-12-05 05:52:32'),
(60, 30, 'hd', 'Women Bag', '2024-12-05 05:52:32', '2024-12-05 05:52:32'),
(61, 31, 'en', 'Woman Shoes', '2024-12-05 05:53:03', '2024-12-05 05:53:03'),
(62, 31, 'hd', 'Woman Shoes', '2024-12-05 05:53:03', '2024-12-05 05:53:03'),
(63, 32, 'en', 'Man Shows', '2024-12-05 05:56:43', '2024-12-05 05:56:43'),
(64, 32, 'hd', 'Man Shows', '2024-12-05 05:56:43', '2024-12-05 05:56:43'),
(155, 2, 'bn', 'Beauty', '2024-12-08 08:01:04', '2024-12-08 08:01:04'),
(156, 4, 'bn', 'Home', '2024-12-08 08:01:04', '2024-12-08 08:01:04'),
(157, 5, 'bn', 'Vehicles', '2024-12-08 08:01:04', '2024-12-08 08:01:04'),
(158, 6, 'bn', 'Fashion', '2024-12-08 08:01:04', '2024-12-08 08:01:04'),
(159, 7, 'bn', 'Sports', '2024-12-08 08:01:04', '2024-12-08 08:01:04'),
(160, 8, 'bn', 'Electronics', '2024-12-08 08:01:04', '2024-12-08 08:01:04'),
(161, 9, 'bn', 'Mobile', '2024-12-08 08:01:04', '2024-12-08 08:01:04'),
(162, 10, 'bn', 'Animals', '2024-12-08 08:01:04', '2024-12-08 08:01:04'),
(163, 11, 'bn', 'Spa', '2024-12-08 08:01:04', '2024-12-08 08:01:04'),
(164, 12, 'bn', 'Trucks', '2024-12-08 08:01:04', '2024-12-08 08:01:04'),
(165, 13, 'bn', 'Office', '2024-12-08 08:01:04', '2024-12-08 08:01:04'),
(166, 14, 'bn', 'Houses', '2024-12-08 08:01:04', '2024-12-08 08:01:04'),
(167, 15, 'bn', 'Apartments', '2024-12-08 08:01:04', '2024-12-08 08:01:04'),
(168, 16, 'bn', 'Content Writer', '2024-12-08 08:01:04', '2024-12-08 08:01:04'),
(169, 17, 'bn', 'Human Resource', '2024-12-08 08:01:04', '2024-12-08 08:01:04'),
(170, 18, 'bn', 'Market Research', '2024-12-08 08:01:04', '2024-12-08 08:01:04'),
(171, 19, 'bn', 'Marketing & Sale', '2024-12-08 08:01:04', '2024-12-08 08:01:04'),
(172, 20, 'bn', 'Home Cleaner', '2024-12-08 08:01:04', '2024-12-08 08:01:04'),
(173, 21, 'bn', 'Stylish Sunglass', '2024-12-08 08:01:04', '2024-12-08 08:01:04'),
(174, 22, 'bn', 'Bag Fashion', '2024-12-08 08:01:04', '2024-12-08 08:01:04'),
(175, 23, 'bn', 'Bag Fashion', '2024-12-08 08:01:04', '2024-12-08 08:01:04'),
(176, 24, 'bn', 'Diamond Ring', '2024-12-08 08:01:04', '2024-12-08 08:01:04'),
(177, 25, 'bn', 'Woman Cosmetics', '2024-12-08 08:01:04', '2024-12-08 08:01:04'),
(178, 26, 'bn', 'Woman watch', '2024-12-08 08:01:04', '2024-12-08 08:01:04'),
(179, 27, 'bn', 'Top Woman', '2024-12-08 08:01:04', '2024-12-08 08:01:04'),
(180, 28, 'bn', 'Man Jacket', '2024-12-08 08:01:04', '2024-12-08 08:01:04'),
(181, 29, 'bn', 'Sport Shoes', '2024-12-08 08:01:04', '2024-12-08 08:01:04'),
(182, 30, 'bn', 'Women Bag', '2024-12-08 08:01:04', '2024-12-08 08:01:04'),
(183, 31, 'bn', 'Woman Shoes', '2024-12-08 08:01:04', '2024-12-08 08:01:04'),
(184, 32, 'bn', 'Man Shows', '2024-12-08 08:01:04', '2024-12-08 08:01:04');

-- --------------------------------------------------------

--
-- Table structure for table `support_tickets`
--

CREATE TABLE `support_tickets` (
  `id` bigint UNSIGNED NOT NULL,
  `user_id` int NOT NULL,
  `subject` text COLLATE utf8mb4_unicode_ci NOT NULL,
  `ticket_id` varchar(255) COLLATE utf8mb4_unicode_ci NOT NULL,
  `priority` varchar(255) COLLATE utf8mb4_unicode_ci DEFAULT NULL,
  `message` text COLLATE utf8mb4_unicode_ci,
  `status` varchar(255) COLLATE utf8mb4_unicode_ci NOT NULL DEFAULT 'pending' COMMENT 'pending, in_progress, closed',
  `created_at` timestamp NULL DEFAULT NULL,
  `updated_at` timestamp NULL DEFAULT NULL
) ENGINE=InnoDB DEFAULT CHARSET=utf8mb4 COLLATE=utf8mb4_unicode_ci;

-- --------------------------------------------------------

--
-- Table structure for table `tawk_chats`
--

CREATE TABLE `tawk_chats` (
  `id` bigint UNSIGNED NOT NULL,
  `chat_link` varchar(255) COLLATE utf8mb4_unicode_ci DEFAULT NULL,
  `status` int NOT NULL DEFAULT '1',
  `created_at` timestamp NULL DEFAULT NULL,
  `updated_at` timestamp NULL DEFAULT NULL
) ENGINE=InnoDB DEFAULT CHARSET=utf8mb4 COLLATE=utf8mb4_unicode_ci;

--
-- Dumping data for table `tawk_chats`
--

INSERT INTO `tawk_chats` (`id`, `chat_link`, `status`, `created_at`, `updated_at`) VALUES
(1, 'https://embed.tawk.to/5a7c31ded7591465c7077c48/default', 1, NULL, '2024-03-31 23:07:56');

-- --------------------------------------------------------

--
-- Table structure for table `term_and_conditions`
--

CREATE TABLE `term_and_conditions` (
  `id` bigint UNSIGNED NOT NULL,
  `lang_code` varchar(255) COLLATE utf8mb4_unicode_ci NOT NULL,
  `description` longtext COLLATE utf8mb4_unicode_ci NOT NULL,
  `created_at` timestamp NULL DEFAULT NULL,
  `updated_at` timestamp NULL DEFAULT NULL
) ENGINE=InnoDB DEFAULT CHARSET=utf8mb4 COLLATE=utf8mb4_unicode_ci;

--
-- Dumping data for table `term_and_conditions`
--

INSERT INTO `term_and_conditions` (`id`, `lang_code`, `description`, `created_at`, `updated_at`) VALUES
(1, 'en', '<h3>01.Acceptance of Terms</h3>\r\n<p>A Privacy Policy is a legal document that informs users about the data collected, how it\'s used, and how it\'s protected. It typically includes information about the type of personal our ainformation collected (such as names, email addresses, etc.), the purpose of collection, and whether the information is shared with third parties. It outlines the rights of users regarding their data, such as the right to access, correct, or delete their information</p>\r\n<h3>02.User Eligibility and User Responsibilities</h3>\r\n<p>Terms of Service (also known as Terms and Conditions or Terms of Use) set the rules and guidelines for using a particular service or platform. They establish the contractual relationship between the user and the service provider. They often include details about user behavior, content usage policies, disclaimers, limitations of liability, and procedures for dispute resolution.Users typically agree to these terms by using the service.When you visit a website or use an online service, you are usually asked to agree to both the Privacy Policy and the Terms of Service. These documents are crucial for transparency, legal compliance, and establishing the terms under which users can access and use the service.<br><br>It\'s important for businesses and service providers to keep these documents up-to-date and easily accessible to users. If you have specific questions or concerns about privacy policies or terms of service, feel free to provide more details, and I\'ll do my best to assist you.</p>\r\n<h3>3. Intellectual Property</h3>\r\n<p>Lorem Ipsum is simply dummy text of the printing and typesetting industry. Lorem Ipsum has been the industry\'s standard dummy text ever since the 1500s, when an unknown as printer took a galley of type and scrambled it to make a type specimen book. It has survived not only five centuriezcs but also the on leap into as eylectronic typesetting, remaining as essentially unchanged. It wasn&rsquo;t popularised in the 1960s with the release of Letraszvxet sheets containing Lorem Ipsum our spassages, andei more recently with a desktop publishing software like Aldus PageMaker including versions of Lorem Ipsum to make a type specimen book. five centuries but also a the on leap into electronic typesetting, remaining essentially unchanged. It aswasn&rsquo;t popularised in the 1960s with the release of Letraset sheets containing Lorem Ipsum passages, andei more recently with desktop our aspublishing software like Aldus PageMaker including versions of Lorem Ipsum to make a type specimen book.</p>\r\n<h3>4. Payment and Billing (if applicable)</h3>\r\n<p>Lorem Ipsum is simply dummy text of the printing and typesetting industry. Lorem Ipsum has been the industry\'s standard dummy text ever since the 1500s, when an unknown as printer took a galley of type and scrambled it to make a type specimen book. It has survived not only five centuriezcs but also the on leap into as eylectronic typesetting, remaining as essentially unchanged. It wasn&rsquo;t popularised in the 1960s with the release of Letraszvxet sheets containing Lorem Ipsum our spassages, andei more recently with a desktop publishing software like Aldus PageMaker including versions of Lorem Ipsum to make a type specimen book. five centuries but also a the on leap into electronic typesetting, remaining essentially unchanged. It aswasn&rsquo;t popularised in the 1960s with the release of Letraset sheets containing Lorem Ipsum passages, andei more recently with desktop our aspublishing software like Aldus PageMaker including versions of Lorem Ipsum to make a type specimen book.</p>\r\n<h3>5. Disclaimers and Limitations of Liability</h3>\r\n<p>Lorem Ipsum is simply dummy text of the printing and typesetting industry. Lorem Ipsum has been the industry\'s standard dummy text ever since the as1500s, when an unknown printer took a galley of type and scrambled it to make a type specimen book. It has survived not only five as centuries but also the on leap into as electronic ki typesetting, remaining essentially unchanged. It wasn&rsquo;t popularised in the 1960s with the release of as Leitraset sheets containing Loriem Ipsum passages, our andei more recently with desktop publishing software like Aldus PageMaker including versions of Lorem Ipsum to make a type specimen book.<br><br>five centuries but also the on leap into electronic typesetting, remaining essentially unchanged. It wasn&rsquo;t popularised in the 1960s with the release of Letraset as sheets containing Lorem Ipsum passages, andei more recently with desktop publishing software like Aldus PageMaker our as including versions of Loriem Ipsum to make a type our as specimen book. It wasn&rsquo;t popularised in the 1960s with the release of Letraset sheets as containing Lorem Ipsum passages, andei more recently with a desktop publishing software like Aldus PageMaker including versions of Loremas Ipsum to make a type specimen book.</p>\r\n<h3>06.Pricing and Payment Terms</h3>\r\n<p>Lorem Ipsum is simply dummy text of the printing and typesetting industry. Lorem Ipsum has been the industry\'s standard dummy text ever since the as 1500s, when an unknown printer took a galley of type and scrambled it to make a type specimen book. It has survived not only five as centuries but also as the on leap into electronic as typesetting, remaining essentially unchanged. It wasn&rsquo;t popularised in the 1960s with the release as of Letraset sheets containing Lorem Ipsum our spassages, andei more recently with desktop publishing software like Aldus PageMaker including versions of Lorem Ipsum to make a type specimen book.<br><br>five centuries but also the on leap into electronic typesetting, remaining essentially unchanged. It wasn&rsquo;t popularised in the 1960s with the release of Letraset sheets containing Lorem Ipsum passages, andei more recently with desktop publishing software like Aldus PageMaker our as including versions of Lorem aIpsum to make a type specimen our as book. It wasn&rsquo;t popularised in the 1960s with the release of Letraset sheetsasd containing Lorem Ipsum passages, andei more recentlysl with desktop publishing software like Aldus PageMaker including versions of Loremadfsfds Ipsum to make a type specimen book.<br><br>It has survived not only five centuries but also the on leap into electronic typesetting, remaining essentially unchanged. It wasn&rsquo;t popularised in the our 1960s with the release of Letraset sheets containing Lorem Ipsum passages, andei more recently with desktop publishing asou software like Aldus PageMaker including versions of Lorem Ipsum to make a type specimen book.</p>', NULL, '2024-03-30 23:24:33'),
(41, 'hd', '\r\n<h3 id=\"tw-target-text\" class=\"tw-data-text tw-text-large tw-ta\" dir=\"ltr\" data-placeholder=\"Translation\" aria-label=\"Translated text\" data-ved=\"2ahUKEwiPtsGO15aFAxVafGwGHbGsBo8Q3ewLegQIBRAU\"><span class=\"Y2IQFc\" lang=\"hi\">01.शर्तों की स्वीकृति</span></h3>\r\n\r\n\r\n\r\n<pre id=\"tw-target-text\" class=\"tw-data-text tw-text-large tw-ta\" dir=\"ltr\" data-placeholder=\"Translation\" aria-label=\"Translated text\" data-ved=\"2ahUKEwiPtsGO15aFAxVafGwGHbGsBo8Q3ewLegQIBRAU\"><span class=\"Y2IQFc\" lang=\"hi\">गोपनीयता नीति एक कानूनी दस्तावेज़ है जो उपयोगकर्ताओं को एकत्र किए गए डेटा, इसका उपयोग कैसे किया जाता है और इसे कैसे संरक्षित किया जाता है, के बारे में सूचित करता है। इसमें आम तौर पर हमारे द्वारा एकत्र की गई व्यक्तिगत जानकारी के प्रकार (जैसे नाम, ईमेल पते, आदि), संग्रह का उद्देश्य, और क्या जानकारी तीसरे पक्ष के साथ साझा की गई है, के बारे में जानकारी शामिल है। यह अपने डेटा के संबंध में उपयोगकर्ताओं के अधिकारों को रेखांकित करता है, जैसे कि उनकी जानकारी तक पहुंचने, सही करने या हटाने का अधिकार</span></pre>\r\n\r\n\r\n<h3>02.User Eligibility and User Responsibilities</h3>\r\n<p>Terms of Service (also known as Terms and Conditions or Terms of Use) set the rules and guidelines for using a particular service or platform. They establish the contractual relationship between the user and the service provider. They often include details about user behavior, content usage policies, disclaimers, limitations of liability, and procedures for dispute resolution.Users typically agree to these terms by using the service.When you visit a website or use an online service, you are usually asked to agree to both the Privacy Policy and the Terms of Service. These documents are crucial for transparency, legal compliance, and establishing the terms under which users can access and use the service.<br><br>It\'s important for businesses and service providers to keep these documents up-to-date and easily accessible to users. If you have specific questions or concerns about privacy policies or terms of service, feel free to provide more details, and I\'ll do my best to assist you.</p>\r\n<h3>3. Intellectual Property</h3>\r\n<p>Lorem Ipsum is simply dummy text of the printing and typesetting industry. Lorem Ipsum has been the industry\'s standard dummy text ever since the 1500s, when an unknown as printer took a galley of type and scrambled it to make a type specimen book. It has survived not only five centuriezcs but also the on leap into as eylectronic typesetting, remaining as essentially unchanged. It wasn&rsquo;t popularised in the 1960s with the release of Letraszvxet sheets containing Lorem Ipsum our spassages, andei more recently with a desktop publishing software like Aldus PageMaker including versions of Lorem Ipsum to make a type specimen book. five centuries but also a the on leap into electronic typesetting, remaining essentially unchanged. It aswasn&rsquo;t popularised in the 1960s with the release of Letraset sheets containing Lorem Ipsum passages, andei more recently with desktop our aspublishing software like Aldus PageMaker including versions of Lorem Ipsum to make a type specimen book.</p>\r\n<h3>4. Payment and Billing (if applicable)</h3>\r\n<p>Lorem Ipsum is simply dummy text of the printing and typesetting industry. Lorem Ipsum has been the industry\'s standard dummy text ever since the 1500s, when an unknown as printer took a galley of type and scrambled it to make a type specimen book. It has survived not only five centuriezcs but also the on leap into as eylectronic typesetting, remaining as essentially unchanged. It wasn&rsquo;t popularised in the 1960s with the release of Letraszvxet sheets containing Lorem Ipsum our spassages, andei more recently with a desktop publishing software like Aldus PageMaker including versions of Lorem Ipsum to make a type specimen book. five centuries but also a the on leap into electronic typesetting, remaining essentially unchanged. It aswasn&rsquo;t popularised in the 1960s with the release of Letraset sheets containing Lorem Ipsum passages, andei more recently with desktop our aspublishing software like Aldus PageMaker including versions of Lorem Ipsum to make a type specimen book.</p>\r\n<h3>5. Disclaimers and Limitations of Liability</h3>\r\n<p>Lorem Ipsum is simply dummy text of the printing and typesetting industry. Lorem Ipsum has been the industry\'s standard dummy text ever since the as1500s, when an unknown printer took a galley of type and scrambled it to make a type specimen book. It has survived not only five as centuries but also the on leap into as electronic ki typesetting, remaining essentially unchanged. It wasn&rsquo;t popularised in the 1960s with the release of as Leitraset sheets containing Loriem Ipsum passages, our andei more recently with desktop publishing software like Aldus PageMaker including versions of Lorem Ipsum to make a type specimen book.<br><br>five centuries but also the on leap into electronic typesetting, remaining essentially unchanged. It wasn&rsquo;t popularised in the 1960s with the release of Letraset as sheets containing Lorem Ipsum passages, andei more recently with desktop publishing software like Aldus PageMaker our as including versions of Loriem Ipsum to make a type our as specimen book. It wasn&rsquo;t popularised in the 1960s with the release of Letraset sheets as containing Lorem Ipsum passages, andei more recently with a desktop publishing software like Aldus PageMaker including versions of Loremas Ipsum to make a type specimen book.</p>\r\n<h3>06.Pricing and Payment Terms</h3>\r\n<p>Lorem Ipsum is simply dummy text of the printing and typesetting industry. Lorem Ipsum has been the industry\'s standard dummy text ever since the as 1500s, when an unknown printer took a galley of type and scrambled it to make a type specimen book. It has survived not only five as centuries but also as the on leap into electronic as typesetting, remaining essentially unchanged. It wasn&rsquo;t popularised in the 1960s with the release as of Letraset sheets containing Lorem Ipsum our spassages, andei more recently with desktop publishing software like Aldus PageMaker including versions of Lorem Ipsum to make a type specimen book.<br><br>five centuries but also the on leap into electronic typesetting, remaining essentially unchanged. It wasn&rsquo;t popularised in the 1960s with the release of Letraset sheets containing Lorem Ipsum passages, andei more recently with desktop publishing software like Aldus PageMaker our as including versions of Lorem aIpsum to make a type specimen our as book. It wasn&rsquo;t popularised in the 1960s with the release of Letraset sheetsasd containing Lorem Ipsum passages, andei more recentlysl with desktop publishing software like Aldus PageMaker including versions of Loremadfsfds Ipsum to make a type specimen book.<br><br>It has survived not only five centuries but also the on leap into electronic typesetting, remaining essentially unchanged. It wasn&rsquo;t popularised in the our 1960s with the release of Letraset sheets containing Lorem Ipsum passages, andei more recently with desktop publishing asou software like Aldus PageMaker including versions of Lorem Ipsum to make a type specimen book.</p>', '2024-03-28 00:47:40', '2024-03-28 00:50:14'),
(45, 'bn', '<h3>01.Acceptance of Terms</h3>\r\n<p>A Privacy Policy is a legal document that informs users about the data collected, how it\'s used, and how it\'s protected. It typically includes information about the type of personal our ainformation collected (such as names, email addresses, etc.), the purpose of collection, and whether the information is shared with third parties. It outlines the rights of users regarding their data, such as the right to access, correct, or delete their information</p>\r\n<h3>02.User Eligibility and User Responsibilities</h3>\r\n<p>Terms of Service (also known as Terms and Conditions or Terms of Use) set the rules and guidelines for using a particular service or platform. They establish the contractual relationship between the user and the service provider. They often include details about user behavior, content usage policies, disclaimers, limitations of liability, and procedures for dispute resolution.Users typically agree to these terms by using the service.When you visit a website or use an online service, you are usually asked to agree to both the Privacy Policy and the Terms of Service. These documents are crucial for transparency, legal compliance, and establishing the terms under which users can access and use the service.<br><br>It\'s important for businesses and service providers to keep these documents up-to-date and easily accessible to users. If you have specific questions or concerns about privacy policies or terms of service, feel free to provide more details, and I\'ll do my best to assist you.</p>\r\n<h3>3. Intellectual Property</h3>\r\n<p>Lorem Ipsum is simply dummy text of the printing and typesetting industry. Lorem Ipsum has been the industry\'s standard dummy text ever since the 1500s, when an unknown as printer took a galley of type and scrambled it to make a type specimen book. It has survived not only five centuriezcs but also the on leap into as eylectronic typesetting, remaining as essentially unchanged. It wasn&rsquo;t popularised in the 1960s with the release of Letraszvxet sheets containing Lorem Ipsum our spassages, andei more recently with a desktop publishing software like Aldus PageMaker including versions of Lorem Ipsum to make a type specimen book. five centuries but also a the on leap into electronic typesetting, remaining essentially unchanged. It aswasn&rsquo;t popularised in the 1960s with the release of Letraset sheets containing Lorem Ipsum passages, andei more recently with desktop our aspublishing software like Aldus PageMaker including versions of Lorem Ipsum to make a type specimen book.</p>\r\n<h3>4. Payment and Billing (if applicable)</h3>\r\n<p>Lorem Ipsum is simply dummy text of the printing and typesetting industry. Lorem Ipsum has been the industry\'s standard dummy text ever since the 1500s, when an unknown as printer took a galley of type and scrambled it to make a type specimen book. It has survived not only five centuriezcs but also the on leap into as eylectronic typesetting, remaining as essentially unchanged. It wasn&rsquo;t popularised in the 1960s with the release of Letraszvxet sheets containing Lorem Ipsum our spassages, andei more recently with a desktop publishing software like Aldus PageMaker including versions of Lorem Ipsum to make a type specimen book. five centuries but also a the on leap into electronic typesetting, remaining essentially unchanged. It aswasn&rsquo;t popularised in the 1960s with the release of Letraset sheets containing Lorem Ipsum passages, andei more recently with desktop our aspublishing software like Aldus PageMaker including versions of Lorem Ipsum to make a type specimen book.</p>\r\n<h3>5. Disclaimers and Limitations of Liability</h3>\r\n<p>Lorem Ipsum is simply dummy text of the printing and typesetting industry. Lorem Ipsum has been the industry\'s standard dummy text ever since the as1500s, when an unknown printer took a galley of type and scrambled it to make a type specimen book. It has survived not only five as centuries but also the on leap into as electronic ki typesetting, remaining essentially unchanged. It wasn&rsquo;t popularised in the 1960s with the release of as Leitraset sheets containing Loriem Ipsum passages, our andei more recently with desktop publishing software like Aldus PageMaker including versions of Lorem Ipsum to make a type specimen book.<br><br>five centuries but also the on leap into electronic typesetting, remaining essentially unchanged. It wasn&rsquo;t popularised in the 1960s with the release of Letraset as sheets containing Lorem Ipsum passages, andei more recently with desktop publishing software like Aldus PageMaker our as including versions of Loriem Ipsum to make a type our as specimen book. It wasn&rsquo;t popularised in the 1960s with the release of Letraset sheets as containing Lorem Ipsum passages, andei more recently with a desktop publishing software like Aldus PageMaker including versions of Loremas Ipsum to make a type specimen book.</p>\r\n<h3>06.Pricing and Payment Terms</h3>\r\n<p>Lorem Ipsum is simply dummy text of the printing and typesetting industry. Lorem Ipsum has been the industry\'s standard dummy text ever since the as 1500s, when an unknown printer took a galley of type and scrambled it to make a type specimen book. It has survived not only five as centuries but also as the on leap into electronic as typesetting, remaining essentially unchanged. It wasn&rsquo;t popularised in the 1960s with the release as of Letraset sheets containing Lorem Ipsum our spassages, andei more recently with desktop publishing software like Aldus PageMaker including versions of Lorem Ipsum to make a type specimen book.<br><br>five centuries but also the on leap into electronic typesetting, remaining essentially unchanged. It wasn&rsquo;t popularised in the 1960s with the release of Letraset sheets containing Lorem Ipsum passages, andei more recently with desktop publishing software like Aldus PageMaker our as including versions of Lorem aIpsum to make a type specimen our as book. It wasn&rsquo;t popularised in the 1960s with the release of Letraset sheetsasd containing Lorem Ipsum passages, andei more recentlysl with desktop publishing software like Aldus PageMaker including versions of Loremadfsfds Ipsum to make a type specimen book.<br><br>It has survived not only five centuries but also the on leap into electronic typesetting, remaining essentially unchanged. It wasn&rsquo;t popularised in the our 1960s with the release of Letraset sheets containing Lorem Ipsum passages, andei more recently with desktop publishing asou software like Aldus PageMaker including versions of Lorem Ipsum to make a type specimen book.</p>', '2024-12-08 08:01:04', '2024-12-08 08:01:04');

-- --------------------------------------------------------

--
-- Table structure for table `testimonials`
--

CREATE TABLE `testimonials` (
  `id` bigint UNSIGNED NOT NULL,
  `image` varchar(255) COLLATE utf8mb4_unicode_ci NOT NULL,
  `status` varchar(255) COLLATE utf8mb4_unicode_ci NOT NULL DEFAULT 'active',
  `created_at` timestamp NULL DEFAULT NULL,
  `updated_at` timestamp NULL DEFAULT NULL
) ENGINE=InnoDB DEFAULT CHARSET=utf8mb4 COLLATE=utf8mb4_unicode_ci;

--
-- Dumping data for table `testimonials`
--

INSERT INTO `testimonials` (`id`, `image`, `status`, `created_at`, `updated_at`) VALUES
(1, 'uploads/custom-images/adalberto-kovach-20240330015821.png', 'active', '2024-03-29 19:58:21', '2024-03-29 19:58:21'),
(2, 'uploads/custom-images/david-richard-20240330015921.png', 'active', '2024-03-29 19:59:21', '2024-03-29 19:59:32'),
(3, 'uploads/custom-images/jose-larry-20240330020037.png', 'active', '2024-03-29 20:00:26', '2024-03-29 20:00:37'),
(4, 'uploads/custom-images/daniel-paul-20240330020139.png', 'active', '2024-03-29 20:01:39', '2024-03-29 20:01:39'),
(5, 'uploads/custom-images/file-name-17424653897786.png', 'active', '2024-03-29 20:04:35', '2025-03-20 10:09:49');

-- --------------------------------------------------------

--
-- Table structure for table `testimonial_translations`
--

CREATE TABLE `testimonial_translations` (
  `id` bigint UNSIGNED NOT NULL,
  `lang_code` varchar(255) COLLATE utf8mb4_unicode_ci NOT NULL,
  `testimonial_id` int NOT NULL,
  `name` varchar(255) COLLATE utf8mb4_unicode_ci NOT NULL,
  `designation` varchar(255) COLLATE utf8mb4_unicode_ci NOT NULL,
  `comment` text COLLATE utf8mb4_unicode_ci NOT NULL,
  `created_at` timestamp NULL DEFAULT NULL,
  `updated_at` timestamp NULL DEFAULT NULL
) ENGINE=InnoDB DEFAULT CHARSET=utf8mb4 COLLATE=utf8mb4_unicode_ci;

--
-- Dumping data for table `testimonial_translations`
--

INSERT INTO `testimonial_translations` (`id`, `lang_code`, `testimonial_id`, `name`, `designation`, `comment`, `created_at`, `updated_at`) VALUES
(1, 'en', 1, 'Adalberto Kovach', 'Project Manager', 'There are many variations of passages of Lorem Ipsumsj available but the majority have suffere alteration in someh form by injected humour randomised word which don\'t look even slightly believable. If you are going to use a  of lore Ipsum, you need to be sure there isn\'t anything embarrassing.', '2024-03-29 19:58:21', '2024-03-29 19:58:21'),
(2, 'hd', 1, 'Adalberto Kovach', 'Project Manager', 'There are many variations of passages of Lorem Ipsumsj available but the majority have suffere alteration in someh form by injected humour randomised word which don\'t look even slightly believable. If you are going to use a  of lore Ipsum, you need to be sure there isn\'t anything embarrassing.', '2024-03-29 19:58:21', '2024-03-29 19:58:21'),
(3, 'en', 2, 'David Richard', 'Web Developer', 'Lorem ipsum dolor sit amet, nibh saperet te pri, at nam diceret disputationi. Quo an consul impedit, usu possim evertitur dissentiet ei, ridens minimum nominavi et vix. An per mutat adipisci. Ut pericula dissentias sed, est ea modus gloriatur. Aliquip persius has cu, oportere adversarium mei an, justo fabulas in vix.', '2024-03-29 19:59:21', '2024-03-29 19:59:21'),
(4, 'hd', 2, 'David Richard', 'Web Developer', 'Lorem ipsum dolor sit amet, nibh saperet te pri, at nam diceret disputationi. Quo an consul impedit, usu possim evertitur dissentiet ei, ridens minimum nominavi et vix. An per mutat adipisci. Ut pericula dissentias sed, est ea modus gloriatur. Aliquip persius has cu, oportere adversarium mei an, justo fabulas in vix.', '2024-03-29 19:59:21', '2024-03-29 19:59:21'),
(5, 'en', 3, 'Jose Larry', 'Graphic Designer', 'There are many variations of passages of Lorem Ipsumsj available but the majority have suffere alteration in someh form by injected humour randomised word which don\'t look even slightly believable. If you are going to use a  passage of lore Ipsum, you need to be sure there isn\'t anything embarrassing.', '2024-03-29 20:00:26', '2024-03-29 20:00:26'),
(6, 'hd', 3, 'Jose Larry', 'Graphic Designer', 'There are many variations of passages of Lorem Ipsumsj available but the majority have suffere alteration in someh form by injected humour randomised word which don\'t look even slightly believable. If you are going to use a  passage of lore Ipsum, you need to be sure there isn\'t anything embarrassing.', '2024-03-29 20:00:26', '2024-03-29 20:00:26'),
(7, 'en', 4, 'Daniel Paul', 'Real Estate Broker', 'Lorem ipsum dolor sit amet, nibh saperet te pri, at nam diceret disputationi. Quo an consul impedit, usu possim evertitur dissentiet ei, ridens minimum nominavi et vix. An per mutat adipisci. Ut pericula dissentias sed, est ea modus gloriatur. Aliquip persius has cu, oportere adversarium mei an, justo fabulas in vix.', '2024-03-29 20:01:39', '2024-03-29 20:01:39'),
(8, 'hd', 4, 'Daniel Paul', 'Real Estate Broker', 'Lorem ipsum dolor sit amet, nibh saperet te pri, at nam diceret disputationi. Quo an consul impedit, usu possim evertitur dissentiet ei, ridens minimum nominavi et vix. An per mutat adipisci. Ut pericula dissentias sed, est ea modus gloriatur. Aliquip persius has cu, oportere adversarium mei an, justo fabulas in vix.', '2024-03-29 20:01:39', '2024-03-29 20:01:39'),
(9, 'en', 5, 'John Abraham', 'Web Developer', 'There are many variations of passages of Lorem Ipsumsj available but the majority have suffere alteration in someh form by injected humour randomised word which don\'t look even slightly believable. If you are going to use a  passage of lore Ipsum, you need to be sure there isn\'t anything embarrassing.', '2024-03-29 20:04:35', '2024-03-29 20:07:31'),
(10, 'hd', 5, 'John Doe', 'Web Developer', 'There are many variations of passages of Lorem Ipsumsj available but the majority have suffere alteration in someh form by injected humour randomised word which don\'t look even slightly believable. If you are going to use a  passage of lore Ipsum, you need to be sure there isn\'t anything embarrassing.', '2024-03-29 20:04:35', '2024-03-31 22:29:13'),
(26, 'bn', 1, 'Adalberto Kovach', 'Project Manager', 'There are many variations of passages of Lorem Ipsumsj available but the majority have suffere alteration in someh form by injected humour randomised word which don\'t look even slightly believable. If you are going to use a  of lore Ipsum, you need to be sure there isn\'t anything embarrassing.', '2024-12-08 08:01:04', '2024-12-08 08:01:04'),
(27, 'bn', 2, 'David Richard', 'Web Developer', 'Lorem ipsum dolor sit amet, nibh saperet te pri, at nam diceret disputationi. Quo an consul impedit, usu possim evertitur dissentiet ei, ridens minimum nominavi et vix. An per mutat adipisci. Ut pericula dissentias sed, est ea modus gloriatur. Aliquip persius has cu, oportere adversarium mei an, justo fabulas in vix.', '2024-12-08 08:01:04', '2024-12-08 08:01:04'),
(28, 'bn', 3, 'Jose Larry', 'Graphic Designer', 'There are many variations of passages of Lorem Ipsumsj available but the majority have suffere alteration in someh form by injected humour randomised word which don\'t look even slightly believable. If you are going to use a  passage of lore Ipsum, you need to be sure there isn\'t anything embarrassing.', '2024-12-08 08:01:04', '2024-12-08 08:01:04'),
(29, 'bn', 4, 'Daniel Paul', 'Real Estate Broker', 'Lorem ipsum dolor sit amet, nibh saperet te pri, at nam diceret disputationi. Quo an consul impedit, usu possim evertitur dissentiet ei, ridens minimum nominavi et vix. An per mutat adipisci. Ut pericula dissentias sed, est ea modus gloriatur. Aliquip persius has cu, oportere adversarium mei an, justo fabulas in vix.', '2024-12-08 08:01:04', '2024-12-08 08:01:04'),
(30, 'bn', 5, 'John Abraham', 'Web Developer', 'There are many variations of passages of Lorem Ipsumsj available but the majority have suffere alteration in someh form by injected humour randomised word which don\'t look even slightly believable. If you are going to use a  passage of lore Ipsum, you need to be sure there isn\'t anything embarrassing.', '2024-12-08 08:01:04', '2024-12-08 08:01:04');

-- --------------------------------------------------------

--
-- Table structure for table `ticket_messages`
--

CREATE TABLE `ticket_messages` (
  `id` bigint UNSIGNED NOT NULL,
  `support_ticket_id` int NOT NULL,
  `user_id` int NOT NULL,
  `admin_id` int NOT NULL,
  `message` text COLLATE utf8mb4_unicode_ci NOT NULL,
  `message_from` varchar(255) COLLATE utf8mb4_unicode_ci NOT NULL COMMENT 'user, admin',
  `seen_by_admin` varchar(255) COLLATE utf8mb4_unicode_ci NOT NULL DEFAULT 'no',
  `seen_by_user` varchar(255) COLLATE utf8mb4_unicode_ci NOT NULL DEFAULT 'no',
  `created_at` timestamp NULL DEFAULT NULL,
  `updated_at` timestamp NULL DEFAULT NULL
) ENGINE=InnoDB DEFAULT CHARSET=utf8mb4 COLLATE=utf8mb4_unicode_ci;

-- --------------------------------------------------------

--
-- Table structure for table `wishlists`
--

CREATE TABLE `wishlists` (
  `id` bigint UNSIGNED NOT NULL,
  `user_id` int NOT NULL,
  `listing_id` int DEFAULT NULL,
  `product_id` int DEFAULT NULL,
  `created_at` timestamp NULL DEFAULT NULL,
  `updated_at` timestamp NULL DEFAULT NULL
) ENGINE=InnoDB DEFAULT CHARSET=utf8mb4 COLLATE=utf8mb4_unicode_ci;

--
-- Dumping data for table `wishlists`
--

INSERT INTO `wishlists` (`id`, `user_id`, `listing_id`, `product_id`, `created_at`, `updated_at`) VALUES
(2, 2, 9, NULL, '2024-03-30 01:06:45', '2024-03-30 01:06:45'),
(3, 2, 12, NULL, '2024-03-30 01:06:51', '2024-03-30 01:06:51'),
(6, 2, 29, NULL, '2024-03-30 21:42:09', '2024-03-30 21:42:09'),
(7, 2, 18, NULL, '2024-03-30 21:43:57', '2024-03-30 21:43:57'),
(8, 3, 13, NULL, '2024-03-30 21:57:28', '2024-03-30 21:57:28'),
(9, 3, 7, NULL, '2024-03-30 21:57:37', '2024-03-30 21:57:37'),
(10, 3, 6, NULL, '2024-03-30 21:57:41', '2024-03-30 21:57:41'),
(11, 3, 5, NULL, '2024-03-30 21:57:45', '2024-03-30 21:57:45'),
(14, 3, 31, NULL, '2024-03-30 21:57:57', '2024-03-30 21:57:57'),
(15, 3, 30, NULL, '2024-03-30 21:58:00', '2024-03-30 21:58:00'),
(16, 3, 34, NULL, '2024-03-30 22:16:13', '2024-03-30 22:16:13'),
(17, 2, 19, NULL, '2024-04-02 22:12:21', '2024-04-02 22:12:21'),
(18, 2, 7, NULL, '2024-11-07 05:11:41', '2024-11-07 05:11:41'),
(25, 2, NULL, 16, '2024-12-05 09:29:42', '2024-12-05 09:29:42'),
(26, 2, NULL, 10, '2024-12-05 09:34:32', '2024-12-05 09:34:32'),
(27, 2, NULL, 17, '2024-12-05 10:47:24', '2024-12-05 10:47:24'),
(29, 2, NULL, 7, '2025-06-04 03:54:17', '2025-06-04 03:54:17');

--
-- Indexes for dumped tables
--

--
-- Indexes for table `about_us`
--
ALTER TABLE `about_us`
  ADD PRIMARY KEY (`id`);

--
-- Indexes for table `about_us_translations`
--
ALTER TABLE `about_us_translations`
  ADD PRIMARY KEY (`id`);

--
-- Indexes for table `ads_banners`
--
ALTER TABLE `ads_banners`
  ADD PRIMARY KEY (`id`);

--
-- Indexes for table `bank_payments`
--
ALTER TABLE `bank_payments`
  ADD PRIMARY KEY (`id`);

--
-- Indexes for table `blogs`
--
ALTER TABLE `blogs`
  ADD PRIMARY KEY (`id`);

--
-- Indexes for table `blog_categories`
--
ALTER TABLE `blog_categories`
  ADD PRIMARY KEY (`id`);

--
-- Indexes for table `blog_category_translations`
--
ALTER TABLE `blog_category_translations`
  ADD PRIMARY KEY (`id`);

--
-- Indexes for table `blog_comments`
--
ALTER TABLE `blog_comments`
  ADD PRIMARY KEY (`id`);

--
-- Indexes for table `blog_translations`
--
ALTER TABLE `blog_translations`
  ADD PRIMARY KEY (`id`);

--
-- Indexes for table `bookings`
--
ALTER TABLE `bookings`
  ADD PRIMARY KEY (`id`);

--
-- Indexes for table `categories`
--
ALTER TABLE `categories`
  ADD PRIMARY KEY (`id`);

--
-- Indexes for table `category_translations`
--
ALTER TABLE `category_translations`
  ADD PRIMARY KEY (`id`);

--
-- Indexes for table `child_categories`
--
ALTER TABLE `child_categories`
  ADD PRIMARY KEY (`id`);

--
-- Indexes for table `child_category_translations`
--
ALTER TABLE `child_category_translations`
  ADD PRIMARY KEY (`id`);

--
-- Indexes for table `cities`
--
ALTER TABLE `cities`
  ADD PRIMARY KEY (`id`);

--
-- Indexes for table `city_translations`
--
ALTER TABLE `city_translations`
  ADD PRIMARY KEY (`id`);

--
-- Indexes for table `contact_messages`
--
ALTER TABLE `contact_messages`
  ADD PRIMARY KEY (`id`);

--
-- Indexes for table `contact_us`
--
ALTER TABLE `contact_us`
  ADD PRIMARY KEY (`id`);

--
-- Indexes for table `contact_us_translations`
--
ALTER TABLE `contact_us_translations`
  ADD PRIMARY KEY (`id`);

--
-- Indexes for table `cookie_consents`
--
ALTER TABLE `cookie_consents`
  ADD PRIMARY KEY (`id`);

--
-- Indexes for table `countries`
--
ALTER TABLE `countries`
  ADD PRIMARY KEY (`id`);

--
-- Indexes for table `custom_pages`
--
ALTER TABLE `custom_pages`
  ADD PRIMARY KEY (`id`);

--
-- Indexes for table `custom_page_translations`
--
ALTER TABLE `custom_page_translations`
  ADD PRIMARY KEY (`id`);

--
-- Indexes for table `ecom_banners`
--
ALTER TABLE `ecom_banners`
  ADD PRIMARY KEY (`id`);

--
-- Indexes for table `ecom_banner_translations`
--
ALTER TABLE `ecom_banner_translations`
  ADD PRIMARY KEY (`id`),
  ADD KEY `ecom_banner_translations_banner_id_foreign` (`banner_id`),
  ADD KEY `ecom_banner_translations_lang_code_index` (`lang_code`);

--
-- Indexes for table `email_templates`
--
ALTER TABLE `email_templates`
  ADD PRIMARY KEY (`id`);

--
-- Indexes for table `facebook_pixels`
--
ALTER TABLE `facebook_pixels`
  ADD PRIMARY KEY (`id`);

--
-- Indexes for table `failed_jobs`
--
ALTER TABLE `failed_jobs`
  ADD PRIMARY KEY (`id`),
  ADD UNIQUE KEY `failed_jobs_uuid_unique` (`uuid`);

--
-- Indexes for table `faqs`
--
ALTER TABLE `faqs`
  ADD PRIMARY KEY (`id`);

--
-- Indexes for table `faq_translates`
--
ALTER TABLE `faq_translates`
  ADD PRIMARY KEY (`id`);

--
-- Indexes for table `features`
--
ALTER TABLE `features`
  ADD PRIMARY KEY (`id`);

--
-- Indexes for table `feature_translations`
--
ALTER TABLE `feature_translations`
  ADD PRIMARY KEY (`id`);

--
-- Indexes for table `google_analytics`
--
ALTER TABLE `google_analytics`
  ADD PRIMARY KEY (`id`);

--
-- Indexes for table `home_pages`
--
ALTER TABLE `home_pages`
  ADD PRIMARY KEY (`id`);

--
-- Indexes for table `home_page_translations`
--
ALTER TABLE `home_page_translations`
  ADD PRIMARY KEY (`id`);

--
-- Indexes for table `job_requests`
--
ALTER TABLE `job_requests`
  ADD PRIMARY KEY (`id`);

--
-- Indexes for table `kyc_information`
--
ALTER TABLE `kyc_information`
  ADD PRIMARY KEY (`id`);

--
-- Indexes for table `kyc_types`
--
ALTER TABLE `kyc_types`
  ADD PRIMARY KEY (`id`);

--
-- Indexes for table `languages`
--
ALTER TABLE `languages`
  ADD PRIMARY KEY (`id`);

--
-- Indexes for table `listings`
--
ALTER TABLE `listings`
  ADD PRIMARY KEY (`id`);

--
-- Indexes for table `listing_galleries`
--
ALTER TABLE `listing_galleries`
  ADD PRIMARY KEY (`id`);

--
-- Indexes for table `listing_reports`
--
ALTER TABLE `listing_reports`
  ADD PRIMARY KEY (`id`);

--
-- Indexes for table `listing_translations`
--
ALTER TABLE `listing_translations`
  ADD PRIMARY KEY (`id`);

--
-- Indexes for table `menus`
--
ALTER TABLE `menus`
  ADD PRIMARY KEY (`id`);

--
-- Indexes for table `menu_items`
--
ALTER TABLE `menu_items`
  ADD PRIMARY KEY (`id`),
  ADD KEY `menu_items_menu_id_foreign` (`menu_id`),
  ADD KEY `menu_items_parent_id_foreign` (`parent_id`);

--
-- Indexes for table `menu_item_translations`
--
ALTER TABLE `menu_item_translations`
  ADD PRIMARY KEY (`id`),
  ADD UNIQUE KEY `menu_item_translations_menu_item_id_locale_unique` (`menu_item_id`,`locale`);

--
-- Indexes for table `menu_settings`
--
ALTER TABLE `menu_settings`
  ADD PRIMARY KEY (`id`);

--
-- Indexes for table `menu_translations`
--
ALTER TABLE `menu_translations`
  ADD PRIMARY KEY (`id`),
  ADD UNIQUE KEY `menu_translations_menu_id_locale_unique` (`menu_id`,`locale`);

--
-- Indexes for table `migrations`
--
ALTER TABLE `migrations`
  ADD PRIMARY KEY (`id`);

--
-- Indexes for table `multi_currencies`
--
ALTER TABLE `multi_currencies`
  ADD PRIMARY KEY (`id`);

--
-- Indexes for table `orders`
--
ALTER TABLE `orders`
  ADD PRIMARY KEY (`id`);

--
-- Indexes for table `order_details`
--
ALTER TABLE `order_details`
  ADD PRIMARY KEY (`id`);

--
-- Indexes for table `password_reset_tokens`
--
ALTER TABLE `password_reset_tokens`
  ADD PRIMARY KEY (`email`);

--
-- Indexes for table `personal_access_tokens`
--
ALTER TABLE `personal_access_tokens`
  ADD PRIMARY KEY (`id`),
  ADD UNIQUE KEY `personal_access_tokens_token_unique` (`token`),
  ADD KEY `personal_access_tokens_tokenable_type_tokenable_id_index` (`tokenable_type`,`tokenable_id`);

--
-- Indexes for table `privacy_policies`
--
ALTER TABLE `privacy_policies`
  ADD PRIMARY KEY (`id`);

--
-- Indexes for table `products`
--
ALTER TABLE `products`
  ADD PRIMARY KEY (`id`);

--
-- Indexes for table `product_galleries`
--
ALTER TABLE `product_galleries`
  ADD PRIMARY KEY (`id`);

--
-- Indexes for table `product_reviews`
--
ALTER TABLE `product_reviews`
  ADD PRIMARY KEY (`id`);

--
-- Indexes for table `product_translations`
--
ALTER TABLE `product_translations`
  ADD PRIMARY KEY (`id`);

--
-- Indexes for table `reviews`
--
ALTER TABLE `reviews`
  ADD PRIMARY KEY (`id`);

--
-- Indexes for table `seo_settings`
--
ALTER TABLE `seo_settings`
  ADD PRIMARY KEY (`id`);

--
-- Indexes for table `settings`
--
ALTER TABLE `settings`
  ADD PRIMARY KEY (`id`);

--
-- Indexes for table `shipping_methods`
--
ALTER TABLE `shipping_methods`
  ADD PRIMARY KEY (`id`);

--
-- Indexes for table `sliders`
--
ALTER TABLE `sliders`
  ADD PRIMARY KEY (`id`);

--
-- Indexes for table `slider_translations`
--
ALTER TABLE `slider_translations`
  ADD PRIMARY KEY (`id`);

--
-- Indexes for table `subscribers`
--
ALTER TABLE `subscribers`
  ADD PRIMARY KEY (`id`);

--
-- Indexes for table `subscription_histories`
--
ALTER TABLE `subscription_histories`
  ADD PRIMARY KEY (`id`);

--
-- Indexes for table `subscription_plans`
--
ALTER TABLE `subscription_plans`
  ADD PRIMARY KEY (`id`);

--
-- Indexes for table `sub_categories`
--
ALTER TABLE `sub_categories`
  ADD PRIMARY KEY (`id`);

--
-- Indexes for table `sub_category_translations`
--
ALTER TABLE `sub_category_translations`
  ADD PRIMARY KEY (`id`);

--
-- Indexes for table `support_tickets`
--
ALTER TABLE `support_tickets`
  ADD PRIMARY KEY (`id`);

--
-- Indexes for table `tawk_chats`
--
ALTER TABLE `tawk_chats`
  ADD PRIMARY KEY (`id`);

--
-- Indexes for table `term_and_conditions`
--
ALTER TABLE `term_and_conditions`
  ADD PRIMARY KEY (`id`);

--
-- Indexes for table `testimonials`
--
ALTER TABLE `testimonials`
  ADD PRIMARY KEY (`id`);

--
-- Indexes for table `testimonial_translations`
--
ALTER TABLE `testimonial_translations`
  ADD PRIMARY KEY (`id`);

--
-- Indexes for table `ticket_messages`
--
ALTER TABLE `ticket_messages`
  ADD PRIMARY KEY (`id`);

--
-- Indexes for table `wishlists`
--
ALTER TABLE `wishlists`
  ADD PRIMARY KEY (`id`);

--
-- AUTO_INCREMENT for dumped tables
--

--
-- AUTO_INCREMENT for table `about_us`
--
ALTER TABLE `about_us`
  MODIFY `id` bigint UNSIGNED NOT NULL AUTO_INCREMENT, AUTO_INCREMENT=2;

--
-- AUTO_INCREMENT for table `about_us_translations`
--
ALTER TABLE `about_us_translations`
  MODIFY `id` bigint UNSIGNED NOT NULL AUTO_INCREMENT, AUTO_INCREMENT=46;

--
-- AUTO_INCREMENT for table `ads_banners`
--
ALTER TABLE `ads_banners`
  MODIFY `id` bigint UNSIGNED NOT NULL AUTO_INCREMENT, AUTO_INCREMENT=11;

--
-- AUTO_INCREMENT for table `bank_payments`
--
ALTER TABLE `bank_payments`
  MODIFY `id` bigint UNSIGNED NOT NULL AUTO_INCREMENT, AUTO_INCREMENT=2;

--
-- AUTO_INCREMENT for table `blogs`
--
ALTER TABLE `blogs`
  MODIFY `id` bigint UNSIGNED NOT NULL AUTO_INCREMENT, AUTO_INCREMENT=11;

--
-- AUTO_INCREMENT for table `blog_categories`
--
ALTER TABLE `blog_categories`
  MODIFY `id` bigint UNSIGNED NOT NULL AUTO_INCREMENT, AUTO_INCREMENT=7;

--
-- AUTO_INCREMENT for table `blog_category_translations`
--
ALTER TABLE `blog_category_translations`
  MODIFY `id` bigint UNSIGNED NOT NULL AUTO_INCREMENT, AUTO_INCREMENT=34;

--
-- AUTO_INCREMENT for table `blog_comments`
--
ALTER TABLE `blog_comments`
  MODIFY `id` bigint UNSIGNED NOT NULL AUTO_INCREMENT, AUTO_INCREMENT=29;

--
-- AUTO_INCREMENT for table `blog_translations`
--
ALTER TABLE `blog_translations`
  MODIFY `id` bigint UNSIGNED NOT NULL AUTO_INCREMENT, AUTO_INCREMENT=53;

--
-- AUTO_INCREMENT for table `bookings`
--
ALTER TABLE `bookings`
  MODIFY `id` bigint UNSIGNED NOT NULL AUTO_INCREMENT, AUTO_INCREMENT=4;

--
-- AUTO_INCREMENT for table `categories`
--
ALTER TABLE `categories`
  MODIFY `id` bigint UNSIGNED NOT NULL AUTO_INCREMENT, AUTO_INCREMENT=5;

--
-- AUTO_INCREMENT for table `category_translations`
--
ALTER TABLE `category_translations`
  MODIFY `id` bigint UNSIGNED NOT NULL AUTO_INCREMENT, AUTO_INCREMENT=5;

--
-- AUTO_INCREMENT for table `child_categories`
--
ALTER TABLE `child_categories`
  MODIFY `id` bigint UNSIGNED NOT NULL AUTO_INCREMENT, AUTO_INCREMENT=15;

--
-- AUTO_INCREMENT for table `child_category_translations`
--
ALTER TABLE `child_category_translations`
  MODIFY `id` bigint UNSIGNED NOT NULL AUTO_INCREMENT, AUTO_INCREMENT=67;

--
-- AUTO_INCREMENT for table `cities`
--
ALTER TABLE `cities`
  MODIFY `id` bigint UNSIGNED NOT NULL AUTO_INCREMENT, AUTO_INCREMENT=11;

--
-- AUTO_INCREMENT for table `city_translations`
--
ALTER TABLE `city_translations`
  MODIFY `id` bigint UNSIGNED NOT NULL AUTO_INCREMENT, AUTO_INCREMENT=58;

--
-- AUTO_INCREMENT for table `contact_messages`
--
ALTER TABLE `contact_messages`
  MODIFY `id` bigint UNSIGNED NOT NULL AUTO_INCREMENT, AUTO_INCREMENT=6;

--
-- AUTO_INCREMENT for table `contact_us`
--
ALTER TABLE `contact_us`
  MODIFY `id` bigint UNSIGNED NOT NULL AUTO_INCREMENT, AUTO_INCREMENT=2;

--
-- AUTO_INCREMENT for table `contact_us_translations`
--
ALTER TABLE `contact_us_translations`
  MODIFY `id` bigint UNSIGNED NOT NULL AUTO_INCREMENT, AUTO_INCREMENT=25;

--
-- AUTO_INCREMENT for table `cookie_consents`
--
ALTER TABLE `cookie_consents`
  MODIFY `id` bigint UNSIGNED NOT NULL AUTO_INCREMENT, AUTO_INCREMENT=2;

--
-- AUTO_INCREMENT for table `countries`
--
ALTER TABLE `countries`
  MODIFY `id` bigint UNSIGNED NOT NULL AUTO_INCREMENT, AUTO_INCREMENT=9;

--
-- AUTO_INCREMENT for table `custom_pages`
--
ALTER TABLE `custom_pages`
  MODIFY `id` bigint UNSIGNED NOT NULL AUTO_INCREMENT, AUTO_INCREMENT=4;

--
-- AUTO_INCREMENT for table `custom_page_translations`
--
ALTER TABLE `custom_page_translations`
  MODIFY `id` bigint UNSIGNED NOT NULL AUTO_INCREMENT, AUTO_INCREMENT=16;

--
-- AUTO_INCREMENT for table `ecom_banners`
--
ALTER TABLE `ecom_banners`
  MODIFY `id` bigint UNSIGNED NOT NULL AUTO_INCREMENT, AUTO_INCREMENT=3;

--
-- AUTO_INCREMENT for table `ecom_banner_translations`
--
ALTER TABLE `ecom_banner_translations`
  MODIFY `id` bigint UNSIGNED NOT NULL AUTO_INCREMENT, AUTO_INCREMENT=6;

--
-- AUTO_INCREMENT for table `email_templates`
--
ALTER TABLE `email_templates`
  MODIFY `id` bigint UNSIGNED NOT NULL AUTO_INCREMENT, AUTO_INCREMENT=12;

--
-- AUTO_INCREMENT for table `facebook_pixels`
--
ALTER TABLE `facebook_pixels`
  MODIFY `id` bigint UNSIGNED NOT NULL AUTO_INCREMENT, AUTO_INCREMENT=2;

--
-- AUTO_INCREMENT for table `failed_jobs`
--
ALTER TABLE `failed_jobs`
  MODIFY `id` bigint UNSIGNED NOT NULL AUTO_INCREMENT;

--
-- AUTO_INCREMENT for table `faqs`
--
ALTER TABLE `faqs`
  MODIFY `id` bigint UNSIGNED NOT NULL AUTO_INCREMENT, AUTO_INCREMENT=19;

--
-- AUTO_INCREMENT for table `faq_translates`
--
ALTER TABLE `faq_translates`
  MODIFY `id` bigint UNSIGNED NOT NULL AUTO_INCREMENT, AUTO_INCREMENT=105;

--
-- AUTO_INCREMENT for table `features`
--
ALTER TABLE `features`
  MODIFY `id` bigint UNSIGNED NOT NULL AUTO_INCREMENT, AUTO_INCREMENT=34;

--
-- AUTO_INCREMENT for table `feature_translations`
--
ALTER TABLE `feature_translations`
  MODIFY `id` bigint UNSIGNED NOT NULL AUTO_INCREMENT, AUTO_INCREMENT=199;

--
-- AUTO_INCREMENT for table `google_analytics`
--
ALTER TABLE `google_analytics`
  MODIFY `id` bigint UNSIGNED NOT NULL AUTO_INCREMENT, AUTO_INCREMENT=2;

--
-- AUTO_INCREMENT for table `home_pages`
--
ALTER TABLE `home_pages`
  MODIFY `id` bigint UNSIGNED NOT NULL AUTO_INCREMENT, AUTO_INCREMENT=3;

--
-- AUTO_INCREMENT for table `home_page_translations`
--
ALTER TABLE `home_page_translations`
  MODIFY `id` bigint UNSIGNED NOT NULL AUTO_INCREMENT, AUTO_INCREMENT=52;

--
-- AUTO_INCREMENT for table `job_requests`
--
ALTER TABLE `job_requests`
  MODIFY `id` bigint UNSIGNED NOT NULL AUTO_INCREMENT, AUTO_INCREMENT=6;

--
-- AUTO_INCREMENT for table `kyc_information`
--
ALTER TABLE `kyc_information`
  MODIFY `id` bigint UNSIGNED NOT NULL AUTO_INCREMENT, AUTO_INCREMENT=15;

--
-- AUTO_INCREMENT for table `kyc_types`
--
ALTER TABLE `kyc_types`
  MODIFY `id` bigint UNSIGNED NOT NULL AUTO_INCREMENT, AUTO_INCREMENT=7;

--
-- AUTO_INCREMENT for table `languages`
--
ALTER TABLE `languages`
  MODIFY `id` bigint UNSIGNED NOT NULL AUTO_INCREMENT, AUTO_INCREMENT=62;

--
-- AUTO_INCREMENT for table `listings`
--
ALTER TABLE `listings`
  MODIFY `id` bigint UNSIGNED NOT NULL AUTO_INCREMENT, AUTO_INCREMENT=52;

--
-- AUTO_INCREMENT for table `listing_galleries`
--
ALTER TABLE `listing_galleries`
  MODIFY `id` bigint UNSIGNED NOT NULL AUTO_INCREMENT, AUTO_INCREMENT=185;

--
-- AUTO_INCREMENT for table `listing_reports`
--
ALTER TABLE `listing_reports`
  MODIFY `id` bigint UNSIGNED NOT NULL AUTO_INCREMENT, AUTO_INCREMENT=5;

--
-- AUTO_INCREMENT for table `listing_translations`
--
ALTER TABLE `listing_translations`
  MODIFY `id` bigint UNSIGNED NOT NULL AUTO_INCREMENT, AUTO_INCREMENT=236;

--
-- AUTO_INCREMENT for table `menus`
--
ALTER TABLE `menus`
  MODIFY `id` bigint UNSIGNED NOT NULL AUTO_INCREMENT, AUTO_INCREMENT=5;

--
-- AUTO_INCREMENT for table `menu_items`
--
ALTER TABLE `menu_items`
  MODIFY `id` bigint UNSIGNED NOT NULL AUTO_INCREMENT, AUTO_INCREMENT=43;

--
-- AUTO_INCREMENT for table `menu_item_translations`
--
ALTER TABLE `menu_item_translations`
  MODIFY `id` bigint UNSIGNED NOT NULL AUTO_INCREMENT, AUTO_INCREMENT=121;

--
-- AUTO_INCREMENT for table `menu_settings`
--
ALTER TABLE `menu_settings`
  MODIFY `id` int UNSIGNED NOT NULL AUTO_INCREMENT, AUTO_INCREMENT=3;

--
-- AUTO_INCREMENT for table `menu_translations`
--
ALTER TABLE `menu_translations`
  MODIFY `id` bigint UNSIGNED NOT NULL AUTO_INCREMENT;

--
-- AUTO_INCREMENT for table `migrations`
--
ALTER TABLE `migrations`
  MODIFY `id` int UNSIGNED NOT NULL AUTO_INCREMENT, AUTO_INCREMENT=213;

--
-- AUTO_INCREMENT for table `multi_currencies`
--
ALTER TABLE `multi_currencies`
  MODIFY `id` bigint UNSIGNED NOT NULL AUTO_INCREMENT, AUTO_INCREMENT=13;

--
-- AUTO_INCREMENT for table `orders`
--
ALTER TABLE `orders`
  MODIFY `id` bigint UNSIGNED NOT NULL AUTO_INCREMENT, AUTO_INCREMENT=20;

--
-- AUTO_INCREMENT for table `order_details`
--
ALTER TABLE `order_details`
  MODIFY `id` bigint UNSIGNED NOT NULL AUTO_INCREMENT, AUTO_INCREMENT=37;

--
-- AUTO_INCREMENT for table `personal_access_tokens`
--
ALTER TABLE `personal_access_tokens`
  MODIFY `id` bigint UNSIGNED NOT NULL AUTO_INCREMENT;

--
-- AUTO_INCREMENT for table `privacy_policies`
--
ALTER TABLE `privacy_policies`
  MODIFY `id` bigint UNSIGNED NOT NULL AUTO_INCREMENT, AUTO_INCREMENT=45;

--
-- AUTO_INCREMENT for table `products`
--
ALTER TABLE `products`
  MODIFY `id` bigint UNSIGNED NOT NULL AUTO_INCREMENT, AUTO_INCREMENT=20;

--
-- AUTO_INCREMENT for table `product_galleries`
--
ALTER TABLE `product_galleries`
  MODIFY `id` bigint UNSIGNED NOT NULL AUTO_INCREMENT, AUTO_INCREMENT=33;

--
-- AUTO_INCREMENT for table `product_reviews`
--
ALTER TABLE `product_reviews`
  MODIFY `id` bigint UNSIGNED NOT NULL AUTO_INCREMENT;

--
-- AUTO_INCREMENT for table `product_translations`
--
ALTER TABLE `product_translations`
  MODIFY `id` bigint UNSIGNED NOT NULL AUTO_INCREMENT, AUTO_INCREMENT=94;

--
-- AUTO_INCREMENT for table `reviews`
--
ALTER TABLE `reviews`
  MODIFY `id` bigint UNSIGNED NOT NULL AUTO_INCREMENT, AUTO_INCREMENT=11;

--
-- AUTO_INCREMENT for table `seo_settings`
--
ALTER TABLE `seo_settings`
  MODIFY `id` bigint UNSIGNED NOT NULL AUTO_INCREMENT, AUTO_INCREMENT=12;

--
-- AUTO_INCREMENT for table `settings`
--
ALTER TABLE `settings`
  MODIFY `id` bigint UNSIGNED NOT NULL AUTO_INCREMENT, AUTO_INCREMENT=2;

--
-- AUTO_INCREMENT for table `shipping_methods`
--
ALTER TABLE `shipping_methods`
  MODIFY `id` bigint UNSIGNED NOT NULL AUTO_INCREMENT, AUTO_INCREMENT=5;

--
-- AUTO_INCREMENT for table `sliders`
--
ALTER TABLE `sliders`
  MODIFY `id` bigint UNSIGNED NOT NULL AUTO_INCREMENT, AUTO_INCREMENT=6;

--
-- AUTO_INCREMENT for table `slider_translations`
--
ALTER TABLE `slider_translations`
  MODIFY `id` bigint UNSIGNED NOT NULL AUTO_INCREMENT, AUTO_INCREMENT=12;

--
-- AUTO_INCREMENT for table `subscribers`
--
ALTER TABLE `subscribers`
  MODIFY `id` bigint UNSIGNED NOT NULL AUTO_INCREMENT, AUTO_INCREMENT=16;

--
-- AUTO_INCREMENT for table `subscription_histories`
--
ALTER TABLE `subscription_histories`
  MODIFY `id` bigint UNSIGNED NOT NULL AUTO_INCREMENT, AUTO_INCREMENT=9;

--
-- AUTO_INCREMENT for table `subscription_plans`
--
ALTER TABLE `subscription_plans`
  MODIFY `id` bigint UNSIGNED NOT NULL AUTO_INCREMENT, AUTO_INCREMENT=4;

--
-- AUTO_INCREMENT for table `sub_categories`
--
ALTER TABLE `sub_categories`
  MODIFY `id` bigint UNSIGNED NOT NULL AUTO_INCREMENT, AUTO_INCREMENT=33;

--
-- AUTO_INCREMENT for table `sub_category_translations`
--
ALTER TABLE `sub_category_translations`
  MODIFY `id` bigint UNSIGNED NOT NULL AUTO_INCREMENT, AUTO_INCREMENT=185;

--
-- AUTO_INCREMENT for table `support_tickets`
--
ALTER TABLE `support_tickets`
  MODIFY `id` bigint UNSIGNED NOT NULL AUTO_INCREMENT;

--
-- AUTO_INCREMENT for table `tawk_chats`
--
ALTER TABLE `tawk_chats`
  MODIFY `id` bigint UNSIGNED NOT NULL AUTO_INCREMENT, AUTO_INCREMENT=2;

--
-- AUTO_INCREMENT for table `term_and_conditions`
--
ALTER TABLE `term_and_conditions`
  MODIFY `id` bigint UNSIGNED NOT NULL AUTO_INCREMENT, AUTO_INCREMENT=46;

--
-- AUTO_INCREMENT for table `testimonials`
--
ALTER TABLE `testimonials`
  MODIFY `id` bigint UNSIGNED NOT NULL AUTO_INCREMENT, AUTO_INCREMENT=6;

--
-- AUTO_INCREMENT for table `testimonial_translations`
--
ALTER TABLE `testimonial_translations`
  MODIFY `id` bigint UNSIGNED NOT NULL AUTO_INCREMENT, AUTO_INCREMENT=31;

--
-- AUTO_INCREMENT for table `ticket_messages`
--
ALTER TABLE `ticket_messages`
  MODIFY `id` bigint UNSIGNED NOT NULL AUTO_INCREMENT;

--
-- AUTO_INCREMENT for table `wishlists`
--
ALTER TABLE `wishlists`
  MODIFY `id` bigint UNSIGNED NOT NULL AUTO_INCREMENT, AUTO_INCREMENT=30;

--
-- Constraints for dumped tables
--

--
-- Constraints for table `ecom_banner_translations`
--
ALTER TABLE `ecom_banner_translations`
  ADD CONSTRAINT `ecom_banner_translations_banner_id_foreign` FOREIGN KEY (`banner_id`) REFERENCES `ecom_banners` (`id`) ON DELETE CASCADE;

--
-- Constraints for table `menu_items`
--
ALTER TABLE `menu_items`
  ADD CONSTRAINT `menu_items_menu_id_foreign` FOREIGN KEY (`menu_id`) REFERENCES `menus` (`id`) ON DELETE CASCADE,
  ADD CONSTRAINT `menu_items_parent_id_foreign` FOREIGN KEY (`parent_id`) REFERENCES `menu_items` (`id`) ON DELETE CASCADE;

--
-- Constraints for table `menu_item_translations`
--
ALTER TABLE `menu_item_translations`
  ADD CONSTRAINT `menu_item_translations_menu_item_id_foreign` FOREIGN KEY (`menu_item_id`) REFERENCES `menu_items` (`id`) ON DELETE CASCADE;

--
-- Constraints for table `menu_translations`
--
ALTER TABLE `menu_translations`
  ADD CONSTRAINT `menu_translations_menu_id_foreign` FOREIGN KEY (`menu_id`) REFERENCES `menus` (`id`) ON DELETE CASCADE;
COMMIT;

