-- https://www.phpmyadmin.net/
--

START TRANSACTION;



--
-- Database: `aadfirst_laravel`
--

-- --------------------------------------------------------

--
-- Table structure for table `about_us`
--

CREATE TABLE `about_us` (
  `id` bigint UNSIGNED NOT NULL,
  `experience_year` int DEFAULT NULL,
  `about_image` varchar(255) COLLATE utf8mb4_unicode_ci DEFAULT NULL,
  `ceo_image` varchar(255) COLLATE utf8mb4_unicode_ci DEFAULT NULL,
  `signature_image` varchar(255) COLLATE utf8mb4_unicode_ci DEFAULT NULL,
  `created_at` timestamp NULL DEFAULT NULL,
  `updated_at` timestamp NULL DEFAULT NULL
) ENGINE=InnoDB DEFAULT CHARSET=utf8mb4 COLLATE=utf8mb4_unicode_ci;

--
-- Dumping data for table `about_us`
--

INSERT INTO `about_us` (`id`, `experience_year`, `about_image`, `ceo_image`, `signature_image`, `created_at`, `updated_at`) VALUES
(1, 12, 'uploads/website-images/file-name-17427262889164.webp', 'uploads/website-images/ceo-image-2024-03-28-07-27-55-7464.webp', 'uploads/website-images/reveiw-icon-2024-03-07-07-52-29-6285.webp', NULL, '2025-03-23 10:38:08');

-- --------------------------------------------------------

--
-- Table structure for table `about_us_translations`
--

CREATE TABLE `about_us_translations` (
  `id` bigint UNSIGNED NOT NULL,
  `lang_code` varchar(10) COLLATE utf8mb4_unicode_ci NOT NULL,
  `about_us_id` int NOT NULL,
  `header` varchar(255) COLLATE utf8mb4_unicode_ci NOT NULL,
  `title` text COLLATE utf8mb4_unicode_ci NOT NULL,
  `description` longtext COLLATE utf8mb4_unicode_ci NOT NULL,
  `ceo_name` varchar(255) COLLATE utf8mb4_unicode_ci DEFAULT NULL,
  `ceo_designation` varchar(255) COLLATE utf8mb4_unicode_ci DEFAULT NULL,
  `created_at` timestamp NULL DEFAULT NULL,
  `updated_at` timestamp NULL DEFAULT NULL
) ENGINE=InnoDB DEFAULT CHARSET=utf8mb4 COLLATE=utf8mb4_unicode_ci;

--
-- Dumping data for table `about_us_translations`
--

INSERT INTO `about_us_translations` (`id`, `lang_code`, `about_us_id`, `header`, `title`, `description`, `ceo_name`, `ceo_designation`, `created_at`, `updated_at`) VALUES
(1, 'en', 1, 'About Us', 'Aadfirst Is the first classified ads site used by 1 million users', '<p>There are many variations of passages of Lorem Ipsum available, but suffered alteration in some form, by injected humour, or randomised look even slightly believable. If you are going to use passage of you to be sure there isn\'t anything embarrassing.</p>', 'John Doe', 'CEO & Founder', NULL, '2024-04-04 21:18:13'),
(41, 'hd', 1, 'About Us', 'Aadfirst Is the first classified ads site used by 1 million users', '<p>There are many variations of passages of Lorem Ipsum available, but suffered alteration in some form, by injected humour, or randomised look even slightly believable. If you are going to use passage of you to be sure there isn\'t anything embarrassing.</p>', 'John Doe', 'CEO & Founder', '2024-03-28 00:47:40', '2024-04-04 21:19:57'),
(45, 'bn', 1, 'About Us', 'Aadfirst Is the first classified ads site used by 1 million users', '<p>There are many variations of passages of Lorem Ipsum available, but suffered alteration in some form, by injected humour, or randomised look even slightly believable. If you are going to use passage of you to be sure there isn\'t anything embarrassing.</p>', 'John Doe', 'CEO & Founder', '2024-12-08 08:01:04', '2024-12-08 08:01:04');

-- --------------------------------------------------------

--
-- Table structure for table `ads_banners`
--

CREATE TABLE `ads_banners` (
  `id` bigint UNSIGNED NOT NULL,
  `position` varchar(255) COLLATE utf8mb4_unicode_ci NOT NULL,
  `position_key` varchar(255) COLLATE utf8mb4_unicode_ci NOT NULL,
  `image` varchar(255) COLLATE utf8mb4_unicode_ci NOT NULL,
  `link` text COLLATE utf8mb4_unicode_ci NOT NULL,
  `status` varchar(255) COLLATE utf8mb4_unicode_ci NOT NULL DEFAULT 'enable',
  `created_at` timestamp NULL DEFAULT NULL,
  `updated_at` timestamp NULL DEFAULT NULL
) ENGINE=InnoDB DEFAULT CHARSET=utf8mb4 COLLATE=utf8mb4_unicode_ci;

--
-- Dumping data for table `ads_banners`
--

INSERT INTO `ads_banners` (`id`, `position`, `position_key`, `image`, `link`, `status`, `created_at`, `updated_at`) VALUES
(1, 'Top Bar', 'top_bar', 'uploads/website-images/file-name-17424633553375.png', 'https://aadfirst.minionionbd.com/listing/penthouse-with-pool-at-sunset-generative', 'enable', NULL, '2025-03-20 09:35:55'),
(2, 'Home-1 featured listing side bar', 'home1_featured_listing_sidebar', 'uploads/website-images/file-name-17424634203216.png', 'https://aadfirst.minionionbd.com/listing/quality-gym-equipment-for-sale', 'enable', NULL, '2025-03-20 09:37:00'),
(4, 'Home-1 featured listing bottom', 'home1_featured_listing_bottom', 'uploads/website-images/file-name-17424634515335.png', 'https://aadfirst.minionionbd.com/listing/essential-equipment-for-fitness-enthusiasts', 'enable', NULL, '2025-03-20 09:37:31'),
(5, 'Home-2 featured listing top', 'home2_featured_listing_top', 'uploads/website-images/Home1-2024-04-03-06-23-16-1839.png', 'https://aadfirst.minionionbd.com/listing/essential-equipment-for-fitness-enthusiasts', 'enable', NULL, '2024-04-03 00:23:16'),
(6, 'Home-3 city top', 'home3_city_top', 'uploads/website-images/Home1-2024-03-31-05-07-18-4382.png', 'https://aadfirst.minionionbd.com/listing/essential-equipment-for-fitness-enthusiasts', 'enable', NULL, '2024-03-30 23:07:18'),
(7, 'Listing page sidebar', 'listing_sidebar', 'uploads/website-images/file-name-17424660581947.png', 'https://aadfirst.minionionbd.com/listing/essential-equipment-for-fitness-enthusiasts', 'enable', NULL, '2025-03-20 10:20:58'),
(8, 'Listing detail topbar', 'listing_detail_topbar', 'uploads/website-images/Home1-2024-03-31-05-10-08-8585.png', 'https://aadfirst.minionionbd.com/listing/penthouse-with-pool-at-sunset-generative', 'enable', NULL, '2024-04-03 01:48:07'),
(9, 'Listing detail sidebar', 'listing_detail_sidebar', 'uploads/website-images/Home1-2024-04-05-03-07-28-4489.png', 'https://aadfirst.minionionbd.com/listing/penthouse-with-pool-at-sunset-generative', 'enable', NULL, '2024-04-04 21:07:29'),
(10, 'Home-1 explore side', 'home1_explore_side', 'uploads/website-images/Home1-2024-03-31-05-09-32-5379.png', 'https://aadfirst.minionionbd.com/listing/penthouse-with-pool-at-sunset-generative', 'enable', NULL, '2024-03-30 23:09:32');

-- --------------------------------------------------------

--
-- Table structure for table `bank_payments`
--

CREATE TABLE `bank_payments` (
  `id` bigint UNSIGNED NOT NULL,
  `status` int NOT NULL DEFAULT '0',
  `account_info` text COLLATE utf8mb4_unicode_ci,
  `image` varchar(255) COLLATE utf8mb4_unicode_ci DEFAULT NULL,
  `created_at` timestamp NULL DEFAULT NULL,
  `updated_at` timestamp NULL DEFAULT NULL
) ENGINE=InnoDB DEFAULT CHARSET=utf8mb4 COLLATE=utf8mb4_unicode_ci;

--
-- Dumping data for table `bank_payments`
--

INSERT INTO `bank_payments` (`id`, `status`, `account_info`, `image`, `created_at`, `updated_at`) VALUES
(1, 1, 'Bank Name: Your bank name\r\nAccount Number:  Your bank account number\r\nRouting Number: Your bank routing number\r\nBranch: Your bank branch name', 'uploads/website-images/bank-2024-03-30-01-40-11-1519.png', NULL, '2024-03-29 19:40:11');

-- --------------------------------------------------------

--
-- Table structure for table `blogs`
--

CREATE TABLE `blogs` (
  `id` bigint UNSIGNED NOT NULL,
  `admin_id` int NOT NULL DEFAULT '0',
  `slug` text COLLATE utf8mb4_unicode_ci NOT NULL,
  `blog_category_id` int NOT NULL,
  `image` varchar(255) COLLATE utf8mb4_unicode_ci NOT NULL,
  `views` int NOT NULL DEFAULT '0',
  `status` int NOT NULL DEFAULT '0',
  `show_homepage` varchar(255) COLLATE utf8mb4_unicode_ci NOT NULL DEFAULT 'no',
  `is_popular` varchar(255) COLLATE utf8mb4_unicode_ci NOT NULL DEFAULT 'no',
  `tags` text COLLATE utf8mb4_unicode_ci,
  `created_at` timestamp NULL DEFAULT NULL,
  `updated_at` timestamp NULL DEFAULT NULL
) ENGINE=InnoDB DEFAULT CHARSET=utf8mb4 COLLATE=utf8mb4_unicode_ci;

--
-- Dumping data for table `blogs`
--

INSERT INTO `blogs` (`id`, `admin_id`, `slug`, `blog_category_id`, `image`, `views`, `status`, `show_homepage`, `is_popular`, `tags`, `created_at`, `updated_at`) VALUES
(2, 1, 'unlocking-the-power-of-online-classifieds', 6, 'uploads/custom-images/blog--2024-03-30-03-40-41-7013.webp', 17, 1, 'no', 'no', '[{\"value\":\"baby care\"},{\"value\":\"children\"},{\"value\":\"aadfirst\"},{\"value\":\"tag1\"}]', '2024-03-29 20:17:43', '2024-03-29 21:57:11'),
(3, 1, '10-tips-for-your-listings-on-classified', 5, 'uploads/custom-images/blog--2024-03-30-03-10-38-3084.webp', 13, 1, 'no', 'no', '[{\"value\":\"fridge\"},{\"value\":\"air condition\"},{\"value\":\"electronics\"},{\"value\":\"switch\"}]', '2024-03-29 20:27:56', '2024-03-29 21:56:59'),
(4, 1, 'optimizing-listings-for-maximum-impact', 4, 'uploads/custom-images/blog--2024-03-30-03-08-41-2846.webp', 12, 1, 'no', 'no', '[{\"value\":\"tag1\"},{\"value\":\"tag2\"},{\"value\":\"classified\"},{\"value\":\"aadfirst\"},{\"value\":\"electronics\"}]', '2024-03-29 20:41:39', '2025-05-31 09:36:52'),
(5, 1, 'declutter-your-life-with-classifieds', 2, 'uploads/custom-images/blog--2024-03-30-03-16-21-8792.webp', 7, 1, 'no', 'no', '[{\"value\":\"classified\"},{\"value\":\"real estate\"},{\"value\":\"job post\"},{\"value\":\"seo manager\"}]', '2024-03-29 21:16:21', '2024-04-02 22:07:56'),
(6, 1, 'the-tech-behind-classified-platforms', 3, 'uploads/custom-images/blog--2024-03-30-03-19-42-3641.webp', 8, 1, 'no', 'no', '[{\"value\":\"children\"},{\"value\":\"baby care\"},{\"value\":\"classified\"},{\"value\":\"aadfirst\"}]', '2024-03-29 21:19:43', '2024-03-30 00:43:40'),
(7, 1, 'negotiation-mastery-on-classified-sites', 2, 'uploads/custom-images/blog--2024-03-30-03-23-28-8031.webp', 23, 1, 'no', 'no', '[{\"value\":\"restaurant\"},{\"value\":\"children\"},{\"value\":\"aadfirst\"},{\"value\":\"classified\"}]', '2024-03-29 21:23:28', '2024-04-04 01:33:02'),
(8, 1, 'secure-transactions-on-classifieds', 6, 'uploads/custom-images/file-name-17427259829859.webp', 27, 1, 'no', 'no', '[{\"value\":\"aadfirst\"},{\"value\":\"classified\"},{\"value\":\"real estate\"},{\"value\":\"seo manager\"}]', '2024-03-29 21:27:03', '2025-06-04 04:27:20'),
(9, 1, 'fostering-community-on-classified-platforms', 5, 'uploads/custom-images/file-name-17427259371951.webp', 29, 1, 'no', 'no', '[{\"value\":\"electronics\"},{\"value\":\"iphone\"},{\"value\":\"headphone\"},{\"value\":\"mobile\"}]', '2024-03-29 21:31:00', '2025-03-23 10:32:17');

-- --------------------------------------------------------

--
-- Table structure for table `blog_categories`
--

CREATE TABLE `blog_categories` (
  `id` bigint UNSIGNED NOT NULL,
  `slug` varchar(255) COLLATE utf8mb4_unicode_ci NOT NULL,
  `status` tinyint NOT NULL DEFAULT '0',
  `created_at` timestamp NULL DEFAULT NULL,
  `updated_at` timestamp NULL DEFAULT NULL
) ENGINE=InnoDB DEFAULT CHARSET=utf8mb4 COLLATE=utf8mb4_unicode_ci;

--
-- Dumping data for table `blog_categories`
--

INSERT INTO `blog_categories` (`id`, `slug`, `status`, `created_at`, `updated_at`) VALUES
(2, 'real-estate', 1, '2024-03-29 20:10:30', '2024-03-29 20:10:30'),
(3, 'children', 1, '2024-03-29 20:10:49', '2024-03-29 20:10:49'),
(4, 'job-post', 1, '2024-03-29 20:11:14', '2024-03-29 20:43:42'),
(5, 'electronics', 1, '2024-03-29 20:11:33', '2024-03-29 20:11:33'),
(6, 'baby-care', 1, '2024-03-29 20:12:25', '2024-03-29 20:12:25');

-- --------------------------------------------------------

--
-- Table structure for table `blog_category_translations`
--

CREATE TABLE `blog_category_translations` (
  `id` bigint UNSIGNED NOT NULL,
  `lang_code` varchar(255) COLLATE utf8mb4_unicode_ci NOT NULL,
  `blog_category_id` int NOT NULL,
  `name` varchar(255) COLLATE utf8mb4_unicode_ci NOT NULL,
  `created_at` timestamp NULL DEFAULT NULL,
  `updated_at` timestamp NULL DEFAULT NULL
) ENGINE=InnoDB DEFAULT CHARSET=utf8mb4 COLLATE=utf8mb4_unicode_ci;

--
-- Dumping data for table `blog_category_translations`
--

INSERT INTO `blog_category_translations` (`id`, `lang_code`, `blog_category_id`, `name`, `created_at`, `updated_at`) VALUES
(4, 'en', 2, 'Real Estate', '2024-03-29 20:10:30', '2024-03-29 20:10:30'),
(5, 'hd', 2, 'Real Estate', '2024-03-29 20:10:30', '2024-03-29 20:10:30'),
(6, 'en', 3, 'Children', '2024-03-29 20:10:49', '2024-03-29 20:10:49'),
(7, 'hd', 3, 'Children', '2024-03-29 20:10:49', '2024-03-29 20:10:49'),
(8, 'en', 4, 'Job Post', '2024-03-29 20:11:14', '2024-03-29 20:43:42'),
(9, 'hd', 4, 'Restaurant', '2024-03-29 20:11:14', '2024-03-29 20:11:14'),
(10, 'en', 5, 'Electronics', '2024-03-29 20:11:33', '2024-03-29 20:11:33'),
(11, 'hd', 5, 'Electronics', '2024-03-29 20:11:33', '2024-03-29 20:11:33'),
(12, 'en', 6, 'Baby Care', '2024-03-29 20:12:25', '2024-03-29 20:12:25'),
(13, 'hd', 6, 'Baby Care', '2024-03-29 20:12:25', '2024-03-29 20:12:25'),
(29, 'bn', 2, 'Real Estate', '2024-12-08 08:01:04', '2024-12-08 08:01:04'),
(30, 'bn', 3, 'Children', '2024-12-08 08:01:04', '2024-12-08 08:01:04'),
(31, 'bn', 4, 'Job Post', '2024-12-08 08:01:04', '2024-12-08 08:01:04'),
(32, 'bn', 5, 'Electronics', '2024-12-08 08:01:04', '2024-12-08 08:01:04'),
(33, 'bn', 6, 'Baby Care', '2024-12-08 08:01:04', '2024-12-08 08:01:04');

-- --------------------------------------------------------

--
-- Table structure for table `blog_comments`
--

CREATE TABLE `blog_comments` (
  `id` bigint UNSIGNED NOT NULL,
  `blog_id` int NOT NULL,
  `name` varchar(255) COLLATE utf8mb4_unicode_ci DEFAULT NULL,
  `email` varchar(255) COLLATE utf8mb4_unicode_ci DEFAULT NULL,
  `phone` varchar(255) COLLATE utf8mb4_unicode_ci DEFAULT NULL,
  `comment` text COLLATE utf8mb4_unicode_ci NOT NULL,
  `status` tinyint NOT NULL DEFAULT '0',
  `created_at` timestamp NULL DEFAULT NULL,
  `updated_at` timestamp NULL DEFAULT NULL
) ENGINE=InnoDB DEFAULT CHARSET=utf8mb4 COLLATE=utf8mb4_unicode_ci;

--
-- Dumping data for table `blog_comments`
--

INSERT INTO `blog_comments` (`id`, `blog_id`, `name`, `email`, `phone`, `comment`, `status`, `created_at`, `updated_at`) VALUES
(2, 6, 'Michel Holder', 'client@gmail.com', NULL, 'There are many variations of passages of Lorem Ipsum available, but the majoritys have suai alteration in som don&#039;t. Randomised words which don&#039;t look even slightly believable.', 1, '2024-03-29 21:32:44', '2024-03-29 21:32:59'),
(3, 6, 'Daniel Paul', 'user@gmail.com', NULL, 'Lorem ipsum dolor sit amet, nibh saperet te pri, at nam diceret disputationi. Quo an consul impedit, usu possim evertitur dissentiet ei, ridens minimum nominavi et vix.', 1, '2024-03-29 21:33:41', '2024-03-29 21:34:11'),
(4, 6, 'John Doe', 'user@gmail.com', NULL, 'Consetetur definitionem cu mea, usu legere minimum ne. Pro epicurei constituam ne, atqui lucilius indoctum nam id. Eu timeam volumus vel, eos te movet complectitur', 1, '2024-03-29 21:34:01', '2024-03-29 21:34:10'),
(7, 2, 'Michel Holder', 'client@gmail.com', NULL, 'There are many variations of passages of Lorem Ipsum available, but the majoritys have suai alteration in som don&#039;t. Randomised words which don&#039;t look even slightly believable.', 1, '2024-03-29 21:32:44', '2024-03-29 21:32:59'),
(8, 2, 'Daniel Paul', 'user@gmail.com', NULL, 'Lorem ipsum dolor sit amet, nibh saperet te pri, at nam diceret disputationi. Quo an consul impedit, usu possim evertitur dissentiet ei, ridens minimum nominavi et vix.', 1, '2024-03-29 21:33:41', '2024-03-29 21:34:11'),
(9, 2, 'John Doe', 'user@gmail.com', NULL, 'Consetetur definitionem cu mea, usu legere minimum ne. Pro epicurei constituam ne, atqui lucilius indoctum nam id. Eu timeam volumus vel, eos te movet complectitur', 1, '2024-03-29 21:34:01', '2024-03-29 21:34:10'),
(10, 3, 'Michel Holder', 'client@gmail.com', NULL, 'There are many variations of passages of Lorem Ipsum available, but the majoritys have suai alteration in som don&#039;t. Randomised words which don&#039;t look even slightly believable.', 1, '2024-03-29 21:32:44', '2024-03-29 21:32:59'),
(11, 3, 'Daniel Paul', 'user@gmail.com', NULL, 'Lorem ipsum dolor sit amet, nibh saperet te pri, at nam diceret disputationi. Quo an consul impedit, usu possim evertitur dissentiet ei, ridens minimum nominavi et vix.', 1, '2024-03-29 21:33:41', '2024-03-29 21:34:11'),
(12, 3, 'John Doe', 'user@gmail.com', NULL, 'Consetetur definitionem cu mea, usu legere minimum ne. Pro epicurei constituam ne, atqui lucilius indoctum nam id. Eu timeam volumus vel, eos te movet complectitur', 1, '2024-03-29 21:34:01', '2024-03-29 21:34:10'),
(13, 4, 'Michel Holder', 'client@gmail.com', NULL, 'There are many variations of passages of Lorem Ipsum available, but the majoritys have suai alteration in som don&#039;t. Randomised words which don&#039;t look even slightly believable.', 1, '2024-03-29 21:32:44', '2024-03-29 21:32:59'),
(14, 4, 'Daniel Paul', 'user@gmail.com', NULL, 'Lorem ipsum dolor sit amet, nibh saperet te pri, at nam diceret disputationi. Quo an consul impedit, usu possim evertitur dissentiet ei, ridens minimum nominavi et vix.', 1, '2024-03-29 21:33:41', '2024-03-29 21:34:11'),
(15, 4, 'John Doe', 'user@gmail.com', NULL, 'Consetetur definitionem cu mea, usu legere minimum ne. Pro epicurei constituam ne, atqui lucilius indoctum nam id. Eu timeam volumus vel, eos te movet complectitur', 1, '2024-03-29 21:34:01', '2024-03-29 21:34:10'),
(16, 5, 'Michel Holder', 'client@gmail.com', NULL, 'There are many variations of passages of Lorem Ipsum available, but the majoritys have suai alteration in som don&#039;t. Randomised words which don&#039;t look even slightly believable.', 1, '2024-03-29 21:32:44', '2024-03-29 21:32:59'),
(17, 5, 'Daniel Paul', 'user@gmail.com', NULL, 'Lorem ipsum dolor sit amet, nibh saperet te pri, at nam diceret disputationi. Quo an consul impedit, usu possim evertitur dissentiet ei, ridens minimum nominavi et vix.', 1, '2024-03-29 21:33:41', '2024-03-29 21:34:11'),
(18, 5, 'John Doe', 'user@gmail.com', NULL, 'Consetetur definitionem cu mea, usu legere minimum ne. Pro epicurei constituam ne, atqui lucilius indoctum nam id. Eu timeam volumus vel, eos te movet complectitur', 1, '2024-03-29 21:34:01', '2024-03-29 21:34:10'),
(19, 7, 'Michel Holder', 'client@gmail.com', NULL, 'There are many variations of passages of Lorem Ipsum available, but the majoritys have suai alteration in som don&#039;t. Randomised words which don&#039;t look even slightly believable.', 1, '2024-03-29 21:32:44', '2024-03-29 21:32:59'),
(20, 7, 'Daniel Paul', 'user@gmail.com', NULL, 'Lorem ipsum dolor sit amet, nibh saperet te pri, at nam diceret disputationi. Quo an consul impedit, usu possim evertitur dissentiet ei, ridens minimum nominavi et vix.', 1, '2024-03-29 21:33:41', '2024-03-29 21:34:11'),
(21, 7, 'John Doe', 'user@gmail.com', NULL, 'Consetetur definitionem cu mea, usu legere minimum ne. Pro epicurei constituam ne, atqui lucilius indoctum nam id. Eu timeam volumus vel, eos te movet complectitur', 1, '2024-03-29 21:34:01', '2024-03-29 21:34:10'),
(22, 8, 'Michel Holder', 'client@gmail.com', NULL, 'There are many variations of passages of Lorem Ipsum available, but the majoritys have suai alteration in som don&#039;t. Randomised words which don&#039;t look even slightly believable.', 1, '2024-03-29 21:32:44', '2024-03-29 21:32:59'),
(23, 8, 'Daniel Paul', 'user@gmail.com', NULL, 'Lorem ipsum dolor sit amet, nibh saperet te pri, at nam diceret disputationi. Quo an consul impedit, usu possim evertitur dissentiet ei, ridens minimum nominavi et vix.', 1, '2024-03-29 21:33:41', '2024-03-29 21:34:11'),
(24, 8, 'John Doe', 'user@gmail.com', NULL, 'Consetetur definitionem cu mea, usu legere minimum ne. Pro epicurei constituam ne, atqui lucilius indoctum nam id. Eu timeam volumus vel, eos te movet complectitur', 1, '2024-03-29 21:34:01', '2024-03-29 21:34:10'),
(25, 9, 'Michel Holder', 'client@gmail.com', NULL, 'There are many variations of passages of Lorem Ipsum available, but the majoritys have suai alteration in som don&#039;t. Randomised words which don&#039;t look even slightly believable.', 1, '2024-03-29 21:32:44', '2024-03-29 21:32:59'),
(26, 9, 'Daniel Paul', 'user@gmail.com', NULL, 'Lorem ipsum dolor sit amet, nibh saperet te pri, at nam diceret disputationi. Quo an consul impedit, usu possim evertitur dissentiet ei, ridens minimum nominavi et vix.', 1, '2024-03-29 21:33:41', '2024-03-29 21:34:11'),
(27, 9, 'John Doe', 'user@gmail.com', NULL, 'Consetetur definitionem cu mea, usu legere minimum ne. Pro epicurei constituam ne, atqui lucilius indoctum nam id. Eu timeam volumus vel, eos te movet complectitur', 1, '2024-03-29 21:34:01', '2024-03-29 21:34:10');

-- --------------------------------------------------------

--
-- Table structure for table `blog_translations`
--

CREATE TABLE `blog_translations` (
  `id` bigint UNSIGNED NOT NULL,
  `blog_id` int NOT NULL DEFAULT '0',
  `lang_code` varchar(11) COLLATE utf8mb4_unicode_ci NOT NULL,
  `title` varchar(255) COLLATE utf8mb4_unicode_ci NOT NULL,
  `description` longtext COLLATE utf8mb4_unicode_ci NOT NULL,
  `seo_title` text COLLATE utf8mb4_unicode_ci NOT NULL,
  `seo_description` text COLLATE utf8mb4_unicode_ci NOT NULL,
  `created_at` timestamp NULL DEFAULT NULL,
  `updated_at` timestamp NULL DEFAULT NULL
) ENGINE=InnoDB DEFAULT CHARSET=utf8mb4 COLLATE=utf8mb4_unicode_ci;

--
-- Dumping data for table `blog_translations`
--

INSERT INTO `blog_translations` (`id`, `blog_id`, `lang_code`, `title`, `description`, `seo_title`, `seo_description`, `created_at`, `updated_at`) VALUES
(2, 2, 'en', 'Unlocking the Power of Online Classifieds', '<p>The internet has changed our ways of accessing knowledge as well as information and art. Before, you would have had our locato go to a library, bookstore, magazine stand, or something similar. You wouldn&rsquo;t find as many titles as you find online and you&rsquo;d normally have to a pay for them or borrow them for a few days. Nowadays, you&rsquo;re lucky. You just need Google to find thousands of ways to read about your favorite assubjects. You can choose as many as you want and even keep a library of 2,000 books on your into thfind to amke it amazing to aend smartphone. There are many variations of passages of Lorem Ipsum available.</p>\r\n<p><img src=\"../../../../uploads/custom-images/blog--2024-03-30-03-40-41-7013.webp\" alt=\"\" width=\"1030\" height=\"644\"></p>\r\n<p>The internet has changed our ways of accessing knowledge as well as information and art. Before, you would have had our locato go to a library, bookstore, magazine stand, or something similar. You wouldn&rsquo;t find as many titles as you find online and you&rsquo;d normally have to a pay for them or borrow them for a few days. Nowadays, you&rsquo;re lucky. You just need Google to find thousands of ways to read about your favorite assubjects. You can choose as many as you want and even keep a library of 2,000 books on your into thfind to amke.</p>\r\n<p>The internet has changed our ways of accessing knowledge as well as information and art. Before, you would have had our locato go to a library, bookstore, magazine stand, or something similar. You wouldn&rsquo;t find as many titles as you find online.</p>', 'Unlocking the Power of Online Classifieds: A Comprehensive Guide', 'Unlocking the Power of Online Classifieds: A Comprehensive Guide', '2024-03-29 20:17:43', '2024-03-29 21:41:11'),
(3, 2, 'hd', 'Unlocking the Power of Online Classifieds: A Comprehensive Guide', '<p>The internet has changed our ways of accessing knowledge as well as information and art. Before, you would have had our locato go to a library, bookstore, magazine stand, or something similar. You wouldn&rsquo;t find as many titles as you find online and you&rsquo;d normally have to a pay for them or borrow them for a few days. Nowadays, you&rsquo;re lucky. You just need Google to find thousands of ways to read about your favorite assubjects. You can choose as many as you want and even keep a library of 2,000 books on your into thfind to amke it amazing to aend smartphone. There are many variations of passages of Lorem Ipsum available.</p>', 'Unlocking the Power of Online Classifieds: A Comprehensive Guide', 'Unlocking the Power of Online Classifieds: A Comprehensive Guide', '2024-03-29 20:17:43', '2024-03-29 20:17:43'),
(4, 3, 'en', '10 Tips for Your Listings on Classified', '<p>Lorem ipsum dolor sit amet, nibh saperet te pri, at nam diceret disputationi. Quo an consul impedit, usu possim evertitur dissentiet ei, ridens minimum nominavi et vix. An per mutat adipisci. Ut pericula dissentias sed, est ea modus gloriatur. Aliquip persius has cu, oportere adversarium mei an, justo fabulas in vix.&nbsp;</p>\r\n<p>Nec in rebum primis causae. Affert iisque ex pri, vis utinam vivendo definitionem ad, nostrum omnesque per et. Omnium antiopam cotidieque cu sit. Id pri placerat voluptatum, vero dicunt dissentiunt eum et, adhuc iisque vis no. Eu suavitate contentiones definitionem mel, ex vide insolens ocurreret eam. Et dico blandit mea. Sea tollit vidisse mandamus te, qui movet efficiendi ex.</p>\r\n<p><img src=\"../../../../uploads/custom-images/blog--2024-03-30-03-10-38-3084.webp\" alt=\"blog--2024-03-30-02-27-56-4541.webp\" width=\"1031\" height=\"644\"></p>\r\n<p>Ut qui eligendi urbanitas. Assum periculis te mel, libris quidam te sit. Qui nisl nemore eleifend id, in illud ullum sea. Ut nusquam sapientem comprehensam ius. His molestie complectitur ex.</p>\r\n<p>Consetetur definitionem cu mea, usu legere minimum ne. Pro epicurei constituam ne, atqui lucilius indoctum nam id. Eu timeam volumus vel, eos te movet complectitur, te causae saperet eam. Minimum probatus vim te, eu eum ancillae mentitum comprehensam. Tantas decore adipisci vix no.</p>\r\n<p>Pri tempor appareat no, eruditi repudiandae vix at. Eos at brute omnesque voluptaria, facer putent intellegam eu pri. Mei debitis ullamcorper eu, at quo idque mundi. Vis in suas porro consequat, nec ad dolor adversarium, ut praesent cotidieque sit. Veniam civibus omittantur duo ut, te his alterum complectitur. Mea omnis oratio impedit ne.</p>', '10 Tips for Your Listings on Classified', '10 Tips for Your Listings on Classified', '2024-03-29 20:27:56', '2024-03-29 21:11:13'),
(5, 3, 'hd', '10 Tips for Maximizing Your Listings on Classified', '<p>Lorem ipsum dolor sit amet, nibh saperet te pri, at nam diceret disputationi. Quo an consul impedit, usu possim evertitur dissentiet ei, ridens minimum nominavi et vix. An per mutat adipisci. Ut pericula dissentias sed, est ea modus gloriatur. Aliquip persius has cu, oportere adversarium mei an, justo fabulas in vix.&nbsp;</p>\r\n<p>Nec in rebum primis causae. Affert iisque ex pri, vis utinam vivendo definitionem ad, nostrum omnesque per et. Omnium antiopam cotidieque cu sit. Id pri placerat voluptatum, vero dicunt dissentiunt eum et, adhuc iisque vis no. Eu suavitate contentiones definitionem mel, ex vide insolens ocurreret eam. Et dico blandit mea. Sea tollit vidisse mandamus te, qui movet efficiendi ex.</p>\r\n<p>Ut qui eligendi urbanitas. Assum periculis te mel, libris quidam te sit. Qui nisl nemore eleifend id, in illud ullum sea. Ut nusquam sapientem comprehensam ius. His molestie complectitur ex.</p>\r\n<p>Consetetur definitionem cu mea, usu legere minimum ne. Pro epicurei constituam ne, atqui lucilius indoctum nam id. Eu timeam volumus vel, eos te movet complectitur, te causae saperet eam. Minimum probatus vim te, eu eum ancillae mentitum comprehensam. Tantas decore adipisci vix no.</p>\r\n<p>Pri tempor appareat no, eruditi repudiandae vix at. Eos at brute omnesque voluptaria, facer putent intellegam eu pri. Mei debitis ullamcorper eu, at quo idque mundi. Vis in suas porro consequat, nec ad dolor adversarium, ut praesent cotidieque sit. Veniam civibus omittantur duo ut, te his alterum complectitur. Mea omnis oratio impedit ne.</p>', '10 Tips for Maximizing Your Listings on Classified', '10 Tips for Maximizing Your Listings on Classified', '2024-03-29 20:27:56', '2024-03-29 20:27:56'),
(6, 4, 'en', 'Optimizing Listings for Maximum Impact', '<p>Pri tempor appareat no, eruditi repudiandae vix at. Eos at brute omnesque voluptaria, facer putent intellegam eu pri. Mei debitis ullamcorper eu, at quo idque mundi. Vis in suas porro consequat, nec ad dolor adversarium, ut praesent cotidieque sit. Veniam civibus omittantur duo ut, te his alterum complectitur. Mea omnis oratio impedit ne.</p>\r\n<p>In vim natum soleat nostro, pri in eloquentiam contentiones. Eu sit sapientem reprehendunt, omnis aliquid eu eos. No quot illum veniam est, ne pro iudico saperet mnesarchum. Ea pri nostro disputando contentiones, eu nec menandri qualisque, vis ex equidem invidunt. Et accusam detracto splendide per, congue meliore id sea. Has eu aeterno patrioque expetendis, mel ei dissentiet reformidans.</p>\r\n<p>Meliore inimicus duo ut, tation veritus elaboraret eam cu. Cum in alii agam aliquip, aperiam salutandi et per. Ex vis summo probatus ocurreret, ex assum sententiae pri, blandit sensibus moderatius ei eos. Vix nobis phaedrum neglegentur et.</p>\r\n<p><img src=\"../../../../uploads/custom-images/blog--2024-03-30-03-08-41-2846.webp\" alt=\"\" width=\"1026\" height=\"600\"></p>\r\n<p>Sint dignissim consectetuer nec et, per ad probatus referrentur, vel cu consequat sententiae. Ad duis fugit dictas mea, et cum stet oratio cetero. Ne pri omittam fastidii. No per harum dicant neglegentur, sea ei esse volumus adolescens. Nulla argumentum at pri, vel apeirian principes in. An dicam dicant consul mea, ne per option appetere argumentum, vim legere senserit et.</p>\r\n<p>Te soleat legendos molestiae cum. Tale sanctus invidunt cu per, quo at modo recteque elaboraret. Ex mazim homero per. Eu nec exerci doctus, cu mei oblique copiosae. Consul diceret usu ne.</p>\r\n<p>Usu ad solet diceret, usu at appetere percipit appellantur, te est primis audire gloriatur. Scripta noluisse no mel, vis ne decore ridens labitur. Stet erant saepe eu mea. An mel dolore salutandi abhorreant. An quo aliquip maluisset, mea quaeque indoctum in, pro augue veritus praesent te.</p>\r\n<p>Vim et alterum ornatus vivendum, ut mea solum repudiare. His etiam delenit tibique no, ad harum omnes scribentur qui, ne wisi detracto his. Ei movet accusam pri. Ex vel diam quas urbanitas, ne has velit affert habemus. At quis nonumy disputando nec, falli scaevola vel ea. Omittantur concludaturque nam eu, ex est vocent virtute.</p>', 'Optimizing Listings for Maximum Impact', 'Optimizing Listings for Maximum Impact', '2024-03-29 20:41:39', '2024-03-29 21:09:20'),
(7, 4, 'hd', 'How Classified Websites Empower Sellers', '<p>Pri tempor appareat no, eruditi repudiandae vix at. Eos at brute omnesque voluptaria, facer putent intellegam eu pri. Mei debitis ullamcorper eu, at quo idque mundi. Vis in suas porro consequat, nec ad dolor adversarium, ut praesent cotidieque sit. Veniam civibus omittantur duo ut, te his alterum complectitur. Mea omnis oratio impedit ne.</p>\r\n<p>In vim natum soleat nostro, pri in eloquentiam contentiones. Eu sit sapientem reprehendunt, omnis aliquid eu eos. No quot illum veniam est, ne pro iudico saperet mnesarchum. Ea pri nostro disputando contentiones, eu nec menandri qualisque, vis ex equidem invidunt. Et accusam detracto splendide per, congue meliore id sea. Has eu aeterno patrioque expetendis, mel ei dissentiet reformidans.</p>\r\n<p>Meliore inimicus duo ut, tation veritus elaboraret eam cu. Cum in alii agam aliquip, aperiam salutandi et per. Ex vis summo probatus ocurreret, ex assum sententiae pri, blandit sensibus moderatius ei eos. Vix nobis phaedrum neglegentur et.</p>\r\n<p>Sint dignissim consectetuer nec et, per ad probatus referrentur, vel cu consequat sententiae. Ad duis fugit dictas mea, et cum stet oratio cetero. Ne pri omittam fastidii. No per harum dicant neglegentur, sea ei esse volumus adolescens. Nulla argumentum at pri, vel apeirian principes in. An dicam dicant consul mea, ne per option appetere argumentum, vim legere senserit et.</p>\r\n<p>Te soleat legendos molestiae cum. Tale sanctus invidunt cu per, quo at modo recteque elaboraret. Ex mazim homero per. Eu nec exerci doctus, cu mei oblique copiosae. Consul diceret usu ne.</p>\r\n<p>Usu ad solet diceret, usu at appetere percipit appellantur, te est primis audire gloriatur. Scripta noluisse no mel, vis ne decore ridens labitur. Stet erant saepe eu mea. An mel dolore salutandi abhorreant. An quo aliquip maluisset, mea quaeque indoctum in, pro augue veritus praesent te.</p>\r\n<p>Vim et alterum ornatus vivendum, ut mea solum repudiare. His etiam delenit tibique no, ad harum omnes scribentur qui, ne wisi detracto his. Ei movet accusam pri. Ex vel diam quas urbanitas, ne has velit affert habemus. At quis nonumy disputando nec, falli scaevola vel ea. Omittantur concludaturque nam eu, ex est vocent virtute.</p>\r\n<p>?php echo json_encode(array( \"2.5\" = \"Admin 2\", \"2.10\" = \"Admin 1\", \"2.11\" = \"SB4\" ));</p>', 'How Classified Websites Empower Sellers', 'How Classified Websites Empower Sellers', '2024-03-29 20:41:39', '2024-03-29 20:41:39'),
(8, 5, 'en', 'Declutter Your Life with Classifieds', '<p>Te soleat legendos molestiae cum. Tale sanctus invidunt cu per, quo at modo recteque elaboraret. Ex mazim homero per. Eu nec exerci doctus, cu mei oblique copiosae. Consul diceret usu ne. Te soleat legendos molestiae cum. Tale sanctus invidunt cu per, quo at modo recteque elaboraret. Ex mazim homero per. Eu nec exerci doctus, cu mei oblique copiosae. Consul diceret usu ne.</p>\r\n<p>The internet has changed our ways of accessing knowledge as well as information and art. Before, you would have had our locato go to a library, bookstore, magazine stand, or something similar. You wouldn&rsquo;t find as many titles as you find online and you&rsquo;d normally have to a pay for them or borrow them for a few days. Nowadays, you&rsquo;re lucky. You just need Google to find thousands of ways to read about your favorite assubjects. You can choose as many as you want and even keep a library of 2,000 books on your into thfind to amke it amazing to aend smartphone. There are many variations of passages of Lorem Ipsum available.</p>\r\n<p><img src=\"../../../../uploads/custom-images/blog--2024-03-30-03-16-21-8792.webp\" alt=\"\" width=\"1031\" height=\"644\"></p>\r\n<p>The internet has changed our ways of accessing knowledge as well as information and art. Before, you would have had our locato go to a library, bookstore, magazine stand, or something similar. You wouldn&rsquo;t find as many titles as you find online and you&rsquo;d normally have to a pay for them or borrow them for a few days. Nowadays, you&rsquo;re lucky. You just need Google to find thousands of ways to read about your favorite assubjects. You can choose as many as you want and even keep a library of 2,000 books on your into thfind to amke.</p>\r\n<p>The internet has changed our ways of accessing knowledge as well as information and art. Before, you would have had our locato go to a library, bookstore, magazine stand, or something similar. You wouldn&rsquo;t find as many titles as you find online.</p>', 'Declutter Your Life with Classifieds', 'Declutter Your Life with Classifieds', '2024-03-29 21:16:21', '2024-03-29 21:16:44'),
(9, 5, 'hd', 'Declutter Your Life with Classifieds', '<p>Te soleat legendos molestiae cum. Tale sanctus invidunt cu per, quo at modo recteque elaboraret. Ex mazim homero per. Eu nec exerci doctus, cu mei oblique copiosae. Consul diceret usu ne. Te soleat legendos molestiae cum. Tale sanctus invidunt cu per, quo at modo recteque elaboraret. Ex mazim homero per. Eu nec exerci doctus, cu mei oblique copiosae. Consul diceret usu ne.</p>\r\n<p>The internet has changed our ways of accessing knowledge as well as information and art. Before, you would have had our locato go to a library, bookstore, magazine stand, or something similar. You wouldn&rsquo;t find as many titles as you find online and you&rsquo;d normally have to a pay for them or borrow them for a few days. Nowadays, you&rsquo;re lucky. You just need Google to find thousands of ways to read about your favorite assubjects. You can choose as many as you want and even keep a library of 2,000 books on your into thfind to amke it amazing to aend smartphone. There are many variations of passages of Lorem Ipsum available.</p>\r\n<p>&nbsp;</p>\r\n<p>The internet has changed our ways of accessing knowledge as well as information and art. Before, you would have had our locato go to a library, bookstore, magazine stand, or something similar. You wouldn&rsquo;t find as many titles as you find online and you&rsquo;d normally have to a pay for them or borrow them for a few days. Nowadays, you&rsquo;re lucky. You just need Google to find thousands of ways to read about your favorite assubjects. You can choose as many as you want and even keep a library of 2,000 books on your into thfind to amke.</p>\r\n<p>The internet has changed our ways of accessing knowledge as well as information and art. Before, you would have had our locato go to a library, bookstore, magazine stand, or something similar. You wouldn&rsquo;t find as many titles as you find online.</p>', 'Declutter Your Life with Classifieds', 'Declutter Your Life with Classifieds', '2024-03-29 21:16:21', '2024-03-29 21:16:21'),
(10, 6, 'en', 'The Tech Behind Classified Platforms', '<p>Lorem ipsum dolor sit amet, nibh saperet te pri, at nam diceret disputationi. Quo an consul impedit, usu possim evertitur dissentiet ei, ridens minimum nominavi et vix. An per mutat adipisci. Ut pericula dissentias sed, est ea modus gloriatur. Aliquip persius has cu, oportere adversarium mei an, justo fabulas in vix. &nbsp;Te soleat legendos molestiae cum. Tale sanctus invidunt cu per, quo at modo recteque elaboraret. Ex mazim homero per. Eu nec exerci doctus, cu mei oblique copiosae. Consul diceret usu ne.</p>\r\n<p>Nec in rebum primis causae. Affert iisque ex pri, vis utinam vivendo definitionem ad, nostrum omnesque per et. Omnium antiopam cotidieque cu sit. Id pri placerat voluptatum, vero dicunt dissentiunt eum et, adhuc iisque vis no. Eu suavitate contentiones definitionem mel, ex vide insolens ocurreret eam. Et dico blandit mea. Sea tollit vidisse mandamus te, qui movet efficiendi ex.</p>\r\n<p><img src=\"../../../../uploads/custom-images/blog--2024-03-30-03-19-42-3641.webp\" alt=\"\" width=\"1031\" height=\"644\"></p>\r\n<p>Ut qui eligendi urbanitas. Assum periculis te mel, libris quidam te sit. Qui nisl nemore eleifend id, in illud ullum sea. Ut nusquam sapientem comprehensam ius. His molestie complectitur ex.</p>\r\n<p>Consetetur definitionem cu mea, usu legere minimum ne. Pro epicurei constituam ne, atqui lucilius indoctum nam id. Eu timeam volumus vel, eos te movet complectitur, te causae saperet eam. Minimum probatus vim te, eu eum ancillae mentitum comprehensam. Tantas decore adipisci vix no.</p>\r\n<p>Pri tempor appareat no, eruditi repudiandae vix at. Eos at brute omnesque voluptaria, facer putent intellegam eu pri. Mei debitis ullamcorper eu, at quo idque mundi. Vis in suas porro consequat, nec ad dolor adversarium, ut praesent cotidieque sit. Veniam civibus omittantur duo ut, te his alterum complectitur. Mea omnis oratio impedit ne.</p>', 'The Tech Behind Classified Platforms', 'The Tech Behind Classified Platforms', '2024-03-29 21:19:43', '2024-03-29 21:21:39'),
(11, 6, 'hd', 'The Tech Behind Classified Platforms', '<p>Lorem ipsum dolor sit amet, nibh saperet te pri, at nam diceret disputationi. Quo an consul impedit, usu possim evertitur dissentiet ei, ridens minimum nominavi et vix. An per mutat adipisci. Ut pericula dissentias sed, est ea modus gloriatur. Aliquip persius has cu, oportere adversarium mei an, justo fabulas in vix. &nbsp;Te soleat legendos molestiae cum. Tale sanctus invidunt cu per, quo at modo recteque elaboraret. Ex mazim homero per. Eu nec exerci doctus, cu mei oblique copiosae. Consul diceret usu ne.</p>\r\n<p>Nec in rebum primis causae. Affert iisque ex pri, vis utinam vivendo definitionem ad, nostrum omnesque per et. Omnium antiopam cotidieque cu sit. Id pri placerat voluptatum, vero dicunt dissentiunt eum et, adhuc iisque vis no. Eu suavitate contentiones definitionem mel, ex vide insolens ocurreret eam. Et dico blandit mea. Sea tollit vidisse mandamus te, qui movet efficiendi ex.</p>\r\n<p>Te soleat legendos molestiae cum. Tale sanctus invidunt cu per, quo at modo recteque elaboraret. Ex mazim homero per. Eu nec exerci doctus, cu mei oblique copiosae. Consul diceret usu ne. Te soleat legendos molestiae cum. Tale sanctus invidunt cu per, quo at modo recteque elaboraret. Ex mazim homero per. Eu nec exerci doctus, cu mei oblique copiosae. Consul diceret usu ne. Ex mazim homero per. Eu nec exerci doctus, cu mei oblique copiosae. Consul diceret usu ne.</p>\r\n<p>Ut qui eligendi urbanitas. Assum periculis te mel, libris quidam te sit. Qui nisl nemore eleifend id, in illud ullum sea. Ut nusquam sapientem comprehensam ius. His molestie complectitur ex.</p>\r\n<p>Consetetur definitionem cu mea, usu legere minimum ne. Pro epicurei constituam ne, atqui lucilius indoctum nam id. Eu timeam volumus vel, eos te movet complectitur, te causae saperet eam. Minimum probatus vim te, eu eum ancillae mentitum comprehensam. Tantas decore adipisci vix no.</p>\r\n<p>Pri tempor appareat no, eruditi repudiandae vix at. Eos at brute omnesque voluptaria, facer putent intellegam eu pri. Mei debitis ullamcorper eu, at quo idque mundi. Vis in suas porro consequat, nec ad dolor adversarium, ut praesent cotidieque sit. Veniam civibus omittantur duo ut, te his alterum complectitur. Mea omnis oratio impedit ne.</p>', 'The Tech Behind Classified Platforms', 'The Tech Behind Classified Platforms', '2024-03-29 21:19:43', '2024-03-29 21:19:43'),
(12, 7, 'en', 'Negotiation Mastery on Classified Sites', '<p>The internet has changed our ways of accessing knowledge as well as information and art. Before, you would have had our locato go to a library, bookstore, magazine stand, or something similar. You wouldn&rsquo;t find as many titles as you find online and you&rsquo;d normally have to a pay for them or borrow them for a few days. Nowadays, you&rsquo;re lucky. You just need Google to find thousands of ways to read about your favorite assubjects. You can choose as many as you want and even keep a library of 2,000 books on your into thfind to amke it amazing to aend smartphone. There are many variations of passages of Lorem Ipsum available.</p>\r\n<p><img src=\"../../../../uploads/custom-images/blog--2024-03-30-03-23-28-8031.webp\" alt=\"\" width=\"1031\" height=\"644\"></p>\r\n<p>The internet has changed our ways of accessing knowledge as well as information and art. Before, you would have had our locato go to a library, bookstore, magazine stand, or something similar. You wouldn&rsquo;t find as many titles as you find online and you&rsquo;d normally have to a pay for them or borrow them for a few days. Nowadays, you&rsquo;re lucky. You just need Google to find thousands of ways to read about your favorite assubjects. You can choose as many as you want and even keep a library of 2,000 books on your into thfind to amke.</p>\r\n<p>The internet has changed our ways of accessing knowledge as well as information and art. Before, you would have had our locato go to a library, bookstore, magazine stand, or something similar. You wouldn&rsquo;t find as many titles as you find online.</p>\r\n<p>Vim et alterum ornatus vivendum, ut mea solum repudiare. His etiam delenit tibique no, ad harum omnes scribentur qui, ne wisi detracto his. Ei movet accusam pri. Ex vel diam quas urbanitas, ne has velit affert habemus. At quis nonumy disputando nec, falli scaevola vel ea. Omittantur concludaturque nam eu, ex est vocent virtute.</p>\r\n<p>There are many variations of passages of Lo rem Ipsum available but the majorty have suffered in as some form, by injected humour, or randomised words which don\'t look even slightly believable. If you are going to use a passage of Lorem Ipsum, you need to be sure there isn\'t anythng embarrassing as hidden in the middle of text.</p>', 'Negotiation Mastery on Classified Sites', 'Negotiation Mastery on Classified Sites', '2024-03-29 21:23:28', '2024-03-29 21:24:28'),
(13, 7, 'hd', 'Negotiation Mastery on Classified Sites', '<p>The internet has changed our ways of accessing knowledge as well as information and art. Before, you would have had our locato go to a library, bookstore, magazine stand, or something similar. You wouldn&rsquo;t find as many titles as you find online and you&rsquo;d normally have to a pay for them or borrow them for a few days. Nowadays, you&rsquo;re lucky. You just need Google to find thousands of ways to read about your favorite assubjects. You can choose as many as you want and even keep a library of 2,000 books on your into thfind to amke it amazing to aend smartphone. There are many variations of passages of Lorem Ipsum available.</p>\r\n<p>The internet has changed our ways of accessing knowledge as well as information and art. Before, you would have had our locato go to a library, bookstore, magazine stand, or something similar. You wouldn&rsquo;t find as many titles as you find online and you&rsquo;d normally have to a pay for them or borrow them for a few days. Nowadays, you&rsquo;re lucky. You just need Google to find thousands of ways to read about your favorite assubjects. You can choose as many as you want and even keep a library of 2,000 books on your into thfind to amke.</p>\r\n<p>The internet has changed our ways of accessing knowledge as well as information and art. Before, you would have had our locato go to a library, bookstore, magazine stand, or something similar. You wouldn&rsquo;t find as many titles as you find online.</p>\r\n<p>Vim et alterum ornatus vivendum, ut mea solum repudiare. His etiam delenit tibique no, ad harum omnes scribentur qui, ne wisi detracto his. Ei movet accusam pri. Ex vel diam quas urbanitas, ne has velit affert habemus. At quis nonumy disputando nec, falli scaevola vel ea. Omittantur concludaturque nam eu, ex est vocent virtute.</p>\r\n<p>There are many variations of passages of Lo rem Ipsum available but the majorty have suffered in as some form, by injected humour, or randomised words which don\'t look even slightly believable. If you are going to use a passage of Lorem Ipsum, you need to be sure there isn\'t anythng embarrassing as hidden in the middle of text.</p>', 'Negotiation Mastery on Classified Sites', 'Negotiation Mastery on Classified Sites', '2024-03-29 21:23:28', '2024-03-29 21:23:28'),
(14, 8, 'en', 'Secure Transactions on Classifieds', '<p>Tale sanctus invidunt cu per, quo at modo recteque elaboraret. Ex mazim homero per. Eu nec exerci doctus, cu mei oblique copiosae. Consul diceret usu ne. Te soleat legendos molestiae cum. Tale sanctus invidunt cu per, quo at modo recteque elaboraret. Ex mazim homero per. Eu nec exerci doctus, cu mei oblique copiosae. Consul diceret usu ne. Te soleat legendos molestiae cum. Tale sanctus invidunt cu per</p>\r\n<p>The internet has changed our ways of accessing knowledge as well as information and art. Before, you would have had our locato go to a library, bookstore, magazine stand, or something similar. You wouldn&rsquo;t find as many titles as you find online and you&rsquo;d normally have to a pay for them or borrow them for a few days. Nowadays, you&rsquo;re lucky. You just need Google to find thousands of ways to read about your favorite assubjects. You can choose as many as you want and even keep a library of 2,000 books on your into thfind to amke it amazing to aend smartphone. There are many variations of passages of Lorem Ipsum available.</p>\r\n<p><img src=\"../../../../uploads/custom-images/blog--2024-03-30-03-27-03-4030.webp\" alt=\"\" width=\"1031\" height=\"644\"></p>\r\n<p>The internet has changed our ways of accessing knowledge as well as information and art. Before, you would have had our locato go to a library, bookstore, magazine stand, or something similar. You wouldn&rsquo;t find as many titles as you find online and you&rsquo;d normally have to a pay for them or borrow them for a few days. Nowadays, you&rsquo;re lucky. You just need Google to find thousands of ways to read about your favorite assubjects. You can choose as many as you want and even keep a library of 2,000 books on your into thfind to amke.</p>\r\n<p>Usu ad solet diceret, usu at appetere percipit appellantur, te est primis audire gloriatur. Scripta noluisse no mel, vis ne decore ridens labitur. Stet erant saepe eu mea. An mel dolore salutandi abhorreant. An quo aliquip maluisset, mea quaeque indoctum in, pro augue veritus praesent te.</p>', 'Secure Transactions on Classifieds', 'Secure Transactions on Classifieds', '2024-03-29 21:27:03', '2024-03-29 21:28:49'),
(15, 8, 'hd', 'Ensuring Secure Transactions on Classifieds', '<p>Tale sanctus invidunt cu per, quo at modo recteque elaboraret. Ex mazim homero per. Eu nec exerci doctus, cu mei oblique copiosae. Consul diceret usu ne. Te soleat legendos molestiae cum. Tale sanctus invidunt cu per, quo at modo recteque elaboraret. Ex mazim homero per. Eu nec exerci doctus, cu mei oblique copiosae. Consul diceret usu ne. Te soleat legendos molestiae cum. Tale sanctus invidunt cu per</p>\r\n<p>The internet has changed our ways of accessing knowledge as well as information and art. Before, you would have had our locato go to a library, bookstore, magazine stand, or something similar. You wouldn&rsquo;t find as many titles as you find online and you&rsquo;d normally have to a pay for them or borrow them for a few days. Nowadays, you&rsquo;re lucky. You just need Google to find thousands of ways to read about your favorite assubjects. You can choose as many as you want and even keep a library of 2,000 books on your into thfind to amke it amazing to aend smartphone. There are many variations of passages of Lorem Ipsum available.</p>\r\n<p>The internet has changed our ways of accessing knowledge as well as information and art. Before, you would have had our locato go to a library, bookstore, magazine stand, or something similar. You wouldn&rsquo;t find as many titles as you find online and you&rsquo;d normally have to a pay for them or borrow them for a few days. Nowadays, you&rsquo;re lucky. You just need Google to find thousands of ways to read about your favorite assubjects. You can choose as many as you want and even keep a library of 2,000 books on your into thfind to amke.</p>\r\n<p>Usu ad solet diceret, usu at appetere percipit appellantur, te est primis audire gloriatur. Scripta noluisse no mel, vis ne decore ridens labitur. Stet erant saepe eu mea. An mel dolore salutandi abhorreant. An quo aliquip maluisset, mea quaeque indoctum in, pro augue veritus praesent te.</p>', 'Ensuring Secure Transactions on Classifieds', 'Ensuring Secure Transactions on Classifieds', '2024-03-29 21:27:03', '2024-03-29 21:27:03'),
(16, 9, 'en', 'Fostering Community on Classified Platforms', '<p>Lorem ipsum dolor sit amet, nibh saperet te pri, at nam diceret disputationi. Quo an consul impedit, usu possim evertitur dissentiet ei, ridens minimum nominavi et vix. An per mutat adipisci. Ut pericula dissentias sed, est ea modus gloriatur. Aliquip persius has cu, oportere adversarium mei an, justo fabulas in vix.</p>\r\n<p>In vim natum soleat nostro, pri in eloquentiam contentiones. Eu sit sapientem reprehendunt, omnis aliquid eu eos. No quot illum veniam est, ne pro iudico saperet mnesarchum. Ea pri nostro disputando contentiones, eu nec menandri qualisque, vis ex equidem invidunt. Et accusam detracto splendide per, congue meliore id sea. Has eu aeterno patrioque expetendis, mel ei dissentiet reformidans.</p>\r\n<p><img src=\"../../../../uploads/custom-images/blog--2024-03-30-03-31-00-4784.webp\" alt=\"\" width=\"1031\" height=\"644\"></p>\r\n<p>Meliore inimicus duo ut, tation veritus elaboraret eam cu. Cum in alii agam aliquip, aperiam salutandi et per. Ex vis summo probatus ocurreret, ex assum sententiae pri, blandit sensibus moderatius ei eos. Vix nobis phaedrum neglegentur et.</p>\r\n<p>Usu ad solet diceret, usu at appetere percipit appellantur, te est primis audire gloriatur. Scripta noluisse no mel, vis ne decore ridens labitur. Stet erant saepe eu mea. An mel dolore salutandi abhorreant. An quo aliquip maluisset, mea quaeque indoctum in, pro augue veritus praesent te.</p>\r\n<p>Vim et alterum ornatus vivendum, ut mea solum repudiare. His etiam delenit tibique no, ad harum omnes scribentur qui, ne wisi detracto his. Ei movet accusam pri. Ex vel diam quas urbanitas, ne has velit affert habemus. At quis nonumy disputando nec, falli scaevola vel ea. Omittantur concludaturque nam eu, ex est vocent virtute.</p>', 'Fostering Community on Classified Platforms', 'Fostering Community on Classified Platforms', '2024-03-29 21:31:00', '2024-03-29 21:31:25'),
(17, 9, 'hd', 'Fostering Community on Classified Platforms', '<p>Lorem ipsum dolor sit amet, nibh saperet te pri, at nam diceret disputationi. Quo an consul impedit, usu possim evertitur dissentiet ei, ridens minimum nominavi et vix. An per mutat adipisci. Ut pericula dissentias sed, est ea modus gloriatur. Aliquip persius has cu, oportere adversarium mei an, justo fabulas in vix.</p>\r\n<p>In vim natum soleat nostro, pri in eloquentiam contentiones. Eu sit sapientem reprehendunt, omnis aliquid eu eos. No quot illum veniam est, ne pro iudico saperet mnesarchum. Ea pri nostro disputando contentiones, eu nec menandri qualisque, vis ex equidem invidunt. Et accusam detracto splendide per, congue meliore id sea. Has eu aeterno patrioque expetendis, mel ei dissentiet reformidans.</p>\r\n<p>&nbsp;</p>\r\n<p>Meliore inimicus duo ut, tation veritus elaboraret eam cu. Cum in alii agam aliquip, aperiam salutandi et per. Ex vis summo probatus ocurreret, ex assum sententiae pri, blandit sensibus moderatius ei eos. Vix nobis phaedrum neglegentur et.</p>\r\n<p>Usu ad solet diceret, usu at appetere percipit appellantur, te est primis audire gloriatur. Scripta noluisse no mel, vis ne decore ridens labitur. Stet erant saepe eu mea. An mel dolore salutandi abhorreant. An quo aliquip maluisset, mea quaeque indoctum in, pro augue veritus praesent te.</p>\r\n<p>Vim et alterum ornatus vivendum, ut mea solum repudiare. His etiam delenit tibique no, ad harum omnes scribentur qui, ne wisi detracto his. Ei movet accusam pri. Ex vel diam quas urbanitas, ne has velit affert habemus. At quis nonumy disputando nec, falli scaevola vel ea. Omittantur concludaturque nam eu, ex est vocent virtute.</p>', 'Fostering Community on Classified Platforms', 'Fostering Community on Classified Platforms', '2024-03-29 21:31:00', '2024-03-29 21:31:00'),
(42, 2, 'bn', 'Unlocking the Power of Online Classifieds', '<p>The internet has changed our ways of accessing knowledge as well as information and art. Before, you would have had our locato go to a library, bookstore, magazine stand, or something similar. You wouldn&rsquo;t find as many titles as you find online and you&rsquo;d normally have to a pay for them or borrow them for a few days. Nowadays, you&rsquo;re lucky. You just need Google to find thousands of ways to read about your favorite assubjects. You can choose as many as you want and even keep a library of 2,000 books on your into thfind to amke it amazing to aend smartphone. There are many variations of passages of Lorem Ipsum available.</p>\r\n<p><img src=\"../../../../uploads/custom-images/blog--2024-03-30-03-40-41-7013.webp\" alt=\"\" width=\"1030\" height=\"644\"></p>\r\n<p>The internet has changed our ways of accessing knowledge as well as information and art. Before, you would have had our locato go to a library, bookstore, magazine stand, or something similar. You wouldn&rsquo;t find as many titles as you find online and you&rsquo;d normally have to a pay for them or borrow them for a few days. Nowadays, you&rsquo;re lucky. You just need Google to find thousands of ways to read about your favorite assubjects. You can choose as many as you want and even keep a library of 2,000 books on your into thfind to amke.</p>\r\n<p>The internet has changed our ways of accessing knowledge as well as information and art. Before, you would have had our locato go to a library, bookstore, magazine stand, or something similar. You wouldn&rsquo;t find as many titles as you find online.</p>', 'Unlocking the Power of Online Classifieds: A Comprehensive Guide', 'Unlocking the Power of Online Classifieds: A Comprehensive Guide', '2024-12-08 08:01:04', '2024-12-08 08:01:04'),
(43, 3, 'bn', '10 Tips for Your Listings on Classified', '<p>Lorem ipsum dolor sit amet, nibh saperet te pri, at nam diceret disputationi. Quo an consul impedit, usu possim evertitur dissentiet ei, ridens minimum nominavi et vix. An per mutat adipisci. Ut pericula dissentias sed, est ea modus gloriatur. Aliquip persius has cu, oportere adversarium mei an, justo fabulas in vix.&nbsp;</p>\r\n<p>Nec in rebum primis causae. Affert iisque ex pri, vis utinam vivendo definitionem ad, nostrum omnesque per et. Omnium antiopam cotidieque cu sit. Id pri placerat voluptatum, vero dicunt dissentiunt eum et, adhuc iisque vis no. Eu suavitate contentiones definitionem mel, ex vide insolens ocurreret eam. Et dico blandit mea. Sea tollit vidisse mandamus te, qui movet efficiendi ex.</p>\r\n<p><img src=\"../../../../uploads/custom-images/blog--2024-03-30-03-10-38-3084.webp\" alt=\"blog--2024-03-30-02-27-56-4541.webp\" width=\"1031\" height=\"644\"></p>\r\n<p>Ut qui eligendi urbanitas. Assum periculis te mel, libris quidam te sit. Qui nisl nemore eleifend id, in illud ullum sea. Ut nusquam sapientem comprehensam ius. His molestie complectitur ex.</p>\r\n<p>Consetetur definitionem cu mea, usu legere minimum ne. Pro epicurei constituam ne, atqui lucilius indoctum nam id. Eu timeam volumus vel, eos te movet complectitur, te causae saperet eam. Minimum probatus vim te, eu eum ancillae mentitum comprehensam. Tantas decore adipisci vix no.</p>\r\n<p>Pri tempor appareat no, eruditi repudiandae vix at. Eos at brute omnesque voluptaria, facer putent intellegam eu pri. Mei debitis ullamcorper eu, at quo idque mundi. Vis in suas porro consequat, nec ad dolor adversarium, ut praesent cotidieque sit. Veniam civibus omittantur duo ut, te his alterum complectitur. Mea omnis oratio impedit ne.</p>', '10 Tips for Your Listings on Classified', '10 Tips for Your Listings on Classified', '2024-12-08 08:01:04', '2024-12-08 08:01:04'),
(44, 4, 'bn', 'Optimizing Listings for Maximum Impact', '<p>Pri tempor appareat no, eruditi repudiandae vix at. Eos at brute omnesque voluptaria, facer putent intellegam eu pri. Mei debitis ullamcorper eu, at quo idque mundi. Vis in suas porro consequat, nec ad dolor adversarium, ut praesent cotidieque sit. Veniam civibus omittantur duo ut, te his alterum complectitur. Mea omnis oratio impedit ne.</p>\r\n<p>In vim natum soleat nostro, pri in eloquentiam contentiones. Eu sit sapientem reprehendunt, omnis aliquid eu eos. No quot illum veniam est, ne pro iudico saperet mnesarchum. Ea pri nostro disputando contentiones, eu nec menandri qualisque, vis ex equidem invidunt. Et accusam detracto splendide per, congue meliore id sea. Has eu aeterno patrioque expetendis, mel ei dissentiet reformidans.</p>\r\n<p>Meliore inimicus duo ut, tation veritus elaboraret eam cu. Cum in alii agam aliquip, aperiam salutandi et per. Ex vis summo probatus ocurreret, ex assum sententiae pri, blandit sensibus moderatius ei eos. Vix nobis phaedrum neglegentur et.</p>\r\n<p><img src=\"../../../../uploads/custom-images/blog--2024-03-30-03-08-41-2846.webp\" alt=\"\" width=\"1026\" height=\"600\"></p>\r\n<p>Sint dignissim consectetuer nec et, per ad probatus referrentur, vel cu consequat sententiae. Ad duis fugit dictas mea, et cum stet oratio cetero. Ne pri omittam fastidii. No per harum dicant neglegentur, sea ei esse volumus adolescens. Nulla argumentum at pri, vel apeirian principes in. An dicam dicant consul mea, ne per option appetere argumentum, vim legere senserit et.</p>\r\n<p>Te soleat legendos molestiae cum. Tale sanctus invidunt cu per, quo at modo recteque elaboraret. Ex mazim homero per. Eu nec exerci doctus, cu mei oblique copiosae. Consul diceret usu ne.</p>\r\n<p>Usu ad solet diceret, usu at appetere percipit appellantur, te est primis audire gloriatur. Scripta noluisse no mel, vis ne decore ridens labitur. Stet erant saepe eu mea. An mel dolore salutandi abhorreant. An quo aliquip maluisset, mea quaeque indoctum in, pro augue veritus praesent te.</p>\r\n<p>Vim et alterum ornatus vivendum, ut mea solum repudiare. His etiam delenit tibique no, ad harum omnes scribentur qui, ne wisi detracto his. Ei movet accusam pri. Ex vel diam quas urbanitas, ne has velit affert habemus. At quis nonumy disputando nec, falli scaevola vel ea. Omittantur concludaturque nam eu, ex est vocent virtute.</p>', 'Optimizing Listings for Maximum Impact', 'Optimizing Listings for Maximum Impact', '2024-12-08 08:01:04', '2024-12-08 08:01:04'),
(45, 5, 'bn', 'Declutter Your Life with Classifieds', '<p>Te soleat legendos molestiae cum. Tale sanctus invidunt cu per, quo at modo recteque elaboraret. Ex mazim homero per. Eu nec exerci doctus, cu mei oblique copiosae. Consul diceret usu ne. Te soleat legendos molestiae cum. Tale sanctus invidunt cu per, quo at modo recteque elaboraret. Ex mazim homero per. Eu nec exerci doctus, cu mei oblique copiosae. Consul diceret usu ne.</p>\r\n<p>The internet has changed our ways of accessing knowledge as well as information and art. Before, you would have had our locato go to a library, bookstore, magazine stand, or something similar. You wouldn&rsquo;t find as many titles as you find online and you&rsquo;d normally have to a pay for them or borrow them for a few days. Nowadays, you&rsquo;re lucky. You just need Google to find thousands of ways to read about your favorite assubjects. You can choose as many as you want and even keep a library of 2,000 books on your into thfind to amke it amazing to aend smartphone. There are many variations of passages of Lorem Ipsum available.</p>\r\n<p><img src=\"../../../../uploads/custom-images/blog--2024-03-30-03-16-21-8792.webp\" alt=\"\" width=\"1031\" height=\"644\"></p>\r\n<p>The internet has changed our ways of accessing knowledge as well as information and art. Before, you would have had our locato go to a library, bookstore, magazine stand, or something similar. You wouldn&rsquo;t find as many titles as you find online and you&rsquo;d normally have to a pay for them or borrow them for a few days. Nowadays, you&rsquo;re lucky. You just need Google to find thousands of ways to read about your favorite assubjects. You can choose as many as you want and even keep a library of 2,000 books on your into thfind to amke.</p>\r\n<p>The internet has changed our ways of accessing knowledge as well as information and art. Before, you would have had our locato go to a library, bookstore, magazine stand, or something similar. You wouldn&rsquo;t find as many titles as you find online.</p>', 'Declutter Your Life with Classifieds', 'Declutter Your Life with Classifieds', '2024-12-08 08:01:04', '2024-12-08 08:01:04'),
(46, 6, 'bn', 'The Tech Behind Classified Platforms', '<p>Lorem ipsum dolor sit amet, nibh saperet te pri, at nam diceret disputationi. Quo an consul impedit, usu possim evertitur dissentiet ei, ridens minimum nominavi et vix. An per mutat adipisci. Ut pericula dissentias sed, est ea modus gloriatur. Aliquip persius has cu, oportere adversarium mei an, justo fabulas in vix. &nbsp;Te soleat legendos molestiae cum. Tale sanctus invidunt cu per, quo at modo recteque elaboraret. Ex mazim homero per. Eu nec exerci doctus, cu mei oblique copiosae. Consul diceret usu ne.</p>\r\n<p>Nec in rebum primis causae. Affert iisque ex pri, vis utinam vivendo definitionem ad, nostrum omnesque per et. Omnium antiopam cotidieque cu sit. Id pri placerat voluptatum, vero dicunt dissentiunt eum et, adhuc iisque vis no. Eu suavitate contentiones definitionem mel, ex vide insolens ocurreret eam. Et dico blandit mea. Sea tollit vidisse mandamus te, qui movet efficiendi ex.</p>\r\n<p><img src=\"../../../../uploads/custom-images/blog--2024-03-30-03-19-42-3641.webp\" alt=\"\" width=\"1031\" height=\"644\"></p>\r\n<p>Ut qui eligendi urbanitas. Assum periculis te mel, libris quidam te sit. Qui nisl nemore eleifend id, in illud ullum sea. Ut nusquam sapientem comprehensam ius. His molestie complectitur ex.</p>\r\n<p>Consetetur definitionem cu mea, usu legere minimum ne. Pro epicurei constituam ne, atqui lucilius indoctum nam id. Eu timeam volumus vel, eos te movet complectitur, te causae saperet eam. Minimum probatus vim te, eu eum ancillae mentitum comprehensam. Tantas decore adipisci vix no.</p>\r\n<p>Pri tempor appareat no, eruditi repudiandae vix at. Eos at brute omnesque voluptaria, facer putent intellegam eu pri. Mei debitis ullamcorper eu, at quo idque mundi. Vis in suas porro consequat, nec ad dolor adversarium, ut praesent cotidieque sit. Veniam civibus omittantur duo ut, te his alterum complectitur. Mea omnis oratio impedit ne.</p>', 'The Tech Behind Classified Platforms', 'The Tech Behind Classified Platforms', '2024-12-08 08:01:04', '2024-12-08 08:01:04'),
(47, 7, 'bn', 'Negotiation Mastery on Classified Sites', '<p>The internet has changed our ways of accessing knowledge as well as information and art. Before, you would have had our locato go to a library, bookstore, magazine stand, or something similar. You wouldn&rsquo;t find as many titles as you find online and you&rsquo;d normally have to a pay for them or borrow them for a few days. Nowadays, you&rsquo;re lucky. You just need Google to find thousands of ways to read about your favorite assubjects. You can choose as many as you want and even keep a library of 2,000 books on your into thfind to amke it amazing to aend smartphone. There are many variations of passages of Lorem Ipsum available.</p>\r\n<p><img src=\"../../../../uploads/custom-images/blog--2024-03-30-03-23-28-8031.webp\" alt=\"\" width=\"1031\" height=\"644\"></p>\r\n<p>The internet has changed our ways of accessing knowledge as well as information and art. Before, you would have had our locato go to a library, bookstore, magazine stand, or something similar. You wouldn&rsquo;t find as many titles as you find online and you&rsquo;d normally have to a pay for them or borrow them for a few days. Nowadays, you&rsquo;re lucky. You just need Google to find thousands of ways to read about your favorite assubjects. You can choose as many as you want and even keep a library of 2,000 books on your into thfind to amke.</p>\r\n<p>The internet has changed our ways of accessing knowledge as well as information and art. Before, you would have had our locato go to a library, bookstore, magazine stand, or something similar. You wouldn&rsquo;t find as many titles as you find online.</p>\r\n<p>Vim et alterum ornatus vivendum, ut mea solum repudiare. His etiam delenit tibique no, ad harum omnes scribentur qui, ne wisi detracto his. Ei movet accusam pri. Ex vel diam quas urbanitas, ne has velit affert habemus. At quis nonumy disputando nec, falli scaevola vel ea. Omittantur concludaturque nam eu, ex est vocent virtute.</p>\r\n<p>There are many variations of passages of Lo rem Ipsum available but the majorty have suffered in as some form, by injected humour, or randomised words which don\'t look even slightly believable. If you are going to use a passage of Lorem Ipsum, you need to be sure there isn\'t anythng embarrassing as hidden in the middle of text.</p>', 'Negotiation Mastery on Classified Sites', 'Negotiation Mastery on Classified Sites', '2024-12-08 08:01:04', '2024-12-08 08:01:04'),
(48, 8, 'bn', 'Secure Transactions on Classifieds', '<p>Tale sanctus invidunt cu per, quo at modo recteque elaboraret. Ex mazim homero per. Eu nec exerci doctus, cu mei oblique copiosae. Consul diceret usu ne. Te soleat legendos molestiae cum. Tale sanctus invidunt cu per, quo at modo recteque elaboraret. Ex mazim homero per. Eu nec exerci doctus, cu mei oblique copiosae. Consul diceret usu ne. Te soleat legendos molestiae cum. Tale sanctus invidunt cu per</p>\r\n<p>The internet has changed our ways of accessing knowledge as well as information and art. Before, you would have had our locato go to a library, bookstore, magazine stand, or something similar. You wouldn&rsquo;t find as many titles as you find online and you&rsquo;d normally have to a pay for them or borrow them for a few days. Nowadays, you&rsquo;re lucky. You just need Google to find thousands of ways to read about your favorite assubjects. You can choose as many as you want and even keep a library of 2,000 books on your into thfind to amke it amazing to aend smartphone. There are many variations of passages of Lorem Ipsum available.</p>\r\n<p><img src=\"../../../../uploads/custom-images/blog--2024-03-30-03-27-03-4030.webp\" alt=\"\" width=\"1031\" height=\"644\"></p>\r\n<p>The internet has changed our ways of accessing knowledge as well as information and art. Before, you would have had our locato go to a library, bookstore, magazine stand, or something similar. You wouldn&rsquo;t find as many titles as you find online and you&rsquo;d normally have to a pay for them or borrow them for a few days. Nowadays, you&rsquo;re lucky. You just need Google to find thousands of ways to read about your favorite assubjects. You can choose as many as you want and even keep a library of 2,000 books on your into thfind to amke.</p>\r\n<p>Usu ad solet diceret, usu at appetere percipit appellantur, te est primis audire gloriatur. Scripta noluisse no mel, vis ne decore ridens labitur. Stet erant saepe eu mea. An mel dolore salutandi abhorreant. An quo aliquip maluisset, mea quaeque indoctum in, pro augue veritus praesent te.</p>', 'Secure Transactions on Classifieds', 'Secure Transactions on Classifieds', '2024-12-08 08:01:04', '2024-12-08 08:01:04');
INSERT INTO `blog_translations` (`id`, `blog_id`, `lang_code`, `title`, `description`, `seo_title`, `seo_description`, `created_at`, `updated_at`) VALUES
(49, 9, 'bn', 'Fostering Community on Classified Platforms', '<p>Lorem ipsum dolor sit amet, nibh saperet te pri, at nam diceret disputationi. Quo an consul impedit, usu possim evertitur dissentiet ei, ridens minimum nominavi et vix. An per mutat adipisci. Ut pericula dissentias sed, est ea modus gloriatur. Aliquip persius has cu, oportere adversarium mei an, justo fabulas in vix.</p>\r\n<p>In vim natum soleat nostro, pri in eloquentiam contentiones. Eu sit sapientem reprehendunt, omnis aliquid eu eos. No quot illum veniam est, ne pro iudico saperet mnesarchum. Ea pri nostro disputando contentiones, eu nec menandri qualisque, vis ex equidem invidunt. Et accusam detracto splendide per, congue meliore id sea. Has eu aeterno patrioque expetendis, mel ei dissentiet reformidans.</p>\r\n<p><img src=\"../../../../uploads/custom-images/blog--2024-03-30-03-31-00-4784.webp\" alt=\"\" width=\"1031\" height=\"644\"></p>\r\n<p>Meliore inimicus duo ut, tation veritus elaboraret eam cu. Cum in alii agam aliquip, aperiam salutandi et per. Ex vis summo probatus ocurreret, ex assum sententiae pri, blandit sensibus moderatius ei eos. Vix nobis phaedrum neglegentur et.</p>\r\n<p>Usu ad solet diceret, usu at appetere percipit appellantur, te est primis audire gloriatur. Scripta noluisse no mel, vis ne decore ridens labitur. Stet erant saepe eu mea. An mel dolore salutandi abhorreant. An quo aliquip maluisset, mea quaeque indoctum in, pro augue veritus praesent te.</p>\r\n<p>Vim et alterum ornatus vivendum, ut mea solum repudiare. His etiam delenit tibique no, ad harum omnes scribentur qui, ne wisi detracto his. Ei movet accusam pri. Ex vel diam quas urbanitas, ne has velit affert habemus. At quis nonumy disputando nec, falli scaevola vel ea. Omittantur concludaturque nam eu, ex est vocent virtute.</p>', 'Fostering Community on Classified Platforms', 'Fostering Community on Classified Platforms', '2024-12-08 08:01:04', '2024-12-08 08:01:04');

-- --------------------------------------------------------

--
-- Table structure for table `bookings`
--

CREATE TABLE `bookings` (
  `id` bigint UNSIGNED NOT NULL,
  `listing_id` int NOT NULL,
  `user_id` int NOT NULL,
  `start_date` date NOT NULL,
  `end_date` date NOT NULL,
  `status` varchar(255) COLLATE utf8mb4_unicode_ci NOT NULL,
  `created_at` timestamp NULL DEFAULT NULL,
  `updated_at` timestamp NULL DEFAULT NULL
) ENGINE=InnoDB DEFAULT CHARSET=utf8mb4 COLLATE=utf8mb4_unicode_ci;

--
-- Dumping data for table `bookings`
--

INSERT INTO `bookings` (`id`, `listing_id`, `user_id`, `start_date`, `end_date`, `status`, `created_at`, `updated_at`) VALUES
(1, 29, 2, '2024-10-17', '2024-10-26', '', '2024-10-17 10:55:54', '2024-10-17 10:55:54'),
(2, 12, 2, '2024-12-04', '2024-12-11', '1', '2024-12-04 09:59:04', '2024-12-04 10:00:38'),
(3, 32, 2, '2025-06-05', '2025-06-14', '1', '2025-06-04 04:02:46', '2025-06-04 04:02:46');

-- --------------------------------------------------------

--
-- Table structure for table `categories`
--

CREATE TABLE `categories` (
  `id` bigint UNSIGNED NOT NULL,
  `slug` varchar(255) COLLATE utf8mb4_unicode_ci NOT NULL,
  `status` varchar(255) COLLATE utf8mb4_unicode_ci NOT NULL DEFAULT 'enable',
  `created_at` timestamp NULL DEFAULT NULL,
  `updated_at` timestamp NULL DEFAULT NULL
) ENGINE=InnoDB DEFAULT CHARSET=utf8mb4 COLLATE=utf8mb4_unicode_ci;

--
-- Dumping data for table `categories`
--

INSERT INTO `categories` (`id`, `slug`, `status`, `created_at`, `updated_at`) VALUES
(1, 'classified', 'enable', NULL, NULL),
(2, 'realestate', 'enable', NULL, NULL),
(3, 'jobpost', 'enable', NULL, NULL),
(4, 'ecommerce', 'enable', NULL, NULL);

-- --------------------------------------------------------

--
-- Table structure for table `category_translations`
--

CREATE TABLE `category_translations` (
  `id` bigint UNSIGNED NOT NULL,
  `category_id` int NOT NULL,
  `lang_code` varchar(255) COLLATE utf8mb4_unicode_ci NOT NULL,
  `name` varchar(255) COLLATE utf8mb4_unicode_ci NOT NULL,
  `created_at` timestamp NULL DEFAULT NULL,
  `updated_at` timestamp NULL DEFAULT NULL
) ENGINE=InnoDB DEFAULT CHARSET=utf8mb4 COLLATE=utf8mb4_unicode_ci;

--
-- Dumping data for table `category_translations`
--

INSERT INTO `category_translations` (`id`, `category_id`, `lang_code`, `name`, `created_at`, `updated_at`) VALUES
(1, 1, 'en', 'Classified', NULL, NULL),
(2, 2, 'en', 'Real Estate', NULL, NULL),
(3, 3, 'en', 'Job Post', NULL, NULL),
(4, 4, 'en', 'Ecommerce\r\n', NULL, NULL);

-- --------------------------------------------------------

--
-- Table structure for table `child_categories`
--

CREATE TABLE `child_categories` (
  `id` bigint UNSIGNED NOT NULL,
  `sub_category_id` int NOT NULL,
  `slug` varchar(255) COLLATE utf8mb4_unicode_ci NOT NULL,
  `icon` varchar(255) COLLATE utf8mb4_unicode_ci DEFAULT NULL,
  `status` varchar(255) COLLATE utf8mb4_unicode_ci NOT NULL DEFAULT 'enable',
  `created_at` timestamp NULL DEFAULT NULL,
  `updated_at` timestamp NULL DEFAULT NULL
) ENGINE=InnoDB DEFAULT CHARSET=utf8mb4 COLLATE=utf8mb4_unicode_ci;

--
-- Dumping data for table `child_categories`
--

INSERT INTO `child_categories` (`id`, `sub_category_id`, `slug`, `icon`, `status`, `created_at`, `updated_at`) VALUES
(4, 18, 'market-research-child', NULL, 'enable', '2024-09-29 00:44:14', '2024-09-29 01:14:53'),
(6, 12, 'content-rewriter-child-2', NULL, 'enable', '2024-09-29 00:44:33', '2024-09-29 01:14:25'),
(7, 16, 'content-rewriter-child', NULL, 'enable', '2024-09-29 00:47:15', '2024-09-29 01:14:15'),
(8, 9, 'i-phone', NULL, 'enable', '2024-09-29 01:22:08', '2024-09-29 01:22:08'),
(9, 9, 'symphone', NULL, 'enable', '2024-09-29 01:36:42', '2024-09-29 01:36:46'),
(10, 13, 'software', NULL, 'enable', '2024-09-29 01:42:45', '2024-09-29 01:42:45'),
(11, 13, 'garments', NULL, 'enable', '2024-09-29 01:43:01', '2024-09-29 01:43:01'),
(12, 21, 'coffee-bag', NULL, 'enable', '2024-11-03 05:29:46', '2024-11-03 05:29:46'),
(13, 23, 'bmw', NULL, 'enable', '2024-12-04 11:37:11', '2024-12-04 11:37:11'),
(14, 32, 'bata', NULL, 'enable', '2024-12-05 11:07:01', '2024-12-05 11:07:01');

-- --------------------------------------------------------

--
-- Table structure for table `child_category_translations`
--

CREATE TABLE `child_category_translations` (
  `id` bigint UNSIGNED NOT NULL,
  `child_category_id` int NOT NULL,
  `lang_code` varchar(255) COLLATE utf8mb4_unicode_ci NOT NULL,
  `name` varchar(255) COLLATE utf8mb4_unicode_ci NOT NULL,
  `created_at` timestamp NULL DEFAULT NULL,
  `updated_at` timestamp NULL DEFAULT NULL
) ENGINE=InnoDB DEFAULT CHARSET=utf8mb4 COLLATE=utf8mb4_unicode_ci;

--
-- Dumping data for table `child_category_translations`
--

INSERT INTO `child_category_translations` (`id`, `child_category_id`, `lang_code`, `name`, `created_at`, `updated_at`) VALUES
(5, 4, 'en', 'Market Research child', '2024-09-29 00:44:14', '2024-09-29 01:14:53'),
(6, 4, 'hd', 'John Doe', '2024-09-29 00:44:14', '2024-09-29 00:44:14'),
(9, 6, 'en', 'Content Rewriter Child 2', '2024-09-29 00:44:33', '2024-09-29 01:14:25'),
(10, 6, 'hd', 'ChatGPT', '2024-09-29 00:44:33', '2024-09-29 00:44:33'),
(11, 7, 'en', 'Content Rewriter Child', '2024-09-29 00:47:15', '2024-09-29 01:14:15'),
(12, 7, 'hd', 'Chicken33', '2024-09-29 00:47:15', '2024-09-29 00:47:15'),
(13, 8, 'en', 'I phone', '2024-09-29 01:22:08', '2024-09-29 01:22:08'),
(14, 8, 'hd', 'I phone', '2024-09-29 01:22:08', '2024-09-29 01:22:08'),
(15, 9, 'en', 'Symphone', '2024-09-29 01:36:42', '2024-09-29 01:36:42'),
(16, 9, 'hd', 'Symphone', '2024-09-29 01:36:42', '2024-09-29 01:36:42'),
(17, 10, 'en', 'Software', '2024-09-29 01:42:45', '2024-09-29 01:42:45'),
(18, 10, 'hd', 'Software', '2024-09-29 01:42:45', '2024-09-29 01:42:45'),
(19, 11, 'en', 'Garments', '2024-09-29 01:43:01', '2024-09-29 01:43:01'),
(20, 11, 'hd', 'Garments', '2024-09-29 01:43:01', '2024-09-29 01:43:01'),
(21, 12, 'en', 'Coffee Bag', '2024-11-03 05:29:46', '2024-11-03 05:29:46'),
(22, 12, 'hd', 'Coffee Bag', '2024-11-03 05:29:46', '2024-11-03 05:29:46'),
(23, 13, 'en', 'BMW', '2024-12-04 11:37:11', '2024-12-04 11:37:11'),
(24, 13, 'hd', 'BMW', '2024-12-04 11:37:11', '2024-12-04 11:37:11'),
(25, 14, 'en', 'Bata', '2024-12-05 11:07:01', '2024-12-05 11:07:01'),
(26, 14, 'hd', 'Bata', '2024-12-05 11:07:01', '2024-12-05 11:07:01'),
(57, 4, 'bn', 'Market Research child', '2024-12-08 08:01:04', '2024-12-08 08:01:04'),
(58, 6, 'bn', 'Content Rewriter Child 2', '2024-12-08 08:01:04', '2024-12-08 08:01:04'),
(59, 7, 'bn', 'Content Rewriter Child', '2024-12-08 08:01:04', '2024-12-08 08:01:04'),
(60, 8, 'bn', 'I phone', '2024-12-08 08:01:04', '2024-12-08 08:01:04'),
(61, 9, 'bn', 'Symphone', '2024-12-08 08:01:04', '2024-12-08 08:01:04'),
(62, 10, 'bn', 'Software', '2024-12-08 08:01:04', '2024-12-08 08:01:04'),
(63, 11, 'bn', 'Garments', '2024-12-08 08:01:04', '2024-12-08 08:01:04'),
(64, 12, 'bn', 'Coffee Bag', '2024-12-08 08:01:04', '2024-12-08 08:01:04'),
(65, 13, 'bn', 'BMW', '2024-12-08 08:01:04', '2024-12-08 08:01:04'),
(66, 14, 'bn', 'Bata', '2024-12-08 08:01:04', '2024-12-08 08:01:04');

-- --------------------------------------------------------

--
-- Table structure for table `cities`
--

CREATE TABLE `cities` (
  `id` bigint UNSIGNED NOT NULL,
  `image` varchar(255) COLLATE utf8mb4_unicode_ci DEFAULT NULL,
  `created_at` timestamp NULL DEFAULT NULL,
  `updated_at` timestamp NULL DEFAULT NULL,
  `country_id` int NOT NULL DEFAULT '0'
) ENGINE=InnoDB DEFAULT CHARSET=utf8mb4 COLLATE=utf8mb4_unicode_ci;

--
-- Dumping data for table `cities`
--

INSERT INTO `cities` (`id`, `image`, `created_at`, `updated_at`, `country_id`) VALUES
(1, 'uploads/custom-images/file-name-17424630937889.webp', '2024-03-29 22:21:55', '2025-03-20 09:31:33', 5),
(2, 'uploads/custom-images/city--2024-04-03-06-15-47-1335.webp', '2024-03-29 22:22:30', '2024-09-28 21:20:33', 5),
(3, 'uploads/custom-images/city--2024-04-03-06-15-08-8287.webp', '2024-03-29 22:23:13', '2024-09-28 21:20:46', 5),
(4, 'uploads/custom-images/city--2024-04-03-06-14-48-5810.webp', '2024-03-29 22:23:30', '2024-09-28 21:23:17', 4),
(5, 'uploads/custom-images/city--2024-04-03-06-14-16-4664.webp', '2024-03-29 22:23:49', '2024-09-28 21:21:03', 5),
(6, 'uploads/custom-images/city--2024-04-03-06-13-10-4756.webp', '2024-03-29 22:24:10', '2024-09-28 21:21:15', 5),
(7, 'uploads/custom-images/city--2024-04-03-06-12-34-2079.webp', '2024-03-29 22:24:24', '2024-09-28 21:21:23', 5),
(8, 'uploads/custom-images/city--2024-04-03-06-12-00-6072.webp', '2024-03-29 22:24:37', '2024-09-28 21:21:31', 5),
(9, 'uploads/custom-images/city--2024-12-08-03-31-54-9085.webp', '2024-09-28 21:16:30', '2024-12-08 09:31:54', 3);

-- --------------------------------------------------------

--
-- Table structure for table `city_translations`
--

CREATE TABLE `city_translations` (
  `id` bigint UNSIGNED NOT NULL,
  `city_id` int NOT NULL,
  `lang_code` varchar(255) COLLATE utf8mb4_unicode_ci NOT NULL,
  `name` varchar(255) COLLATE utf8mb4_unicode_ci NOT NULL,
  `created_at` timestamp NULL DEFAULT NULL,
  `updated_at` timestamp NULL DEFAULT NULL
) ENGINE=InnoDB DEFAULT CHARSET=utf8mb4 COLLATE=utf8mb4_unicode_ci;

--
-- Dumping data for table `city_translations`
--

INSERT INTO `city_translations` (`id`, `city_id`, `lang_code`, `name`, `created_at`, `updated_at`) VALUES
(1, 1, 'en', 'Phoenix', '2024-03-29 22:21:55', '2024-03-30 21:22:11'),
(2, 1, 'hd', 'Phoenix', '2024-03-29 22:21:55', '2024-03-30 21:22:15'),
(3, 2, 'en', 'California', '2024-03-29 22:22:30', '2024-03-29 22:22:30'),
(4, 2, 'hd', 'California', '2024-03-29 22:22:30', '2024-03-29 22:22:30'),
(5, 3, 'en', 'New York', '2024-03-29 22:23:14', '2024-03-29 22:23:14'),
(6, 3, 'hd', 'New York', '2024-03-29 22:23:14', '2024-03-29 22:23:14'),
(7, 4, 'en', 'Kalkata', '2024-03-29 22:23:30', '2024-09-28 21:23:17'),
(8, 4, 'hd', 'Austin', '2024-03-29 22:23:30', '2024-03-30 21:19:40'),
(9, 5, 'en', 'San Jose', '2024-03-29 22:23:49', '2024-03-29 22:23:49'),
(10, 5, 'hd', 'San Jose', '2024-03-29 22:23:49', '2024-03-29 22:23:49'),
(11, 6, 'en', 'Indianapolis', '2024-03-29 22:24:10', '2024-03-29 22:24:10'),
(12, 6, 'hd', 'Indianapolis', '2024-03-29 22:24:10', '2024-03-29 22:24:10'),
(13, 7, 'en', 'Fort Worth', '2024-03-29 22:24:24', '2024-03-29 22:24:24'),
(14, 7, 'hd', 'Fort Worth', '2024-03-29 22:24:24', '2024-03-29 22:24:24'),
(15, 8, 'en', 'Chicago', '2024-03-29 22:24:37', '2024-03-30 21:19:58'),
(16, 8, 'hd', 'Chicago', '2024-03-29 22:24:37', '2024-03-30 21:20:06'),
(17, 9, 'en', 'Dhaka', '2024-09-28 21:16:30', '2024-09-28 21:16:30'),
(18, 9, 'hd', 'Dhaka', '2024-09-28 21:16:30', '2024-09-28 21:16:30'),
(46, 1, 'bn', 'Phoenix', '2024-12-08 08:01:04', '2024-12-08 08:01:04'),
(47, 2, 'bn', 'California', '2024-12-08 08:01:04', '2024-12-08 08:01:04'),
(48, 3, 'bn', 'New York', '2024-12-08 08:01:04', '2024-12-08 08:01:04'),
(49, 4, 'bn', 'Kalkata', '2024-12-08 08:01:04', '2024-12-08 08:01:04'),
(50, 5, 'bn', 'San Jose', '2024-12-08 08:01:04', '2024-12-08 08:01:04'),
(51, 6, 'bn', 'Indianapolis', '2024-12-08 08:01:04', '2024-12-08 08:01:04'),
(52, 7, 'bn', 'Fort Worth', '2024-12-08 08:01:04', '2024-12-08 08:01:04'),
(53, 8, 'bn', 'Chicago', '2024-12-08 08:01:04', '2024-12-08 08:01:04'),
(54, 9, 'bn', 'Dhaka', '2024-12-08 08:01:04', '2024-12-08 08:01:04');

-- --------------------------------------------------------

--
-- Table structure for table `contact_messages`
--

CREATE TABLE `contact_messages` (
  `id` bigint UNSIGNED NOT NULL,
  `name` varchar(255) COLLATE utf8mb4_unicode_ci NOT NULL,
  `email` varchar(255) COLLATE utf8mb4_unicode_ci NOT NULL,
  `phone` varchar(255) COLLATE utf8mb4_unicode_ci DEFAULT NULL,
  `subject` varchar(255) COLLATE utf8mb4_unicode_ci NOT NULL,
  `message` text COLLATE utf8mb4_unicode_ci NOT NULL,
  `created_at` timestamp NULL DEFAULT NULL,
  `updated_at` timestamp NULL DEFAULT NULL
) ENGINE=InnoDB DEFAULT CHARSET=utf8mb4 COLLATE=utf8mb4_unicode_ci;

-- --------------------------------------------------------

--
-- Table structure for table `contact_us`
--

CREATE TABLE `contact_us` (
  `id` bigint UNSIGNED NOT NULL,
  `phone` text COLLATE utf8mb4_unicode_ci,
  `email` text COLLATE utf8mb4_unicode_ci,
  `phone2` varchar(255) COLLATE utf8mb4_unicode_ci DEFAULT NULL,
  `email2` varchar(255) COLLATE utf8mb4_unicode_ci DEFAULT NULL,
  `map_code` text COLLATE utf8mb4_unicode_ci,
  `created_at` timestamp NULL DEFAULT NULL,
  `updated_at` timestamp NULL DEFAULT NULL
) ENGINE=InnoDB DEFAULT CHARSET=utf8mb4 COLLATE=utf8mb4_unicode_ci;

--
-- Dumping data for table `contact_us`
--

INSERT INTO `contact_us` (`id`, `phone`, `email`, `phone2`, `email2`, `map_code`, `created_at`, `updated_at`) VALUES
(1, '+88 234 567 8991', 'abdur.rohman2003@gmail.com', '+88 234 567 8992', 'infoyour@gmail.com', 'https://www.google.com/maps/embed?pb=!1m14!1m12!1m3!1d14599.579502735794!2d90.36542960000001!3d23.82233695!2m3!1f0!2f0!3f0!3m2!1i1024!2i768!4f13.1!5e0!3m2!1sen!2sbd!4v1701237009812!5m2!1sen!2sbd', NULL, '2024-03-30 23:26:32');

-- --------------------------------------------------------

--
-- Table structure for table `contact_us_translations`
--

CREATE TABLE `contact_us_translations` (
  `id` bigint UNSIGNED NOT NULL,
  `contact_us_id` int NOT NULL,
  `lang_code` varchar(255) COLLATE utf8mb4_unicode_ci NOT NULL,
  `address` text COLLATE utf8mb4_unicode_ci NOT NULL,
  `title` text COLLATE utf8mb4_unicode_ci NOT NULL,
  `description` text COLLATE utf8mb4_unicode_ci NOT NULL,
  `contact_description` text COLLATE utf8mb4_unicode_ci,
  `created_at` timestamp NULL DEFAULT NULL,
  `updated_at` timestamp NULL DEFAULT NULL
) ENGINE=InnoDB DEFAULT CHARSET=utf8mb4 COLLATE=utf8mb4_unicode_ci;

--
-- Dumping data for table `contact_us_translations`
--

INSERT INTO `contact_us_translations` (`id`, `contact_us_id`, `lang_code`, `address`, `title`, `description`, `contact_description`, `created_at`, `updated_at`) VALUES
(1, 1, 'en', '4517 Washington Ave. 32 King Street, Melbourne Manchester, Road USA', 'Get in Touch', 'Award-winning, family owned dealership of new and pre-owned Aadfirst with several locations across the city.', 'Contrary to popular belief Lorem Ipsum is not simply random text.It has roots in a piece of classical Latin literature', '2024-01-28 09:47:29', '2024-04-04 21:17:52'),
(20, 1, 'hd', '4517 Washington Ave. 32 King Street, Melbourne Manchester, Road USA', 'Get in Touch', 'Award-winning, family owned dealership of new and pre-owned Aadfirst with several locations across the city.', 'Contrary to popular belief Lorem Ipsum is not simply random text.It has roots in a piece of classical Latin literature', '2024-03-28 00:47:40', '2024-04-04 21:19:38'),
(24, 1, 'bn', '4517 Washington Ave. 32 King Street, Melbourne Manchester, Road USA', 'Get in Touch', 'Award-winning, family owned dealership of new and pre-owned Aadfirst with several locations across the city.', 'Contrary to popular belief Lorem Ipsum is not simply random text.It has roots in a piece of classical Latin literature', '2024-12-08 08:01:04', '2024-12-08 08:01:04');

-- --------------------------------------------------------

--
-- Table structure for table `cookie_consents`
--

CREATE TABLE `cookie_consents` (
  `id` bigint UNSIGNED NOT NULL,
  `status` int NOT NULL DEFAULT '1',
  `message` text COLLATE utf8mb4_unicode_ci,
  `created_at` timestamp NULL DEFAULT NULL,
  `updated_at` timestamp NULL DEFAULT NULL
) ENGINE=InnoDB DEFAULT CHARSET=utf8mb4 COLLATE=utf8mb4_unicode_ci;

--
-- Dumping data for table `cookie_consents`
--

INSERT INTO `cookie_consents` (`id`, `status`, `message`, `created_at`, `updated_at`) VALUES
(1, 1, 'Lorem Ipsum is simply dummy text of the printing and typesetting industry. Lorem Ipsum has been the industry\'s standard dummy text ever since the when an unknown printer took.', NULL, '2024-01-24 02:54:02');

-- --------------------------------------------------------

--
-- Table structure for table `countries`
--

CREATE TABLE `countries` (
  `id` bigint UNSIGNED NOT NULL,
  `name` varchar(255) COLLATE utf8mb4_unicode_ci NOT NULL,
  `code` varchar(255) COLLATE utf8mb4_unicode_ci DEFAULT NULL,
  `created_at` timestamp NULL DEFAULT NULL,
  `updated_at` timestamp NULL DEFAULT NULL
) ENGINE=InnoDB DEFAULT CHARSET=utf8mb4 COLLATE=utf8mb4_unicode_ci;

--
-- Dumping data for table `countries`
--

INSERT INTO `countries` (`id`, `name`, `code`, `created_at`, `updated_at`) VALUES
(3, 'Bangladesh', NULL, '2024-09-28 21:08:39', '2024-09-28 21:08:39'),
(4, 'India', NULL, '2024-09-28 21:08:44', '2024-09-28 21:08:44'),
(5, 'United States', NULL, '2024-09-28 21:08:48', '2024-09-28 21:21:57'),
(6, 'United Kindom', NULL, '2024-09-28 21:08:54', '2024-09-28 21:08:54'),
(8, 'Sri Lanka', NULL, '2024-09-28 21:09:03', '2024-09-28 21:09:03');

-- --------------------------------------------------------

--
-- Table structure for table `custom_pages`
--

CREATE TABLE `custom_pages` (
  `id` bigint UNSIGNED NOT NULL,
  `slug` varchar(255) COLLATE utf8mb4_unicode_ci NOT NULL,
  `status` int NOT NULL DEFAULT '0',
  `created_at` timestamp NULL DEFAULT NULL,
  `updated_at` timestamp NULL DEFAULT NULL
) ENGINE=InnoDB DEFAULT CHARSET=utf8mb4 COLLATE=utf8mb4_unicode_ci;

--
-- Dumping data for table `custom_pages`
--

INSERT INTO `custom_pages` (`id`, `slug`, `status`, `created_at`, `updated_at`) VALUES
(2, 'custom-page-one', 1, '2024-03-28 01:16:15', '2024-03-28 01:17:29'),
(3, 'custom-page-two', 1, '2024-03-28 01:17:16', '2024-03-28 01:17:16');

-- --------------------------------------------------------

--
-- Table structure for table `custom_page_translations`
--

CREATE TABLE `custom_page_translations` (
  `id` bigint UNSIGNED NOT NULL,
  `custom_page_id` int NOT NULL,
  `lang_code` varchar(255) COLLATE utf8mb4_unicode_ci NOT NULL,
  `page_name` varchar(255) COLLATE utf8mb4_unicode_ci NOT NULL,
  `description` longtext COLLATE utf8mb4_unicode_ci NOT NULL,
  `created_at` timestamp NULL DEFAULT NULL,
  `updated_at` timestamp NULL DEFAULT NULL
) ENGINE=InnoDB DEFAULT CHARSET=utf8mb4 COLLATE=utf8mb4_unicode_ci;

--
-- Dumping data for table `custom_page_translations`
--

INSERT INTO `custom_page_translations` (`id`, `custom_page_id`, `lang_code`, `page_name`, `description`, `created_at`, `updated_at`) VALUES
(4, 2, 'en', 'Custom Page One', '<h3><strong>1. What is custom page?</strong></h3>\r\n<p>Lorem Ipsum is simply dummy text of the printing and typesetting industry. Lorem Ipsum has been the industry\'s standard dummy text ever since the 1500s, when an unknown printer took a galley of type and scrambled it to make a type specimen book. It has survived not only five centuriefss asbut also the on leap into a electironc typesetting, remaining essentially unchanged. It wasn&rsquo;t popularised in the 1960s with the release of Letraset sheets containing Lorem Ipsum passages, andeiss more recently with desktop publishing software like Aldus PageMaker including versions of Lorem Ipsum to make a type specimen book.</p>\r\n<h3><strong>2. How does work custom page</strong></h3>\r\n<p>While it&rsquo;s not legally required for ecommerce websites to have a terms and conditions agreement, adding one will help protect your as sonline business.As terms and conditions are legally enforceable rules, they allow you to set standards for how users interact with your site. Here are some of the major abenefits of including terms and conditions on your ecommerce site:</p>\r\n<p>It has survived not only five centuries but also the on leap into electronic typesetting, remaining essentially unchanged. It wasn&rsquo;t popularised in the obb1960s with the release of Letraset sheets containing Lorem Ipsum passages, andei more recently with desktop.</p>\r\n<h3><strong>Features :</strong></h3>\r\n<ul>\r\n<li>Slim body with metal cover</li>\r\n<li>Latest Intel Core i5-1135G7 processor (4 cores / 8 threads)</li>\r\n<li>8GB DDR4 RAM and fast 512GB PCIe SSD</li>\r\n<li>NVIDIA GeForce MX350 2GB GDDR5 graphics card backlit keyboard, touchpad with gesture support</li>\r\n</ul>\r\n<h3><strong>3. Protect Your Property</strong></h3>\r\n<p>Lorem Ipsum is simply dummy text of the printing and typesetting industry. Lorem Ipsum has been the industry\'s standard dummy text ever since the 1500s, when an unknown printer took a galley of type and scrambled it to make a type specimen book. It has survived not only five centuriezcs but also the on leap into as eylectronic typesetting, remaining essentially unchanged. It wasn&rsquo;t popularised in the 1960s with the release of Letraszvxet sheets containing Lorem Ipsum our spassages, andei more recently with desktop publishing software like Aldus PageMaker including versions of Lorem Ipsum to make a type specimen book. five centuries but also a the on leap into electronic typesetting, remaining essentially unchanged. It aswasn&rsquo;t popularised in the 1960s with the release of Letraset sheets containing Lorem Ipsum passages, andei more recently with desktop our aspublishing software like Aldus PageMaker including versions of Lorem Ipsum to make a type specimen book.</p>\r\n<h3><strong>4. What to Include in Terms and Conditions for Online Stores</strong></h3>\r\n<p>Lorem Ipsum is simply dummy text of the printing and typesetting industry. Lorem Ipsum has been the industry\'s standard dummy text ever since the 1500s, when an unknown printer took a galley of type and scrambled it to make a type specimen book. It has survived not only five as centuries but also the on leap into as electronic typesetting, remaining essentially unchanged. It wasn&rsquo;t popularised in the 1960s with the release of as Leitraset sheets containing Loriem Ipsum passages, our andei more recently with desktop publishing software like Aldus PageMaker including versions of Lorem Ipsum to make a type specimen book.</p>\r\n<p>Five centuries but also the on leap into electronic typesetting, remaining essentially unchanged. It wasn&rsquo;t popularised in the 1960s with the release of Letraset sheets containing Lorem Ipsum passages, andei more recently with desktop publishing software like Aldus PageMaker our as including versions of Loriem Ipsum to make a type specimen book. It wasn&rsquo;t popularised in the 1960s with the release of Letraset sheets as containing Lorem Ipsum passages, andei more recently with a desktop publishing software like Aldus PageMaker including versions of Loremas&nbsp; Ipsum to make a type specimen book.</p>\r\n<h3><strong>05.Pricing and Payment Terms</strong></h3>\r\n<p>Lorem Ipsum is simply dummy text of the printing and typesetting industry. Lorem Ipsum has been the industry\'s standard dummy text ever since the 1500s, when an unknown printer took a galley of type and scrambled it to make a type specimen book. It has survived not only five as centuries but also as the on leap into electronic typesetting, remaining essentially unchanged. It wasn&rsquo;t popularised in the 1960s with the release as of Letraset sheets containing Lorem Ipsum our spassages, andei more recently with desktop publishing software like Aldus PageMaker including versions of Lorem Ipsum to make a type specimen book.</p>\r\n<p>Five centuries but also the on leap into electronic typesetting, remaining essentially unchanged. It wasn&rsquo;t popularised in the 1960s with the release of Letraset sheets containing Lorem Ipsum passages, andei more recently with desktop publishing software like Aldus PageMaker our as including versions of Lorem aIpsum to make a type specimen book. It wasn&rsquo;t popularised in the 1960s with the release of Letraset sheetsasd containing Lorem Ipsum passages, andei more recentlysl with desktop publishing software like Aldus PageMaker including versions of Loremadfsfds Ipsum to make a type specimen book.</p>\r\n<p>It has survived not only five centuries but also the on leap into electronic typesetting, remaining essentially unchanged. It wasn&rsquo;t popularised in the our 1960s with the release of Letraset sheets containing Lorem Ipsum passages, andei more recently with desktop publishing asou software like Aldus PageMaker including versions of Lorem Ipsum to make a type specimen book.</p>', '2024-03-28 01:16:15', '2024-03-31 21:16:14'),
(5, 2, 'hd', 'Dynamic page one', '<p><strong>1. What is custom page?</strong></p>\r\n<p>Lorem Ipsum is simply dummy text of the printing and typesetting industry. Lorem Ipsum has been the industry\'s standard dummy text ever since the 1500s, when an unknown printer took a galley of type and scrambled it to make a type specimen book. It has survived not only five centuriefss asbut also the on leap into a electironc typesetting, remaining essentially unchanged. It wasn&rsquo;t popularised in the 1960s with the release of Letraset sheets containing Lorem Ipsum passages, andeiss more recently with desktop publishing software like Aldus PageMaker including versions of Lorem Ipsum to make a type specimen book.</p>\r\n<p><strong>2. How does work custom page</strong></p>\r\n<p>While it&rsquo;s not legally required for ecommerce websites to have a terms and conditions agreement, adding one will help protect your as sonline business.As terms and conditions are legally enforceable rules, they allow you to set standards for how users interact with your site. Here are some of the major abenefits of including terms and conditions on your ecommerce site:</p>\r\n<p>It has survived not only five centuries but also the on leap into electronic typesetting, remaining essentially unchanged. It wasn&rsquo;t popularised in the obb1960s with the release of Letraset sheets containing Lorem Ipsum passages, andei more recently with desktop.</p>\r\n<p><strong>Features :</strong></p>\r\n<ul>\r\n<li>Slim body with metal cover</li>\r\n<li>Latest Intel Core i5-1135G7 processor (4 cores / 8 threads)</li>\r\n<li>8GB DDR4 RAM and fast 512GB PCIe SSD</li>\r\n<li>NVIDIA GeForce MX350 2GB GDDR5 graphics card backlit keyboard, touchpad with gesture support</li>\r\n</ul>\r\n<p><strong>3. Protect Your Property</strong></p>\r\n<p>Lorem Ipsum is simply dummy text of the printing and typesetting industry. Lorem Ipsum has been the industry\'s standard dummy text ever since the 1500s, when an unknown printer took a galley of type and scrambled it to make a type specimen book. It has survived not only five centuriezcs but also the on leap into as eylectronic typesetting, remaining essentially unchanged. It wasn&rsquo;t popularised in the 1960s with the release of Letraszvxet sheets containing Lorem Ipsum our spassages, andei more recently with desktop publishing software like Aldus PageMaker including versions of Lorem Ipsum to make a type specimen book. five centuries but also a the on leap into electronic typesetting, remaining essentially unchanged. It aswasn&rsquo;t popularised in the 1960s with the release of Letraset sheets containing Lorem Ipsum passages, andei more recently with desktop our aspublishing software like Aldus PageMaker including versions of Lorem Ipsum to make a type specimen book.</p>\r\n<p><strong>4. What to Include in Terms and Conditions for Online Stores</strong></p>\r\n<p>Lorem Ipsum is simply dummy text of the printing and typesetting industry. Lorem Ipsum has been the industry\'s standard dummy text ever since the 1500s, when an unknown printer took a galley of type and scrambled it to make a type specimen book. It has survived not only five as centuries but also the on leap into as electronic typesetting, remaining essentially unchanged. It wasn&rsquo;t popularised in the 1960s with the release of as Leitraset sheets containing Loriem Ipsum passages, our andei more recently with desktop publishing software like Aldus PageMaker including versions of Lorem Ipsum to make a type specimen book.</p>\r\n<p>Five centuries but also the on leap into electronic typesetting, remaining essentially unchanged. It wasn&rsquo;t popularised in the 1960s with the release of Letraset sheets containing Lorem Ipsum passages, andei more recently with desktop publishing software like Aldus PageMaker our as including versions of Loriem Ipsum to make a type specimen book. It wasn&rsquo;t popularised in the 1960s with the release of Letraset sheets as containing Lorem Ipsum passages, andei more recently with a desktop publishing software like Aldus PageMaker including versions of Loremas&nbsp; Ipsum to make a type specimen book.</p>\r\n<p><strong>05.Pricing and Payment Terms</strong></p>\r\n<p>Lorem Ipsum is simply dummy text of the printing and typesetting industry. Lorem Ipsum has been the industry\'s standard dummy text ever since the 1500s, when an unknown printer took a galley of type and scrambled it to make a type specimen book. It has survived not only five as centuries but also as the on leap into electronic typesetting, remaining essentially unchanged. It wasn&rsquo;t popularised in the 1960s with the release as of Letraset sheets containing Lorem Ipsum our spassages, andei more recently with desktop publishing software like Aldus PageMaker including versions of Lorem Ipsum to make a type specimen book.</p>\r\n<p>Five centuries but also the on leap into electronic typesetting, remaining essentially unchanged. It wasn&rsquo;t popularised in the 1960s with the release of Letraset sheets containing Lorem Ipsum passages, andei more recently with desktop publishing software like Aldus PageMaker our as including versions of Lorem aIpsum to make a type specimen book. It wasn&rsquo;t popularised in the 1960s with the release of Letraset sheetsasd containing Lorem Ipsum passages, andei more recentlysl with desktop publishing software like Aldus PageMaker including versions of Loremadfsfds Ipsum to make a type specimen book.</p>\r\n<p>It has survived not only five centuries but also the on leap into electronic typesetting, remaining essentially unchanged. It wasn&rsquo;t popularised in the our 1960s with the release of Letraset sheets containing Lorem Ipsum passages, andei more recently with desktop publishing asou software like Aldus PageMaker including versions of Lorem Ipsum to make a type specimen book.</p>', '2024-03-28 01:16:15', '2024-03-28 01:16:15'),
(6, 3, 'en', 'Custom Page Two', '<h3><strong>1. What is custom page?</strong></h3>\r\n<p>Lorem Ipsum is simply dummy text of the printing and typesetting industry. Lorem Ipsum has been the industry\'s standard dummy text ever since the 1500s, when an unknown printer took a galley of type and scrambled it to make a type specimen book. It has survived not only five centuriefss asbut also the on leap into a electironc typesetting, remaining essentially unchanged. It wasn&rsquo;t popularised in the 1960s with the release of Letraset sheets containing Lorem Ipsum passages, andeiss more recently with desktop publishing software like Aldus PageMaker including versions of Lorem Ipsum to make a type specimen book.</p>\r\n<h3><strong>2. How does work custom page</strong></h3>\r\n<p>While it&rsquo;s not legally required for ecommerce websites to have a terms and conditions agreement, adding one will help protect your as sonline business.As terms and conditions are legally enforceable rules, they allow you to set standards for how users interact with your site. Here are some of the major abenefits of including terms and conditions on your ecommerce site:</p>\r\n<p>It has survived not only five centuries but also the on leap into electronic typesetting, remaining essentially unchanged. It wasn&rsquo;t popularised in the obb1960s with the release of Letraset sheets containing Lorem Ipsum passages, andei more recently with desktop.</p>\r\n<h3><strong>Features :</strong></h3>\r\n<ul>\r\n<li>Slim body with metal cover</li>\r\n<li>Latest Intel Core i5-1135G7 processor (4 cores / 8 threads)</li>\r\n<li>8GB DDR4 RAM and fast 512GB PCIe SSD</li>\r\n<li>NVIDIA GeForce MX350 2GB GDDR5 graphics card backlit keyboard, touchpad with gesture support</li>\r\n</ul>\r\n<h3><strong>3. Protect Your Property</strong></h3>\r\n<p>Lorem Ipsum is simply dummy text of the printing and typesetting industry. Lorem Ipsum has been the industry\'s standard dummy text ever since the 1500s, when an unknown printer took a galley of type and scrambled it to make a type specimen book. It has survived not only five centuriezcs but also the on leap into as eylectronic typesetting, remaining essentially unchanged. It wasn&rsquo;t popularised in the 1960s with the release of Letraszvxet sheets containing Lorem Ipsum our spassages, andei more recently with desktop publishing software like Aldus PageMaker including versions of Lorem Ipsum to make a type specimen book. five centuries but also a the on leap into electronic typesetting, remaining essentially unchanged. It aswasn&rsquo;t popularised in the 1960s with the release of Letraset sheets containing Lorem Ipsum passages, andei more recently with desktop our aspublishing software like Aldus PageMaker including versions of Lorem Ipsum to make a type specimen book.</p>\r\n<h3><strong>4. What to Include in Terms and Conditions for Online Stores</strong></h3>\r\n<p>Lorem Ipsum is simply dummy text of the printing and typesetting industry. Lorem Ipsum has been the industry\'s standard dummy text ever since the 1500s, when an unknown printer took a galley of type and scrambled it to make a type specimen book. It has survived not only five as centuries but also the on leap into as electronic typesetting, remaining essentially unchanged. It wasn&rsquo;t popularised in the 1960s with the release of as Leitraset sheets containing Loriem Ipsum passages, our andei more recently with desktop publishing software like Aldus PageMaker including versions of Lorem Ipsum to make a type specimen book.</p>\r\n<p>Five centuries but also the on leap into electronic typesetting, remaining essentially unchanged. It wasn&rsquo;t popularised in the 1960s with the release of Letraset sheets containing Lorem Ipsum passages, andei more recently with desktop publishing software like Aldus PageMaker our as including versions of Loriem Ipsum to make a type specimen book. It wasn&rsquo;t popularised in the 1960s with the release of Letraset sheets as containing Lorem Ipsum passages, andei more recently with a desktop publishing software like Aldus PageMaker including versions of Loremas&nbsp; Ipsum to make a type specimen book.</p>\r\n<h3><strong>05.Pricing and Payment Terms</strong></h3>\r\n<p>Lorem Ipsum is simply dummy text of the printing and typesetting industry. Lorem Ipsum has been the industry\'s standard dummy text ever since the 1500s, when an unknown printer took a galley of type and scrambled it to make a type specimen book. It has survived not only five as centuries but also as the on leap into electronic typesetting, remaining essentially unchanged. It wasn&rsquo;t popularised in the 1960s with the release as of Letraset sheets containing Lorem Ipsum our spassages, andei more recently with desktop publishing software like Aldus PageMaker including versions of Lorem Ipsum to make a type specimen book.</p>\r\n<p>Five centuries but also the on leap into electronic typesetting, remaining essentially unchanged. It wasn&rsquo;t popularised in the 1960s with the release of Letraset sheets containing Lorem Ipsum passages, andei more recently with desktop publishing software like Aldus PageMaker our as including versions of Lorem aIpsum to make a type specimen book. It wasn&rsquo;t popularised in the 1960s with the release of Letraset sheetsasd containing Lorem Ipsum passages, andei more recentlysl with desktop publishing software like Aldus PageMaker including versions of Loremadfsfds Ipsum to make a type specimen book.</p>\r\n<p>It has survived not only five centuries but also the on leap into electronic typesetting, remaining essentially unchanged. It wasn&rsquo;t popularised in the our 1960s with the release of Letraset sheets containing Lorem Ipsum passages, andei more recently with desktop publishing asou software like Aldus PageMaker including versions of Lorem Ipsum to make a type specimen book.</p>', '2024-03-28 01:17:16', '2024-03-31 21:17:20'),
(7, 3, 'hd', 'Custom Page Two', '<p><strong>1. What is custom page?</strong></p>\r\n<p>Lorem Ipsum is simply dummy text of the printing and typesetting industry. Lorem Ipsum has been the industry\'s standard dummy text ever since the 1500s, when an unknown printer took a galley of type and scrambled it to make a type specimen book. It has survived not only five centuriefss asbut also the on leap into a electironc typesetting, remaining essentially unchanged. It wasn&rsquo;t popularised in the 1960s with the release of Letraset sheets containing Lorem Ipsum passages, andeiss more recently with desktop publishing software like Aldus PageMaker including versions of Lorem Ipsum to make a type specimen book.</p>\r\n<p><strong>2. How does work custom page</strong></p>\r\n<p>While it&rsquo;s not legally required for ecommerce websites to have a terms and conditions agreement, adding one will help protect your as sonline business.As terms and conditions are legally enforceable rules, they allow you to set standards for how users interact with your site. Here are some of the major abenefits of including terms and conditions on your ecommerce site:</p>\r\n<p>It has survived not only five centuries but also the on leap into electronic typesetting, remaining essentially unchanged. It wasn&rsquo;t popularised in the obb1960s with the release of Letraset sheets containing Lorem Ipsum passages, andei more recently with desktop.</p>\r\n<p><strong>Features :</strong></p>\r\n<ul>\r\n<li>Slim body with metal cover</li>\r\n<li>Latest Intel Core i5-1135G7 processor (4 cores / 8 threads)</li>\r\n<li>8GB DDR4 RAM and fast 512GB PCIe SSD</li>\r\n<li>NVIDIA GeForce MX350 2GB GDDR5 graphics card backlit keyboard, touchpad with gesture support</li>\r\n</ul>\r\n<p><strong>3. Protect Your Property</strong></p>\r\n<p>Lorem Ipsum is simply dummy text of the printing and typesetting industry. Lorem Ipsum has been the industry\'s standard dummy text ever since the 1500s, when an unknown printer took a galley of type and scrambled it to make a type specimen book. It has survived not only five centuriezcs but also the on leap into as eylectronic typesetting, remaining essentially unchanged. It wasn&rsquo;t popularised in the 1960s with the release of Letraszvxet sheets containing Lorem Ipsum our spassages, andei more recently with desktop publishing software like Aldus PageMaker including versions of Lorem Ipsum to make a type specimen book. five centuries but also a the on leap into electronic typesetting, remaining essentially unchanged. It aswasn&rsquo;t popularised in the 1960s with the release of Letraset sheets containing Lorem Ipsum passages, andei more recently with desktop our aspublishing software like Aldus PageMaker including versions of Lorem Ipsum to make a type specimen book.</p>\r\n<p><strong>4. What to Include in Terms and Conditions for Online Stores</strong></p>\r\n<p>Lorem Ipsum is simply dummy text of the printing and typesetting industry. Lorem Ipsum has been the industry\'s standard dummy text ever since the 1500s, when an unknown printer took a galley of type and scrambled it to make a type specimen book. It has survived not only five as centuries but also the on leap into as electronic typesetting, remaining essentially unchanged. It wasn&rsquo;t popularised in the 1960s with the release of as Leitraset sheets containing Loriem Ipsum passages, our andei more recently with desktop publishing software like Aldus PageMaker including versions of Lorem Ipsum to make a type specimen book.</p>\r\n<p>Five centuries but also the on leap into electronic typesetting, remaining essentially unchanged. It wasn&rsquo;t popularised in the 1960s with the release of Letraset sheets containing Lorem Ipsum passages, andei more recently with desktop publishing software like Aldus PageMaker our as including versions of Loriem Ipsum to make a type specimen book. It wasn&rsquo;t popularised in the 1960s with the release of Letraset sheets as containing Lorem Ipsum passages, andei more recently with a desktop publishing software like Aldus PageMaker including versions of Loremas&nbsp; Ipsum to make a type specimen book.</p>\r\n<p><strong>05.Pricing and Payment Terms</strong></p>\r\n<p>Lorem Ipsum is simply dummy text of the printing and typesetting industry. Lorem Ipsum has been the industry\'s standard dummy text ever since the 1500s, when an unknown printer took a galley of type and scrambled it to make a type specimen book. It has survived not only five as centuries but also as the on leap into electronic typesetting, remaining essentially unchanged. It wasn&rsquo;t popularised in the 1960s with the release as of Letraset sheets containing Lorem Ipsum our spassages, andei more recently with desktop publishing software like Aldus PageMaker including versions of Lorem Ipsum to make a type specimen book.</p>\r\n<p>Five centuries but also the on leap into electronic typesetting, remaining essentially unchanged. It wasn&rsquo;t popularised in the 1960s with the release of Letraset sheets containing Lorem Ipsum passages, andei more recently with desktop publishing software like Aldus PageMaker our as including versions of Lorem aIpsum to make a type specimen book. It wasn&rsquo;t popularised in the 1960s with the release of Letraset sheetsasd containing Lorem Ipsum passages, andei more recentlysl with desktop publishing software like Aldus PageMaker including versions of Loremadfsfds Ipsum to make a type specimen book.</p>\r\n<p>It has survived not only five centuries but also the on leap into electronic typesetting, remaining essentially unchanged. It wasn&rsquo;t popularised in the our 1960s with the release of Letraset sheets containing Lorem Ipsum passages, andei more recently with desktop publishing asou software like Aldus PageMaker including versions of Lorem Ipsum to make a type specimen book.</p>', '2024-03-28 01:17:16', '2024-03-28 01:17:16'),
(14, 2, 'bn', 'Custom Page One', '<h3><strong>1. What is custom page?</strong></h3>\r\n<p>Lorem Ipsum is simply dummy text of the printing and typesetting industry. Lorem Ipsum has been the industry\'s standard dummy text ever since the 1500s, when an unknown printer took a galley of type and scrambled it to make a type specimen book. It has survived not only five centuriefss asbut also the on leap into a electironc typesetting, remaining essentially unchanged. It wasn&rsquo;t popularised in the 1960s with the release of Letraset sheets containing Lorem Ipsum passages, andeiss more recently with desktop publishing software like Aldus PageMaker including versions of Lorem Ipsum to make a type specimen book.</p>\r\n<h3><strong>2. How does work custom page</strong></h3>\r\n<p>While it&rsquo;s not legally required for ecommerce websites to have a terms and conditions agreement, adding one will help protect your as sonline business.As terms and conditions are legally enforceable rules, they allow you to set standards for how users interact with your site. Here are some of the major abenefits of including terms and conditions on your ecommerce site:</p>\r\n<p>It has survived not only five centuries but also the on leap into electronic typesetting, remaining essentially unchanged. It wasn&rsquo;t popularised in the obb1960s with the release of Letraset sheets containing Lorem Ipsum passages, andei more recently with desktop.</p>\r\n<h3><strong>Features :</strong></h3>\r\n<ul>\r\n<li>Slim body with metal cover</li>\r\n<li>Latest Intel Core i5-1135G7 processor (4 cores / 8 threads)</li>\r\n<li>8GB DDR4 RAM and fast 512GB PCIe SSD</li>\r\n<li>NVIDIA GeForce MX350 2GB GDDR5 graphics card backlit keyboard, touchpad with gesture support</li>\r\n</ul>\r\n<h3><strong>3. Protect Your Property</strong></h3>\r\n<p>Lorem Ipsum is simply dummy text of the printing and typesetting industry. Lorem Ipsum has been the industry\'s standard dummy text ever since the 1500s, when an unknown printer took a galley of type and scrambled it to make a type specimen book. It has survived not only five centuriezcs but also the on leap into as eylectronic typesetting, remaining essentially unchanged. It wasn&rsquo;t popularised in the 1960s with the release of Letraszvxet sheets containing Lorem Ipsum our spassages, andei more recently with desktop publishing software like Aldus PageMaker including versions of Lorem Ipsum to make a type specimen book. five centuries but also a the on leap into electronic typesetting, remaining essentially unchanged. It aswasn&rsquo;t popularised in the 1960s with the release of Letraset sheets containing Lorem Ipsum passages, andei more recently with desktop our aspublishing software like Aldus PageMaker including versions of Lorem Ipsum to make a type specimen book.</p>\r\n<h3><strong>4. What to Include in Terms and Conditions for Online Stores</strong></h3>\r\n<p>Lorem Ipsum is simply dummy text of the printing and typesetting industry. Lorem Ipsum has been the industry\'s standard dummy text ever since the 1500s, when an unknown printer took a galley of type and scrambled it to make a type specimen book. It has survived not only five as centuries but also the on leap into as electronic typesetting, remaining essentially unchanged. It wasn&rsquo;t popularised in the 1960s with the release of as Leitraset sheets containing Loriem Ipsum passages, our andei more recently with desktop publishing software like Aldus PageMaker including versions of Lorem Ipsum to make a type specimen book.</p>\r\n<p>Five centuries but also the on leap into electronic typesetting, remaining essentially unchanged. It wasn&rsquo;t popularised in the 1960s with the release of Letraset sheets containing Lorem Ipsum passages, andei more recently with desktop publishing software like Aldus PageMaker our as including versions of Loriem Ipsum to make a type specimen book. It wasn&rsquo;t popularised in the 1960s with the release of Letraset sheets as containing Lorem Ipsum passages, andei more recently with a desktop publishing software like Aldus PageMaker including versions of Loremas&nbsp; Ipsum to make a type specimen book.</p>\r\n<h3><strong>05.Pricing and Payment Terms</strong></h3>\r\n<p>Lorem Ipsum is simply dummy text of the printing and typesetting industry. Lorem Ipsum has been the industry\'s standard dummy text ever since the 1500s, when an unknown printer took a galley of type and scrambled it to make a type specimen book. It has survived not only five as centuries but also as the on leap into electronic typesetting, remaining essentially unchanged. It wasn&rsquo;t popularised in the 1960s with the release as of Letraset sheets containing Lorem Ipsum our spassages, andei more recently with desktop publishing software like Aldus PageMaker including versions of Lorem Ipsum to make a type specimen book.</p>\r\n<p>Five centuries but also the on leap into electronic typesetting, remaining essentially unchanged. It wasn&rsquo;t popularised in the 1960s with the release of Letraset sheets containing Lorem Ipsum passages, andei more recently with desktop publishing software like Aldus PageMaker our as including versions of Lorem aIpsum to make a type specimen book. It wasn&rsquo;t popularised in the 1960s with the release of Letraset sheetsasd containing Lorem Ipsum passages, andei more recentlysl with desktop publishing software like Aldus PageMaker including versions of Loremadfsfds Ipsum to make a type specimen book.</p>\r\n<p>It has survived not only five centuries but also the on leap into electronic typesetting, remaining essentially unchanged. It wasn&rsquo;t popularised in the our 1960s with the release of Letraset sheets containing Lorem Ipsum passages, andei more recently with desktop publishing asou software like Aldus PageMaker including versions of Lorem Ipsum to make a type specimen book.</p>', '2024-12-08 08:01:04', '2024-12-08 08:01:04'),
(15, 3, 'bn', 'Custom Page Two', '<h3><strong>1. What is custom page?</strong></h3>\r\n<p>Lorem Ipsum is simply dummy text of the printing and typesetting industry. Lorem Ipsum has been the industry\'s standard dummy text ever since the 1500s, when an unknown printer took a galley of type and scrambled it to make a type specimen book. It has survived not only five centuriefss asbut also the on leap into a electironc typesetting, remaining essentially unchanged. It wasn&rsquo;t popularised in the 1960s with the release of Letraset sheets containing Lorem Ipsum passages, andeiss more recently with desktop publishing software like Aldus PageMaker including versions of Lorem Ipsum to make a type specimen book.</p>\r\n<h3><strong>2. How does work custom page</strong></h3>\r\n<p>While it&rsquo;s not legally required for ecommerce websites to have a terms and conditions agreement, adding one will help protect your as sonline business.As terms and conditions are legally enforceable rules, they allow you to set standards for how users interact with your site. Here are some of the major abenefits of including terms and conditions on your ecommerce site:</p>\r\n<p>It has survived not only five centuries but also the on leap into electronic typesetting, remaining essentially unchanged. It wasn&rsquo;t popularised in the obb1960s with the release of Letraset sheets containing Lorem Ipsum passages, andei more recently with desktop.</p>\r\n<h3><strong>Features :</strong></h3>\r\n<ul>\r\n<li>Slim body with metal cover</li>\r\n<li>Latest Intel Core i5-1135G7 processor (4 cores / 8 threads)</li>\r\n<li>8GB DDR4 RAM and fast 512GB PCIe SSD</li>\r\n<li>NVIDIA GeForce MX350 2GB GDDR5 graphics card backlit keyboard, touchpad with gesture support</li>\r\n</ul>\r\n<h3><strong>3. Protect Your Property</strong></h3>\r\n<p>Lorem Ipsum is simply dummy text of the printing and typesetting industry. Lorem Ipsum has been the industry\'s standard dummy text ever since the 1500s, when an unknown printer took a galley of type and scrambled it to make a type specimen book. It has survived not only five centuriezcs but also the on leap into as eylectronic typesetting, remaining essentially unchanged. It wasn&rsquo;t popularised in the 1960s with the release of Letraszvxet sheets containing Lorem Ipsum our spassages, andei more recently with desktop publishing software like Aldus PageMaker including versions of Lorem Ipsum to make a type specimen book. five centuries but also a the on leap into electronic typesetting, remaining essentially unchanged. It aswasn&rsquo;t popularised in the 1960s with the release of Letraset sheets containing Lorem Ipsum passages, andei more recently with desktop our aspublishing software like Aldus PageMaker including versions of Lorem Ipsum to make a type specimen book.</p>\r\n<h3><strong>4. What to Include in Terms and Conditions for Online Stores</strong></h3>\r\n<p>Lorem Ipsum is simply dummy text of the printing and typesetting industry. Lorem Ipsum has been the industry\'s standard dummy text ever since the 1500s, when an unknown printer took a galley of type and scrambled it to make a type specimen book. It has survived not only five as centuries but also the on leap into as electronic typesetting, remaining essentially unchanged. It wasn&rsquo;t popularised in the 1960s with the release of as Leitraset sheets containing Loriem Ipsum passages, our andei more recently with desktop publishing software like Aldus PageMaker including versions of Lorem Ipsum to make a type specimen book.</p>\r\n<p>Five centuries but also the on leap into electronic typesetting, remaining essentially unchanged. It wasn&rsquo;t popularised in the 1960s with the release of Letraset sheets containing Lorem Ipsum passages, andei more recently with desktop publishing software like Aldus PageMaker our as including versions of Loriem Ipsum to make a type specimen book. It wasn&rsquo;t popularised in the 1960s with the release of Letraset sheets as containing Lorem Ipsum passages, andei more recently with a desktop publishing software like Aldus PageMaker including versions of Loremas&nbsp; Ipsum to make a type specimen book.</p>\r\n<h3><strong>05.Pricing and Payment Terms</strong></h3>\r\n<p>Lorem Ipsum is simply dummy text of the printing and typesetting industry. Lorem Ipsum has been the industry\'s standard dummy text ever since the 1500s, when an unknown printer took a galley of type and scrambled it to make a type specimen book. It has survived not only five as centuries but also as the on leap into electronic typesetting, remaining essentially unchanged. It wasn&rsquo;t popularised in the 1960s with the release as of Letraset sheets containing Lorem Ipsum our spassages, andei more recently with desktop publishing software like Aldus PageMaker including versions of Lorem Ipsum to make a type specimen book.</p>\r\n<p>Five centuries but also the on leap into electronic typesetting, remaining essentially unchanged. It wasn&rsquo;t popularised in the 1960s with the release of Letraset sheets containing Lorem Ipsum passages, andei more recently with desktop publishing software like Aldus PageMaker our as including versions of Lorem aIpsum to make a type specimen book. It wasn&rsquo;t popularised in the 1960s with the release of Letraset sheetsasd containing Lorem Ipsum passages, andei more recentlysl with desktop publishing software like Aldus PageMaker including versions of Loremadfsfds Ipsum to make a type specimen book.</p>\r\n<p>It has survived not only five centuries but also the on leap into electronic typesetting, remaining essentially unchanged. It wasn&rsquo;t popularised in the our 1960s with the release of Letraset sheets containing Lorem Ipsum passages, andei more recently with desktop publishing asou software like Aldus PageMaker including versions of Lorem Ipsum to make a type specimen book.</p>', '2024-12-08 08:01:04', '2024-12-08 08:01:04');

-- --------------------------------------------------------

--
-- Table structure for table `ecom_banners`
--

CREATE TABLE `ecom_banners` (
  `id` bigint UNSIGNED NOT NULL,
  `image` varchar(255) COLLATE utf8mb4_unicode_ci DEFAULT NULL,
  `button_url` varchar(255) COLLATE utf8mb4_unicode_ci DEFAULT NULL,
  `position` varchar(255) COLLATE utf8mb4_unicode_ci NOT NULL DEFAULT 'left',
  `created_at` timestamp NULL DEFAULT NULL,
  `updated_at` timestamp NULL DEFAULT NULL
) ENGINE=InnoDB DEFAULT CHARSET=utf8mb4 COLLATE=utf8mb4_unicode_ci;

--
-- Dumping data for table `ecom_banners`
--

INSERT INTO `ecom_banners` (`id`, `image`, `button_url`, `position`, `created_at`, `updated_at`) VALUES
(1, 'uploads/custom-images/file-name-17424643703805.webp', '/ecommerce', 'left', '2024-11-21 08:10:03', '2025-03-20 09:52:50'),
(2, 'uploads/custom-images/slider-2024-12-05-10-40-02-6216.webp', '/about-us', 'right', '2024-11-21 08:26:49', '2024-12-05 04:40:02');

-- --------------------------------------------------------

--
-- Table structure for table `ecom_banner_translations`
--

CREATE TABLE `ecom_banner_translations` (
  `id` bigint UNSIGNED NOT NULL,
  `banner_id` bigint UNSIGNED NOT NULL,
  `lang_code` varchar(255) COLLATE utf8mb4_unicode_ci NOT NULL,
  `sub_title` varchar(255) COLLATE utf8mb4_unicode_ci DEFAULT NULL,
  `title` varchar(255) COLLATE utf8mb4_unicode_ci DEFAULT NULL,
  `description` mediumtext COLLATE utf8mb4_unicode_ci,
  `button_text` varchar(255) COLLATE utf8mb4_unicode_ci DEFAULT NULL,
  `created_at` timestamp NULL DEFAULT NULL,
  `updated_at` timestamp NULL DEFAULT NULL
) ENGINE=InnoDB DEFAULT CHARSET=utf8mb4 COLLATE=utf8mb4_unicode_ci;

--
-- Dumping data for table `ecom_banner_translations`
--

INSERT INTO `ecom_banner_translations` (`id`, `banner_id`, `lang_code`, `sub_title`, `title`, `description`, `button_text`, `created_at`, `updated_at`) VALUES
(1, 1, 'en', 'Get 30% Off !', 'Couple Fashion', 'Contrary to popular belief, Lorem Ipsum is not simply random text. It has roots in a piece.', 'Shop Now', '2024-11-21 08:10:03', '2024-12-05 04:40:10'),
(2, 1, 'hd', 'Get 30% Off !', 'Couple Fashion', 'Contrary to popular belief, Lorem Ipsum is not simply random text. It has roots in a piece.', 'Shop Now', '2024-11-21 08:10:03', '2024-12-05 04:40:10'),
(3, 2, 'en', 'Latest Bag', 'Luxury Handbag fashion', NULL, 'Shop Now', '2024-11-21 08:26:49', '2024-12-05 04:40:02'),
(4, 2, 'hd', 'Latest Bag', 'Luxury Handbag fashion', NULL, 'Shop Now', '2024-11-21 08:26:49', '2024-12-05 04:40:02'),
(5, 1, 'bn', 'Get 30% Off !', 'Couple Fashion', 'Contrary to popular belief, Lorem Ipsum is not simply random text. It has roots in a piece.', 'Shop Now', '2025-03-20 09:52:31', '2025-03-20 09:52:31');

-- --------------------------------------------------------

--
-- Table structure for table `email_templates`
--

CREATE TABLE `email_templates` (
  `id` bigint UNSIGNED NOT NULL,
  `name` text COLLATE utf8mb4_unicode_ci,
  `subject` text COLLATE utf8mb4_unicode_ci,
  `description` text COLLATE utf8mb4_unicode_ci,
  `created_at` timestamp NULL DEFAULT NULL,
  `updated_at` timestamp NULL DEFAULT NULL
) ENGINE=InnoDB DEFAULT CHARSET=utf8mb4 COLLATE=utf8mb4_unicode_ci;

--
-- Dumping data for table `email_templates`
--

INSERT INTO `email_templates` (`id`, `name`, `subject`, `description`, `created_at`, `updated_at`) VALUES
(1, 'Password Reset', 'Password Reset', '<h4>Dear <strong>{{user_name}}</strong>,</h4><p>Do you want to reset your password? Please Click the following link and Reset Your Password.</p><p><strong>{{reset_link}}</strong></p><p>&nbsp;</p><p>Thank You</p><p>QuomodoSoft</p>', NULL, '2024-01-24 06:43:38'),
(2, 'Contact Email', 'Contact Email', '<p>Hello there,</p><p><strong>Mr. {{user_name}} </strong>has send a new email to you. See the message description below:</p><p>Email: <strong>{{user_email}}</strong></p><p>Phone: <strong>{{user_phone}}</strong></p><p><span style=\"background-color: transparent;\">Subject: <strong>{{message_subject}}</strong></span></p><p>Message: <strong>{{message}}</strong></p><p>&nbsp;</p><p>Thank You</p><p>QuomodoSoft</p>', NULL, '2024-01-24 06:54:37'),
(3, 'Newsletter Verification', 'Newsletter Verification', '<h2><strong>Hi there</strong>,</h2><p>Congratulations! Your Subscription has been created successfully. Please Click the following link and Verified Your Subscription.&nbsp;</p><p><strong>{{verification_link}}</strong></p><p>&nbsp;</p><p>Thank You</p><p>QuomodoSoft</p>', NULL, '2024-01-24 06:57:23'),
(4, 'User Verification', 'User Verification', '<p>Dear <strong>{{user_name}}</strong>,</p><p>Congratulations! Your Account has been created successfully. Please Click the following link and Active your Account.</p><p><strong>{{varification_link}}</strong></p><p>&nbsp;</p><p>Thank You</p><p>QuomodoSoft</p>', NULL, '2024-01-24 07:01:13');

-- --------------------------------------------------------

--
-- Table structure for table `facebook_pixels`
--

CREATE TABLE `facebook_pixels` (
  `id` bigint UNSIGNED NOT NULL,
  `status` int NOT NULL DEFAULT '0',
  `app_id` varchar(255) COLLATE utf8mb4_unicode_ci DEFAULT NULL,
  `created_at` timestamp NULL DEFAULT NULL,
  `updated_at` timestamp NULL DEFAULT NULL
) ENGINE=InnoDB DEFAULT CHARSET=utf8mb4 COLLATE=utf8mb4_unicode_ci;

--
-- Dumping data for table `facebook_pixels`
--

INSERT INTO `facebook_pixels` (`id`, `status`, `app_id`, `created_at`, `updated_at`) VALUES
(1, 1, '972911606915059', NULL, '2024-01-17 16:26:01');

-- --------------------------------------------------------

--
-- Table structure for table `failed_jobs`
--

CREATE TABLE `failed_jobs` (
  `id` bigint UNSIGNED NOT NULL,
  `uuid` varchar(255) COLLATE utf8mb4_unicode_ci NOT NULL,
  `connection` text COLLATE utf8mb4_unicode_ci NOT NULL,
  `queue` text COLLATE utf8mb4_unicode_ci NOT NULL,
  `payload` longtext COLLATE utf8mb4_unicode_ci NOT NULL,
  `exception` longtext COLLATE utf8mb4_unicode_ci NOT NULL,
  `failed_at` timestamp NOT NULL DEFAULT CURRENT_TIMESTAMP
) ENGINE=InnoDB DEFAULT CHARSET=utf8mb4 COLLATE=utf8mb4_unicode_ci;

-- --------------------------------------------------------

--
-- Table structure for table `faqs`
--

CREATE TABLE `faqs` (
  `id` bigint UNSIGNED NOT NULL,
  `category` varchar(255) COLLATE utf8mb4_unicode_ci NOT NULL,
  `created_at` timestamp NULL DEFAULT NULL,
  `updated_at` timestamp NULL DEFAULT NULL
) ENGINE=InnoDB DEFAULT CHARSET=utf8mb4 COLLATE=utf8mb4_unicode_ci;

--
-- Dumping data for table `faqs`
--

INSERT INTO `faqs` (`id`, `category`, `created_at`, `updated_at`) VALUES
(2, 'general-questions', '2024-03-28 00:52:52', '2024-03-28 00:52:52'),
(3, 'general-questions', '2024-03-28 00:54:18', '2024-03-28 00:54:18'),
(4, 'general-questions', '2024-03-28 00:59:05', '2024-03-28 00:59:05'),
(5, 'general-questions', '2024-03-28 00:59:19', '2024-03-28 00:59:19'),
(6, 'general-questions', '2024-03-28 00:59:55', '2024-03-28 00:59:55'),
(7, 'community', '2024-03-28 01:02:06', '2024-03-28 01:02:06'),
(8, 'community', '2024-03-28 01:02:25', '2024-03-28 01:02:25'),
(9, 'community', '2024-03-28 01:02:57', '2024-03-28 01:02:57'),
(10, 'community', '2024-03-28 01:03:13', '2024-03-28 01:03:13'),
(11, 'community', '2024-03-28 01:03:33', '2024-03-28 01:03:33'),
(12, 'community', '2024-03-28 01:03:57', '2024-03-28 01:03:57'),
(13, 'support', '2024-03-28 01:11:17', '2024-03-28 01:11:17'),
(14, 'support', '2024-03-28 01:11:41', '2024-03-28 01:11:41'),
(15, 'support', '2024-03-28 01:12:08', '2024-03-28 01:12:08'),
(16, 'support', '2024-03-28 01:12:43', '2024-03-28 01:12:43'),
(17, 'support', '2024-03-28 01:13:01', '2024-03-28 01:13:01'),
(18, 'support', '2024-03-28 01:13:38', '2024-03-28 01:13:38');

-- --------------------------------------------------------

--
-- Table structure for table `faq_translates`
--

CREATE TABLE `faq_translates` (
  `id` bigint UNSIGNED NOT NULL,
  `lang_code` varchar(255) COLLATE utf8mb4_unicode_ci NOT NULL,
  `faq_id` int NOT NULL,
  `question` text COLLATE utf8mb4_unicode_ci NOT NULL,
  `answer` text COLLATE utf8mb4_unicode_ci NOT NULL,
  `created_at` timestamp NULL DEFAULT NULL,
  `updated_at` timestamp NULL DEFAULT NULL
) ENGINE=InnoDB DEFAULT CHARSET=utf8mb4 COLLATE=utf8mb4_unicode_ci;

--
-- Dumping data for table `faq_translates`
--

INSERT INTO `faq_translates` (`id`, `lang_code`, `faq_id`, `question`, `answer`, `created_at`, `updated_at`) VALUES
(3, 'en', 2, 'How do I contact a seller or buyer?', '<p>It is a long established fact that a reader will be distracted by the readable content of page when looking at its layout. The point of using Lorem Ipsuim is that it has as more less or randomised words which don\'t look even slightly believable. If you are going to use a passage of Lorem Ipsum, you need to be sure.</p>', '2024-03-28 00:52:52', '2024-03-28 00:57:36'),
(4, 'hd', 2, 'मैं वर्गीकृत विज्ञापन कैसे डालूँ?', '\r\n<pre id=\"tw-target-text\" class=\"tw-data-text tw-text-large tw-ta\" dir=\"ltr\" data-placeholder=\"Translation\" aria-label=\"Translated text\" data-ved=\"2ahUKEwiPtsGO15aFAxVafGwGHbGsBo8Q3ewLegQIBRAU\"><span class=\"Y2IQFc\" lang=\"hi\">यह एक लंबे समय से स्थापित तथ्य है कि एक पाठक पृष्ठ के लेआउट को देखते समय उसकी पठनीय सामग्री से विचलित हो जाएगा। लोरेम इप्सुइम का उपयोग करने का मुद्दा यह है कि इसमें कम या यादृच्छिक शब्द हैं जो थोड़ा भी विश्वसनीय नहीं लगते हैं। यदि आप लोरेम इप्सम के एक मार्ग का उपयोग करने जा रहे हैं, तो आपको आश्वस्त होना होगा।</span></pre>\r\n\r\n', '2024-03-28 00:52:52', '2024-03-28 00:53:14'),
(5, 'en', 3, 'Are there any restrictions on the types of items I can list?', '<p>While we have guidelines in place to ensure the safety and legality of listings, generally you can list a wide variety of items. However, certain prohibited items such as weapons, illegal substances, and adult content are not allowed.</p>', '2024-03-28 00:54:18', '2024-03-28 00:58:32'),
(6, 'hd', 3, 'How much does it cost to place classified ad?', '<p>It is a long established fact that a reader will be distracted by the readable content of page when looking at its layout. The point of using Lorem Ipsuim is that it has as more less or randomised words which don\'t look even slightly believable. If you are going to use a passage of Lorem Ipsum, you need to be sure.</p>', '2024-03-28 00:54:18', '2024-03-28 00:54:18'),
(7, 'en', 4, 'Can I edit or delete my listings after posting them?', '<p>Yes, you can edit or delete your listings at any time by accessing your account dashboard and selecting the respective listing.</p>', '2024-03-28 00:59:05', '2024-03-28 00:59:05'),
(8, 'hd', 4, 'Can I edit or delete my listings after posting them?', '<p>Yes, you can edit or delete your listings at any time by accessing your account dashboard and selecting the respective listing.</p>', '2024-03-28 00:59:05', '2024-03-28 00:59:05'),
(9, 'en', 5, 'Is it free to use your platform?', '<p>Yes, basic usage of our platform is free. However, there may be premium features or promotional options available for a fee.</p>', '2024-03-28 00:59:19', '2024-03-28 00:59:19'),
(10, 'hd', 5, 'Is it free to use your platform?', '<p>Yes, basic usage of our platform is free. However, there may be premium features or promotional options available for a fee.</p>', '2024-03-28 00:59:19', '2024-03-28 00:59:19'),
(11, 'en', 6, 'What is our website all about?', '<p>Our website is a classified listing platform where users can buy, sell, or trade various items, services, or properties.</p>', '2024-03-28 00:59:55', '2024-03-28 01:00:34'),
(12, 'hd', 6, 'How can I post a listing on your website?', '<p>To post a listing, simply sign up for an account, log in, and click on the \"Post Your Ad\" button. Follow the prompts to fill in the necessary details about your item or service.</p>', '2024-03-28 00:59:55', '2024-03-28 00:59:55'),
(13, 'en', 7, 'Can I promote my own business or services within the community?', '<p>We encourage users to share their businesses or services in relevant contexts, but spamming or overly promotional behavior is not allowed. Please be respectful of other community members.</p>', '2024-03-28 01:02:06', '2024-03-28 01:02:06'),
(14, 'hd', 7, 'Can I promote my own business or services within the community?', '<p>We encourage users to share their businesses or services in relevant contexts, but spamming or overly promotional behavior is not allowed. Please be respectful of other community members.</p>', '2024-03-28 01:02:06', '2024-03-28 01:02:06'),
(15, 'en', 8, 'Are there any rewards or incentives for active community participation?', '<p>While we may occasionally run promotions or reward programs for active community members, the primary incentive for participation is the opportunity to connect with others and share knowledge and experiences.</p>', '2024-03-28 01:02:25', '2024-03-28 01:02:25'),
(16, 'hd', 8, 'Are there any rewards or incentives for active community participation?', '<p>While we may occasionally run promotions or reward programs for active community members, the primary incentive for participation is the opportunity to connect with others and share knowledge and experiences.</p>', '2024-03-28 01:02:25', '2024-03-28 01:02:25'),
(17, 'en', 9, 'How can I report inappropriate behavior or content within the community?', '<p>If you encounter any inappropriate behavior or content within the community, please report it to our moderation team immediately. We take violations of our community guidelines seriously.</p>', '2024-03-28 01:02:57', '2024-03-28 01:02:57'),
(18, 'hd', 9, 'How can I report inappropriate behavior or content within the community?', '<p>If you encounter any inappropriate behavior or content within the community, please report it to our moderation team immediately. We take violations of our community guidelines seriously.</p>', '2024-03-28 01:02:57', '2024-03-28 01:02:57'),
(19, 'en', 10, 'Can I create my own community groups or forums?', '<p>Absolutely! Users are encouraged to create and participate in community groups and forums based on shared interests or geographic locations.</p>', '2024-03-28 01:03:13', '2024-03-28 01:03:13'),
(20, 'hd', 10, 'Can I create my own community groups or forums?', '<p>Absolutely! Users are encouraged to create and participate in community groups and forums based on shared interests or geographic locations.</p>', '2024-03-28 01:03:13', '2024-03-28 01:03:13'),
(21, 'en', 11, 'Are there any community guidelines I should be aware of?', '<p>Yes, we have community guidelines in place to ensure respectful and constructive interactions among users. Please familiarize yourself with them to maintain a positive community environment.</p>', '2024-03-28 01:03:33', '2024-03-28 01:03:33'),
(22, 'hd', 11, 'Are there any community guidelines I should be aware of?', '<p>Yes, we have community guidelines in place to ensure respectful and constructive interactions among users. Please familiarize yourself with them to maintain a positive community environment.</p>', '2024-03-28 01:03:33', '2024-03-28 01:03:33'),
(23, 'en', 12, 'Can I interact with other users on your platform?', '<p>Yes, you can engage with other users through comments on listings, forums, and community groups.</p>', '2024-03-28 01:03:57', '2024-03-28 01:03:57'),
(24, 'hd', 12, 'Can I interact with other users on your platform?', '<p>Yes, you can engage with other users through comments on listings, forums, and community groups.</p>', '2024-03-28 01:03:57', '2024-03-28 01:03:57'),
(25, 'en', 13, 'Can I get assistance with writing descriptions for my listings?', '<p>While we do not provide writing services, our support team can offer guidance and tips on writing effective listing descriptions.</p>', '2024-03-28 01:11:17', '2024-03-28 01:11:17'),
(26, 'hd', 13, 'Can I get assistance with writing descriptions for my listings?', '<p>While we do not provide writing services, our support team can offer guidance and tips on writing effective listing descriptions.</p>', '2024-03-28 01:11:17', '2024-03-28 01:11:17'),
(27, 'en', 14, 'I\'m having trouble uploading images for my listing. What should I do?', '<p>If you\'re experiencing difficulties uploading images, please ensure they meet our size and format requirements. If the issue persists, contact our support team for further assistance.</p>', '2024-03-28 01:11:41', '2024-03-28 01:11:41'),
(28, 'hd', 14, 'I\'m having trouble uploading images for my listing. What should I do?', '<p>If you\'re experiencing difficulties uploading images, please ensure they meet our size and format requirements. If the issue persists, contact our support team for further assistance.</p>', '2024-03-28 01:11:41', '2024-03-28 01:11:41'),
(29, 'en', 15, 'How long does it take for listings to be approved after submission?', '<p>Listings are typically reviewed and approved within 24-48 hours. If your listing is taking longer to be approved, please contact our support team for assistance.</p>', '2024-03-28 01:12:08', '2024-03-28 01:12:08'),
(30, 'hd', 15, 'How long does it take for listings to be approved after submission?', '<p>Listings are typically reviewed and approved within 24-48 hours. If your listing is taking longer to be approved, please contact our support team for assistance.</p>', '2024-03-28 01:12:08', '2024-03-28 01:12:08'),
(31, 'en', 16, 'What should I do if I suspect my account has been compromised?', '<p>If you believe your account has been compromised, please contact our support team immediately so we can assist you in securing your account.</p>', '2024-03-28 01:12:43', '2024-03-28 01:12:43'),
(32, 'hd', 16, 'What should I do if I suspect my account has been compromised?', '<p>If you believe your account has been compromised, please contact our support team immediately so we can assist you in securing your account.</p>', '2024-03-28 01:12:43', '2024-03-28 01:12:43'),
(33, 'en', 17, 'I forgot my password. How can I reset it?', '<p>You can reset your password by clicking on the \"Forgot Password\" link on the login page and following the instructions sent to your registered email address.</p>', '2024-03-28 01:13:01', '2024-03-28 01:13:01'),
(34, 'hd', 17, 'I forgot my password. How can I reset it?', '<p>You can reset your password by clicking on the \"Forgot Password\" link on the login page and following the instructions sent to your registered email address.</p>', '2024-03-28 01:13:01', '2024-03-28 01:13:01'),
(35, 'en', 18, 'How can I get help if I encounter technical issues with the website?', '<p>If you experience technical issues, you can reach out to our support team through the \"Contact Us\" page or by emailing</p>', '2024-03-28 01:13:38', '2024-03-28 01:13:38'),
(36, 'hd', 18, 'How can I get help if I encounter technical issues with the website?', '<p>If you experience technical issues, you can reach out to our support team through the \"Contact Us\" page or by emailing</p>', '2024-03-28 01:13:38', '2024-03-28 01:13:38'),
(88, 'bn', 2, 'How do I contact a seller or buyer?', '<p>It is a long established fact that a reader will be distracted by the readable content of page when looking at its layout. The point of using Lorem Ipsuim is that it has as more less or randomised words which don\'t look even slightly believable. If you are going to use a passage of Lorem Ipsum, you need to be sure.</p>', '2024-12-08 08:01:04', '2024-12-08 08:01:04'),
(89, 'bn', 3, 'Are there any restrictions on the types of items I can list?', '<p>While we have guidelines in place to ensure the safety and legality of listings, generally you can list a wide variety of items. However, certain prohibited items such as weapons, illegal substances, and adult content are not allowed.</p>', '2024-12-08 08:01:04', '2024-12-08 08:01:04'),
(90, 'bn', 4, 'Can I edit or delete my listings after posting them?', '<p>Yes, you can edit or delete your listings at any time by accessing your account dashboard and selecting the respective listing.</p>', '2024-12-08 08:01:04', '2024-12-08 08:01:04'),
(91, 'bn', 5, 'Is it free to use your platform?', '<p>Yes, basic usage of our platform is free. However, there may be premium features or promotional options available for a fee.</p>', '2024-12-08 08:01:04', '2024-12-08 08:01:04'),
(92, 'bn', 6, 'What is our website all about?', '<p>Our website is a classified listing platform where users can buy, sell, or trade various items, services, or properties.</p>', '2024-12-08 08:01:04', '2024-12-08 08:01:04'),
(93, 'bn', 7, 'Can I promote my own business or services within the community?', '<p>We encourage users to share their businesses or services in relevant contexts, but spamming or overly promotional behavior is not allowed. Please be respectful of other community members.</p>', '2024-12-08 08:01:04', '2024-12-08 08:01:04'),
(94, 'bn', 8, 'Are there any rewards or incentives for active community participation?', '<p>While we may occasionally run promotions or reward programs for active community members, the primary incentive for participation is the opportunity to connect with others and share knowledge and experiences.</p>', '2024-12-08 08:01:04', '2024-12-08 08:01:04'),
(95, 'bn', 9, 'How can I report inappropriate behavior or content within the community?', '<p>If you encounter any inappropriate behavior or content within the community, please report it to our moderation team immediately. We take violations of our community guidelines seriously.</p>', '2024-12-08 08:01:04', '2024-12-08 08:01:04'),
(96, 'bn', 10, 'Can I create my own community groups or forums?', '<p>Absolutely! Users are encouraged to create and participate in community groups and forums based on shared interests or geographic locations.</p>', '2024-12-08 08:01:04', '2024-12-08 08:01:04'),
(97, 'bn', 11, 'Are there any community guidelines I should be aware of?', '<p>Yes, we have community guidelines in place to ensure respectful and constructive interactions among users. Please familiarize yourself with them to maintain a positive community environment.</p>', '2024-12-08 08:01:04', '2024-12-08 08:01:04'),
(98, 'bn', 12, 'Can I interact with other users on your platform?', '<p>Yes, you can engage with other users through comments on listings, forums, and community groups.</p>', '2024-12-08 08:01:04', '2024-12-08 08:01:04'),
(99, 'bn', 13, 'Can I get assistance with writing descriptions for my listings?', '<p>While we do not provide writing services, our support team can offer guidance and tips on writing effective listing descriptions.</p>', '2024-12-08 08:01:04', '2024-12-08 08:01:04'),
(100, 'bn', 14, 'I\'m having trouble uploading images for my listing. What should I do?', '<p>If you\'re experiencing difficulties uploading images, please ensure they meet our size and format requirements. If the issue persists, contact our support team for further assistance.</p>', '2024-12-08 08:01:04', '2024-12-08 08:01:04'),
(101, 'bn', 15, 'How long does it take for listings to be approved after submission?', '<p>Listings are typically reviewed and approved within 24-48 hours. If your listing is taking longer to be approved, please contact our support team for assistance.</p>', '2024-12-08 08:01:04', '2024-12-08 08:01:04'),
(102, 'bn', 16, 'What should I do if I suspect my account has been compromised?', '<p>If you believe your account has been compromised, please contact our support team immediately so we can assist you in securing your account.</p>', '2024-12-08 08:01:04', '2024-12-08 08:01:04'),
(103, 'bn', 17, 'I forgot my password. How can I reset it?', '<p>You can reset your password by clicking on the \"Forgot Password\" link on the login page and following the instructions sent to your registered email address.</p>', '2024-12-08 08:01:04', '2024-12-08 08:01:04'),
(104, 'bn', 18, 'How can I get help if I encounter technical issues with the website?', '<p>If you experience technical issues, you can reach out to our support team through the \"Contact Us\" page or by emailing</p>', '2024-12-08 08:01:04', '2024-12-08 08:01:04');

-- --------------------------------------------------------

--
-- Table structure for table `features`
--

CREATE TABLE `features` (
  `id` bigint UNSIGNED NOT NULL,
  `category_id` int NOT NULL DEFAULT '0',
  `created_at` timestamp NULL DEFAULT NULL,
  `updated_at` timestamp NULL DEFAULT NULL
) ENGINE=InnoDB DEFAULT CHARSET=utf8mb4 COLLATE=utf8mb4_unicode_ci;

--
-- Dumping data for table `features`
--

INSERT INTO `features` (`id`, `category_id`, `created_at`, `updated_at`) VALUES
(1, 1, '2024-03-29 23:08:24', '2024-03-29 23:08:24'),
(2, 1, '2024-03-29 23:08:36', '2024-03-29 23:08:36'),
(3, 1, '2024-03-29 23:08:45', '2024-03-29 23:08:45'),
(4, 1, '2024-03-29 23:10:08', '2024-03-29 23:10:08'),
(5, 1, '2024-03-29 23:10:31', '2024-03-29 23:10:31'),
(6, 1, '2024-03-29 23:10:41', '2024-03-29 23:10:41'),
(7, 1, '2024-03-29 23:10:51', '2024-03-29 23:10:51'),
(8, 1, '2024-03-29 23:10:59', '2024-03-29 23:10:59'),
(9, 1, '2024-03-29 23:11:42', '2024-03-29 23:11:42'),
(10, 1, '2024-03-29 23:11:48', '2024-03-29 23:11:48'),
(11, 1, '2024-03-29 23:11:56', '2024-03-29 23:11:56'),
(12, 1, '2024-03-29 23:12:07', '2024-03-29 23:12:07'),
(13, 1, '2024-03-29 23:12:19', '2024-03-29 23:12:19'),
(14, 2, '2024-03-30 19:35:34', '2024-03-30 19:35:34'),
(15, 2, '2024-03-30 19:36:09', '2024-03-30 19:36:09'),
(16, 2, '2024-03-30 19:36:18', '2024-03-30 19:36:18'),
(17, 2, '2024-03-30 19:36:25', '2024-03-30 19:36:25'),
(18, 2, '2024-03-30 19:36:33', '2024-03-30 19:36:33'),
(19, 2, '2024-03-30 19:36:41', '2024-03-30 19:36:41'),
(20, 2, '2024-03-30 19:36:49', '2024-03-30 19:36:49'),
(21, 2, '2024-03-30 19:37:01', '2024-03-30 19:37:01'),
(22, 2, '2024-03-30 19:37:14', '2024-03-30 19:37:14'),
(23, 3, '2024-03-30 20:19:37', '2024-03-30 20:19:37'),
(24, 3, '2024-03-30 20:19:44', '2024-03-30 20:19:44'),
(25, 3, '2024-03-30 20:19:50', '2024-03-30 20:19:50'),
(26, 3, '2024-03-30 20:19:57', '2024-03-30 20:19:57'),
(27, 3, '2024-03-30 20:20:06', '2024-03-30 20:20:06'),
(28, 3, '2024-03-30 20:20:15', '2024-03-30 20:20:15'),
(29, 3, '2024-03-30 20:20:23', '2024-03-30 20:20:23'),
(30, 3, '2024-03-30 20:20:39', '2024-03-30 20:20:39'),
(31, 3, '2024-03-30 20:20:48', '2024-03-30 20:20:48'),
(32, 3, '2024-03-30 20:20:55', '2024-03-30 20:20:55'),
(33, 3, '2024-03-30 20:21:03', '2024-03-30 20:21:03');

-- --------------------------------------------------------

--
-- Table structure for table `feature_translations`
--

CREATE TABLE `feature_translations` (
  `id` bigint UNSIGNED NOT NULL,
  `feature_id` int NOT NULL,
  `lang_code` varchar(255) COLLATE utf8mb4_unicode_ci NOT NULL,
  `name` varchar(255) COLLATE utf8mb4_unicode_ci NOT NULL,
  `created_at` timestamp NULL DEFAULT NULL,
  `updated_at` timestamp NULL DEFAULT NULL
) ENGINE=InnoDB DEFAULT CHARSET=utf8mb4 COLLATE=utf8mb4_unicode_ci;

--
-- Dumping data for table `feature_translations`
--

INSERT INTO `feature_translations` (`id`, `feature_id`, `lang_code`, `name`, `created_at`, `updated_at`) VALUES
(1, 1, 'en', 'Internet Access', '2024-03-29 23:08:24', '2024-03-29 23:25:02'),
(2, 1, 'hd', 'High-Speed Internet Access', '2024-03-29 23:08:24', '2024-03-29 23:08:24'),
(3, 2, 'en', 'Parking Facilities', '2024-03-29 23:08:36', '2024-03-29 23:08:36'),
(4, 2, 'hd', 'Parking Facilities', '2024-03-29 23:08:36', '2024-03-29 23:08:36'),
(5, 3, 'en', 'Swimming Pool', '2024-03-29 23:08:45', '2024-03-29 23:08:45'),
(6, 3, 'hd', 'Swimming Pool', '2024-03-29 23:08:45', '2024-03-29 23:08:45'),
(7, 4, 'en', 'Gym/Fitness', '2024-03-29 23:10:08', '2024-03-29 23:24:40'),
(8, 4, 'hd', 'Gym/Fitness Center', '2024-03-29 23:10:08', '2024-03-29 23:10:08'),
(9, 5, 'en', 'Air Conditioning', '2024-03-29 23:10:31', '2024-03-29 23:10:31'),
(10, 5, 'hd', 'Air Conditioning', '2024-03-29 23:10:31', '2024-03-29 23:10:31'),
(11, 6, 'en', 'Pet-Friendly', '2024-03-29 23:10:41', '2024-03-29 23:24:30'),
(12, 6, 'hd', 'Pet-Friendly Accommodations', '2024-03-29 23:10:41', '2024-03-29 23:10:41'),
(13, 7, 'en', 'Laundry Facilities', '2024-03-29 23:10:51', '2024-03-29 23:24:23'),
(14, 7, 'hd', 'On-Site Laundry Facilities', '2024-03-29 23:10:51', '2024-03-29 23:10:51'),
(15, 8, 'en', 'Balcony/Patio', '2024-03-29 23:10:59', '2024-03-29 23:10:59'),
(16, 8, 'hd', 'Balcony/Patio', '2024-03-29 23:10:59', '2024-03-29 23:10:59'),
(17, 9, 'en', 'Walk-In Closets', '2024-03-29 23:11:42', '2024-03-29 23:11:42'),
(18, 9, 'hd', 'Walk-In Closets', '2024-03-29 23:11:42', '2024-03-29 23:11:42'),
(19, 10, 'en', 'Fireplace', '2024-03-29 23:11:48', '2024-03-29 23:11:48'),
(20, 10, 'hd', 'Fireplace', '2024-03-29 23:11:48', '2024-03-29 23:11:48'),
(21, 11, 'en', 'Dishwasher', '2024-03-29 23:11:56', '2024-03-29 23:11:56'),
(22, 11, 'hd', 'Dishwasher', '2024-03-29 23:11:56', '2024-03-29 23:11:56'),
(23, 12, 'en', 'Garbage Disposal', '2024-03-29 23:12:07', '2024-03-29 23:12:07'),
(24, 12, 'hd', 'Garbage Disposal', '2024-03-29 23:12:07', '2024-03-29 23:12:07'),
(25, 13, 'en', 'Scenic Views', '2024-03-29 23:12:19', '2024-03-29 23:12:19'),
(26, 13, 'hd', 'Scenic Views', '2024-03-29 23:12:19', '2024-03-29 23:12:19'),
(27, 14, 'en', 'Swimming pool', '2024-03-30 19:35:34', '2024-03-30 19:35:34'),
(28, 14, 'hd', 'Swimming pool', '2024-03-30 19:35:34', '2024-03-30 19:35:34'),
(29, 15, 'en', 'Fitness center', '2024-03-30 19:36:09', '2024-03-30 19:36:09'),
(30, 15, 'hd', 'Fitness center', '2024-03-30 19:36:09', '2024-03-30 19:36:09'),
(31, 16, 'en', 'Clubhouse', '2024-03-30 19:36:18', '2024-03-30 19:36:18'),
(32, 16, 'hd', 'Clubhouse', '2024-03-30 19:36:18', '2024-03-30 19:36:18'),
(33, 17, 'en', 'Tennis courts', '2024-03-30 19:36:25', '2024-03-30 19:36:25'),
(34, 17, 'hd', 'Tennis courts', '2024-03-30 19:36:25', '2024-03-30 19:36:25'),
(35, 18, 'en', 'Playground', '2024-03-30 19:36:33', '2024-03-30 19:36:33'),
(36, 18, 'hd', 'Playground', '2024-03-30 19:36:33', '2024-03-30 19:36:33'),
(37, 19, 'en', 'Walking trails', '2024-03-30 19:36:41', '2024-03-30 19:36:41'),
(38, 19, 'hd', 'Walking trails', '2024-03-30 19:36:41', '2024-03-30 19:36:41'),
(39, 20, 'en', 'Business center', '2024-03-30 19:36:49', '2024-03-30 19:36:49'),
(40, 20, 'hd', 'Business center', '2024-03-30 19:36:49', '2024-03-30 19:36:49'),
(41, 21, 'en', 'Rooftop terrace', '2024-03-30 19:37:01', '2024-03-30 19:37:01'),
(42, 21, 'hd', 'Rooftop terrace', '2024-03-30 19:37:01', '2024-03-30 19:37:01'),
(43, 22, 'en', 'Bike storage', '2024-03-30 19:37:14', '2024-03-30 19:37:14'),
(44, 22, 'hd', 'Bike storage', '2024-03-30 19:37:14', '2024-03-30 19:37:14'),
(45, 23, 'en', 'Competitive Salary', '2024-03-30 20:19:37', '2024-03-30 20:19:37'),
(46, 23, 'hd', 'Competitive Salary', '2024-03-30 20:19:37', '2024-03-30 20:19:37'),
(47, 24, 'en', 'Health Insurance', '2024-03-30 20:19:44', '2024-03-30 20:19:44'),
(48, 24, 'hd', 'Health Insurance', '2024-03-30 20:19:44', '2024-03-30 20:19:44'),
(49, 25, 'en', 'Remote Work', '2024-03-30 20:19:50', '2024-03-30 20:19:50'),
(50, 25, 'hd', 'Remote Work', '2024-03-30 20:19:50', '2024-03-30 20:19:50'),
(51, 26, 'en', 'Paid Time Off', '2024-03-30 20:19:57', '2024-03-30 20:19:57'),
(52, 26, 'hd', 'Paid Time Off', '2024-03-30 20:19:57', '2024-03-30 20:19:57'),
(53, 27, 'en', 'Flexible Hours', '2024-03-30 20:20:06', '2024-03-30 20:20:06'),
(54, 27, 'hd', 'Flexible Hours', '2024-03-30 20:20:06', '2024-03-30 20:20:06'),
(55, 28, 'en', 'Wellness Programs', '2024-03-30 20:20:15', '2024-03-30 20:20:15'),
(56, 28, 'hd', 'Wellness Programs', '2024-03-30 20:20:15', '2024-03-30 20:20:15'),
(57, 29, 'en', 'Maternity Leave', '2024-03-30 20:20:23', '2024-03-30 20:20:23'),
(58, 29, 'hd', 'Maternity Leave', '2024-03-30 20:20:23', '2024-03-30 20:20:23'),
(59, 30, 'en', 'Performance Bonuses', '2024-03-30 20:20:39', '2024-03-30 20:20:39'),
(60, 30, 'hd', 'Performance Bonuses', '2024-03-30 20:20:39', '2024-03-30 20:20:39'),
(61, 31, 'en', 'Company Equipment', '2024-03-30 20:20:48', '2024-03-30 20:20:48'),
(62, 31, 'hd', 'Company Equipment', '2024-03-30 20:20:48', '2024-03-30 20:20:48'),
(63, 32, 'en', 'Commuter Benefits', '2024-03-30 20:20:55', '2024-03-30 20:20:55'),
(64, 32, 'hd', 'Commuter Benefits', '2024-03-30 20:20:55', '2024-03-30 20:20:55'),
(65, 33, 'en', 'On-site Gym', '2024-03-30 20:21:03', '2024-03-30 20:21:03'),
(66, 33, 'hd', 'On-site Gym', '2024-03-30 20:21:03', '2024-03-30 20:21:03'),
(166, 1, 'bn', 'Internet Access', '2024-12-08 08:01:04', '2024-12-08 08:01:04'),
(167, 2, 'bn', 'Parking Facilities', '2024-12-08 08:01:04', '2024-12-08 08:01:04'),
(168, 3, 'bn', 'Swimming Pool', '2024-12-08 08:01:04', '2024-12-08 08:01:04'),
(169, 4, 'bn', 'Gym/Fitness', '2024-12-08 08:01:04', '2024-12-08 08:01:04'),
(170, 5, 'bn', 'Air Conditioning', '2024-12-08 08:01:04', '2024-12-08 08:01:04'),
(171, 6, 'bn', 'Pet-Friendly', '2024-12-08 08:01:04', '2024-12-08 08:01:04'),
(172, 7, 'bn', 'Laundry Facilities', '2024-12-08 08:01:04', '2024-12-08 08:01:04'),
(173, 8, 'bn', 'Balcony/Patio', '2024-12-08 08:01:04', '2024-12-08 08:01:04'),
(174, 9, 'bn', 'Walk-In Closets', '2024-12-08 08:01:04', '2024-12-08 08:01:04'),
(175, 10, 'bn', 'Fireplace', '2024-12-08 08:01:04', '2024-12-08 08:01:04'),
(176, 11, 'bn', 'Dishwasher', '2024-12-08 08:01:04', '2024-12-08 08:01:04'),
(177, 12, 'bn', 'Garbage Disposal', '2024-12-08 08:01:04', '2024-12-08 08:01:04'),
(178, 13, 'bn', 'Scenic Views', '2024-12-08 08:01:04', '2024-12-08 08:01:04'),
(179, 14, 'bn', 'Swimming pool', '2024-12-08 08:01:04', '2024-12-08 08:01:04'),
(180, 15, 'bn', 'Fitness center', '2024-12-08 08:01:04', '2024-12-08 08:01:04'),
(181, 16, 'bn', 'Clubhouse', '2024-12-08 08:01:04', '2024-12-08 08:01:04'),
(182, 17, 'bn', 'Tennis courts', '2024-12-08 08:01:04', '2024-12-08 08:01:04'),
(183, 18, 'bn', 'Playground', '2024-12-08 08:01:04', '2024-12-08 08:01:04'),
(184, 19, 'bn', 'Walking trails', '2024-12-08 08:01:04', '2024-12-08 08:01:04'),
(185, 20, 'bn', 'Business center', '2024-12-08 08:01:04', '2024-12-08 08:01:04'),
(186, 21, 'bn', 'Rooftop terrace', '2024-12-08 08:01:04', '2024-12-08 08:01:04'),
(187, 22, 'bn', 'Bike storage', '2024-12-08 08:01:04', '2024-12-08 08:01:04'),
(188, 23, 'bn', 'Competitive Salary', '2024-12-08 08:01:04', '2024-12-08 08:01:04'),
(189, 24, 'bn', 'Health Insurance', '2024-12-08 08:01:04', '2024-12-08 08:01:04'),
(190, 25, 'bn', 'Remote Work', '2024-12-08 08:01:04', '2024-12-08 08:01:04'),
(191, 26, 'bn', 'Paid Time Off', '2024-12-08 08:01:04', '2024-12-08 08:01:04'),
(192, 27, 'bn', 'Flexible Hours', '2024-12-08 08:01:04', '2024-12-08 08:01:04'),
(193, 28, 'bn', 'Wellness Programs', '2024-12-08 08:01:04', '2024-12-08 08:01:04'),
(194, 29, 'bn', 'Maternity Leave', '2024-12-08 08:01:04', '2024-12-08 08:01:04'),
(195, 30, 'bn', 'Performance Bonuses', '2024-12-08 08:01:04', '2024-12-08 08:01:04'),
(196, 31, 'bn', 'Company Equipment', '2024-12-08 08:01:04', '2024-12-08 08:01:04'),
(197, 32, 'bn', 'Commuter Benefits', '2024-12-08 08:01:04', '2024-12-08 08:01:04'),
(198, 33, 'bn', 'On-site Gym', '2024-12-08 08:01:04', '2024-12-08 08:01:04');

-- --------------------------------------------------------

--
-- Table structure for table `google_analytics`
--

CREATE TABLE `google_analytics` (
  `id` bigint UNSIGNED NOT NULL,
  `analytic_id` varchar(255) COLLATE utf8mb4_unicode_ci DEFAULT NULL,
  `status` int NOT NULL,
  `created_at` timestamp NULL DEFAULT NULL,
  `updated_at` timestamp NULL DEFAULT NULL
) ENGINE=InnoDB DEFAULT CHARSET=utf8mb4 COLLATE=utf8mb4_unicode_ci;

--
-- Dumping data for table `google_analytics`
--

INSERT INTO `google_analytics` (`id`, `analytic_id`, `status`, `created_at`, `updated_at`) VALUES
(1, 'UA-84213520-6', 1, NULL, '2024-01-17 16:21:30');

-- --------------------------------------------------------

--
-- Table structure for table `home_pages`
--

CREATE TABLE `home_pages` (
  `id` bigint UNSIGNED NOT NULL,
  `home1_intro_image` varchar(255) COLLATE utf8mb4_unicode_ci DEFAULT NULL,
  `home2_intro_image` varchar(255) COLLATE utf8mb4_unicode_ci DEFAULT NULL,
  `home2_intro_bg` varchar(255) COLLATE utf8mb4_unicode_ci DEFAULT NULL,
  `home3_intro_image` varchar(255) COLLATE utf8mb4_unicode_ci DEFAULT NULL,
  `home3_intro_bg` varchar(255) COLLATE utf8mb4_unicode_ci DEFAULT NULL,
  `working_step_icon1` varchar(255) COLLATE utf8mb4_unicode_ci DEFAULT NULL,
  `working_step_icon2` varchar(255) COLLATE utf8mb4_unicode_ci DEFAULT NULL,
  `working_step_icon3` varchar(255) COLLATE utf8mb4_unicode_ci DEFAULT NULL,
  `working_step_icon4` varchar(255) COLLATE utf8mb4_unicode_ci DEFAULT NULL,
  `video_id` varchar(255) COLLATE utf8mb4_unicode_ci DEFAULT NULL,
  `video_image` varchar(255) COLLATE utf8mb4_unicode_ci DEFAULT NULL,
  `counter_qty1` varchar(255) COLLATE utf8mb4_unicode_ci DEFAULT NULL,
  `counter_qty2` varchar(255) COLLATE utf8mb4_unicode_ci DEFAULT NULL,
  `counter_qty3` varchar(255) COLLATE utf8mb4_unicode_ci DEFAULT NULL,
  `counter_qty4` int NOT NULL DEFAULT '0',
  `testimonial_image` varchar(255) COLLATE utf8mb4_unicode_ci DEFAULT NULL,
  `home1_explore_image` varchar(255) COLLATE utf8mb4_unicode_ci DEFAULT NULL,
  `home2_explore_image` varchar(255) COLLATE utf8mb4_unicode_ci DEFAULT NULL,
  `home3_explore_image` varchar(255) COLLATE utf8mb4_unicode_ci DEFAULT NULL,
  `faq_image1` varchar(255) COLLATE utf8mb4_unicode_ci DEFAULT NULL,
  `faq_image2` varchar(255) COLLATE utf8mb4_unicode_ci DEFAULT NULL,
  `home4_bg_image` varchar(255) COLLATE utf8mb4_unicode_ci DEFAULT NULL,
  `home4_explore_image` varchar(255) COLLATE utf8mb4_unicode_ci DEFAULT NULL,
  `created_at` timestamp NULL DEFAULT NULL,
  `updated_at` timestamp NULL DEFAULT NULL
) ENGINE=InnoDB DEFAULT CHARSET=utf8mb4 COLLATE=utf8mb4_unicode_ci;

--
-- Dumping data for table `home_pages`
--

INSERT INTO `home_pages` (`id`, `home1_intro_image`, `home2_intro_image`, `home2_intro_bg`, `home3_intro_image`, `home3_intro_bg`, `working_step_icon1`, `working_step_icon2`, `working_step_icon3`, `working_step_icon4`, `video_id`, `video_image`, `counter_qty1`, `counter_qty2`, `counter_qty3`, `counter_qty4`, `testimonial_image`, `home1_explore_image`, `home2_explore_image`, `home3_explore_image`, `faq_image1`, `faq_image2`, `home4_bg_image`, `home4_explore_image`, `created_at`, `updated_at`) VALUES
(1, 'uploads/website-images/file-name-17424638586037.webp', 'uploads/website-images/home2-intro-image-2024-03-14-04-21-12-2352.webp', 'uploads/website-images/file-name-17424639379898.webp', 'uploads/website-images/home3-intro-image-2024-03-07-01-36-06-1479.webp', 'uploads/website-images/file-name-17424639755072.webp', 'uploads/website-images/file-name-17424640519499.webp', 'uploads/website-images/video-bg-image-2024-03-30-01-50-38-4830.webp', 'uploads/website-images/video-bg-image-2024-03-30-01-51-09-4666.webp', 'uploads/website-images/video-bg-image-2024-03-30-01-51-09-1998.webp', 'YBLXLNRwgQI', 'uploads/website-images/video-image-2024-03-30-01-51-53-3759.webp', '56', '58', '60', 52, 'uploads/custom-images/file-name-17424653598298.png', 'uploads/website-images/home1-explore-image-2024-03-07-06-01-04-4394.webp', 'uploads/website-images/file-name-17424641425583.webp', 'uploads/website-images/home1-explore-image-2024-03-07-06-53-50-6484.webp', 'uploads/custom-images/file-name-17427263655034.png', 'uploads/custom-images/faq-image-20240328064712.png', 'uploads/website-images/home4-bg_image-2024-12-05-02-40-32-5484.webp', '#', NULL, '2025-03-23 10:39:25');

-- --------------------------------------------------------

--
-- Table structure for table `home_page_translations`
--

CREATE TABLE `home_page_translations` (
  `id` bigint UNSIGNED NOT NULL,
  `home_page_id` int NOT NULL,
  `lang_code` varchar(255) COLLATE utf8mb4_unicode_ci NOT NULL,
  `home1_intro_short_title` varchar(255) COLLATE utf8mb4_unicode_ci DEFAULT NULL,
  `home1_intro_title` varchar(255) COLLATE utf8mb4_unicode_ci DEFAULT NULL,
  `home2_intro_short_title` varchar(255) COLLATE utf8mb4_unicode_ci DEFAULT NULL,
  `home2_intro_title` varchar(255) COLLATE utf8mb4_unicode_ci DEFAULT NULL,
  `home2_intro_des` text COLLATE utf8mb4_unicode_ci,
  `home3_intro_short_title` varchar(255) COLLATE utf8mb4_unicode_ci DEFAULT NULL,
  `home3_intro_title` varchar(255) COLLATE utf8mb4_unicode_ci DEFAULT NULL,
  `home3_intro_des` text COLLATE utf8mb4_unicode_ci,
  `working_step_title1` varchar(255) COLLATE utf8mb4_unicode_ci DEFAULT NULL,
  `working_step_title2` varchar(255) COLLATE utf8mb4_unicode_ci DEFAULT NULL,
  `working_step_title3` varchar(255) COLLATE utf8mb4_unicode_ci DEFAULT NULL,
  `working_step_title4` varchar(255) COLLATE utf8mb4_unicode_ci DEFAULT NULL,
  `working_step_des1` varchar(255) COLLATE utf8mb4_unicode_ci DEFAULT NULL,
  `working_step_des2` varchar(255) COLLATE utf8mb4_unicode_ci DEFAULT NULL,
  `working_step_des3` varchar(255) COLLATE utf8mb4_unicode_ci DEFAULT NULL,
  `working_step_des4` varchar(255) COLLATE utf8mb4_unicode_ci DEFAULT NULL,
  `working_short_title` varchar(255) COLLATE utf8mb4_unicode_ci DEFAULT NULL,
  `working_title` varchar(255) COLLATE utf8mb4_unicode_ci DEFAULT NULL,
  `counter_title1` varchar(255) COLLATE utf8mb4_unicode_ci DEFAULT NULL,
  `counter_title2` varchar(255) COLLATE utf8mb4_unicode_ci DEFAULT NULL,
  `counter_title3` varchar(255) COLLATE utf8mb4_unicode_ci DEFAULT NULL,
  `counter_title4` varchar(255) COLLATE utf8mb4_unicode_ci NOT NULL,
  `home1_explore_title` text COLLATE utf8mb4_unicode_ci,
  `home1_explore_des` text COLLATE utf8mb4_unicode_ci,
  `home2_explore_title` text COLLATE utf8mb4_unicode_ci,
  `home2_explore_des` text COLLATE utf8mb4_unicode_ci,
  `home3_explore_title` text COLLATE utf8mb4_unicode_ci,
  `created_at` timestamp NULL DEFAULT NULL,
  `updated_at` timestamp NULL DEFAULT NULL
) ENGINE=InnoDB DEFAULT CHARSET=utf8mb4 COLLATE=utf8mb4_unicode_ci;

--
-- Dumping data for table `home_page_translations`
--

INSERT INTO `home_page_translations` (`id`, `home_page_id`, `lang_code`, `home1_intro_short_title`, `home1_intro_title`, `home2_intro_short_title`, `home2_intro_title`, `home2_intro_des`, `home3_intro_short_title`, `home3_intro_title`, `home3_intro_des`, `working_step_title1`, `working_step_title2`, `working_step_title3`, `working_step_title4`, `working_step_des1`, `working_step_des2`, `working_step_des3`, `working_step_des4`, `working_short_title`, `working_title`, `counter_title1`, `counter_title2`, `counter_title3`, `counter_title4`, `home1_explore_title`, `home1_explore_des`, `home2_explore_title`, `home2_explore_des`, `home3_explore_title`, `created_at`, `updated_at`) VALUES
(1, 1, 'en', 'Search from over 1,43,567 verified classifieds', 'Explore online marketplaces for effortless buying and selling discover deals!', 'Apply Your Best Job Offer', 'International Job Search Engine', 'Explore online marketplaces for effortless buying and selling discover deals!', 'Welcome to Our Aadfirst', 'Discover Properties for Sale or Rent', 'With the most complete source of homes for sale & properties near you.', 'Register Free', 'Create Ad', 'Get Offers', 'Sell It Now', 'Duis aute irure dolor reprehen derit in voluptat velit.', 'Duis aute irure dolor reprehen derit in voluptat velit.', 'Duis aute irure dolor reprehen derit in voluptat velit.', 'Duis aute irure dolor reprehen derit in voluptat velit.', 'How it Works', 'How Aadfirst works the best search experience', 'Listings Added', 'Daily searches', 'Company\'s', 'Quality awards', 'Reach out for tech support. Quick friendly solutions.', 'Post your ad, connect with buyers, and close deals smoothly. Experience the ease with Aadfirst today!', 'Explore New Life', 'Reach out for tech support. Quick, friendly solutions guaranteed.', 'We offer a verity of properties, including house, apartments, and land for sale or rent, and provide personalized service.', NULL, '2024-04-04 21:22:40'),
(47, 1, 'hd', '1,43,567 से अधिक सत्यापित वर्गीकृत विज्ञापनों में से खोजें', 'सहज खरीदारी और बिक्री के लिए ऑनलाइन बाज़ार खोजें और सौदे खोजें!', 'अपना सर्वोत्तम नौकरी प्रस्ताव लागू करें', 'अंतर्राष्ट्रीय नौकरी खोज इंजन', 'सहज खरीदारी और बिक्री के लिए ऑनलाइन बाज़ार खोजें और सौदे खोजें!', 'हमारे Aadfirst में आपका स्वागत है', 'बिना किसी कमीशन के संपत्तियां खरीदें या किराए पर लें', 'आपके निकट बिक्री के लिए घरों और संपत्तियों के सबसे संपूर्ण स्रोत के साथ।', 'Register Free', 'Create Ad', 'Get Offers', 'Sell It Now', 'Duis aute irure dolor reprehen derit in voluptat velit.', 'Duis aute irure dolor reprehen derit in voluptat velit.', 'Duis aute irure dolor reprehen derit in voluptat velit.', 'Duis aute irure dolor reprehen derit in voluptat velit.', 'How it Works', 'How Aadfirst works the best search experience', 'Listings Added', 'Daily searches', 'Company\'s', 'Quality awards', 'Reach out for tech support. Quick friendly solutions.', 'Post your ad, connect with buyers, and close deals smoothly. Experience the ease with Aadfirst today!', 'Explore New Life', 'Don’t Just Find. Be Found Put Your CV in Front of Great Employers', 'We offer a verity of properties, including house, apartments, and land for sale or rent, and provide personalized service.', '2024-03-28 00:47:40', '2024-04-04 21:23:55'),
(51, 1, 'bn', 'Search from over 1,43,567 verified classifieds', 'Explore online marketplaces for effortless buying and selling discover deals!', 'Apply Your Best Job Offer', 'International Job Search Engine', NULL, 'Welcome to Our Aadfirst', 'Discover Properties for Sale or Rent', 'With the most complete source of homes for sale & properties near you.', 'Register Free', 'Create Ad', 'Get Offers', 'Sell It Now', 'Duis aute irure dolor reprehen derit in voluptat velit.', 'Duis aute irure dolor reprehen derit in voluptat velit.', 'Duis aute irure dolor reprehen derit in voluptat velit.', 'Duis aute irure dolor reprehen derit in voluptat velit.', NULL, NULL, 'Listings Added', 'Daily searches', 'Company\'s', 'Quality awards', 'Reach out for tech support. Quick friendly solutions.', 'Post your ad, connect with buyers, and close deals smoothly. Experience the ease with Aadfirst today!', 'Explore New Life', 'Reach out for tech support. Quick, friendly solutions guaranteed.', 'We offer a verity of properties, including house, apartments, and land for sale or rent, and provide personalized service.', '2024-12-08 08:01:04', '2024-12-08 08:01:04');

-- --------------------------------------------------------

--
-- Table structure for table `job_requests`
--

CREATE TABLE `job_requests` (
  `id` bigint UNSIGNED NOT NULL,
  `listing_id` int NOT NULL,
  `agent_id` int NOT NULL,
  `user_id` int NOT NULL,
  `description` text COLLATE utf8mb4_unicode_ci,
  `status` varchar(255) COLLATE utf8mb4_unicode_ci NOT NULL DEFAULT 'pending',
  `created_at` timestamp NULL DEFAULT NULL,
  `updated_at` timestamp NULL DEFAULT NULL
) ENGINE=InnoDB DEFAULT CHARSET=utf8mb4 COLLATE=utf8mb4_unicode_ci;

--
-- Dumping data for table `job_requests`
--

INSERT INTO `job_requests` (`id`, `listing_id`, `agent_id`, `user_id`, `description`, `status`, `created_at`, `updated_at`) VALUES
(1, 24, 3, 2, 'Hello There, I&#039;m interested to join your team, please review my resume and let me know your feedback. Thank You.', 'approved', '2024-03-30 21:54:00', '2024-03-30 21:55:12'),
(2, 22, 3, 2, 'Hello There, I&#039;m interested to join your team, please review my resume and let me know your feedback. Thank You.', 'pending', '2024-03-30 21:56:33', '2024-03-30 21:56:33'),
(4, 20, 2, 3, 'Hello there,\r\n\r\n&lt;h1 onclick=&quot;alert(&#039;website hacked&#039;)&quot;&gt;click me&lt;/h1&gt;\r\n\r\nki obostha', 'pending', '2024-03-30 22:08:30', '2024-03-30 22:08:30'),
(5, 27, 2, 3, 'Hello There, \r\n\r\nI&#039;m interested to join your team, please review my resume and let me know your feedback. \r\n\r\nThank You.', 'approved', '2024-03-30 22:11:31', '2024-03-30 22:12:43');

-- --------------------------------------------------------

--
-- Table structure for table `kyc_information`
--

CREATE TABLE `kyc_information` (
  `id` bigint UNSIGNED NOT NULL,
  `kyc_id` int DEFAULT NULL,
  `user_id` int DEFAULT NULL,
  `file` varchar(255) COLLATE utf8mb4_unicode_ci DEFAULT NULL,
  `message` text COLLATE utf8mb4_unicode_ci,
  `status` int NOT NULL DEFAULT '0',
  `created_at` timestamp NULL DEFAULT NULL,
  `updated_at` timestamp NULL DEFAULT NULL
) ENGINE=InnoDB DEFAULT CHARSET=utf8mb4 COLLATE=utf8mb4_unicode_ci;

--
-- Dumping data for table `kyc_information`
--

INSERT INTO `kyc_information` (`id`, `kyc_id`, `user_id`, `file`, `message`, `status`, `created_at`, `updated_at`) VALUES
(14, 6, 2, 'uploads/custom-images/document-2024-05-13-02-02-36-5751.jpeg', 'In publishing and graphic design, Lorem ipsum is a placeholder text commonly used to demonstrate the visual form of a document or a typeface without relying on meaningful content.', 1, '2024-05-12 20:02:36', '2024-05-12 20:03:04');

-- --------------------------------------------------------

--
-- Table structure for table `kyc_types`
--

CREATE TABLE `kyc_types` (
  `id` bigint UNSIGNED NOT NULL,
  `name` varchar(255) COLLATE utf8mb4_unicode_ci DEFAULT NULL,
  `status` int NOT NULL DEFAULT '1',
  `created_at` timestamp NULL DEFAULT NULL,
  `updated_at` timestamp NULL DEFAULT NULL
) ENGINE=InnoDB DEFAULT CHARSET=utf8mb4 COLLATE=utf8mb4_unicode_ci;

--
-- Dumping data for table `kyc_types`
--

INSERT INTO `kyc_types` (`id`, `name`, `status`, `created_at`, `updated_at`) VALUES
(4, 'NID', 1, '2024-05-07 22:00:30', '2024-05-08 01:45:59'),
(5, 'Passport', 1, '2024-05-08 01:46:16', '2024-05-08 01:46:16'),
(6, 'Driving Licence', 1, '2024-05-08 01:46:33', '2024-05-08 01:46:33');

-- --------------------------------------------------------

--
-- Table structure for table `languages`
--

CREATE TABLE `languages` (
  `id` bigint UNSIGNED NOT NULL,
  `lang_name` varchar(255) COLLATE utf8mb4_unicode_ci NOT NULL,
  `lang_code` varchar(255) COLLATE utf8mb4_unicode_ci NOT NULL,
  `is_default` varchar(255) COLLATE utf8mb4_unicode_ci NOT NULL DEFAULT 'no',
  `status` int NOT NULL DEFAULT '0',
  `lang_direction` varchar(255) COLLATE utf8mb4_unicode_ci NOT NULL,
  `created_at` timestamp NULL DEFAULT NULL,
  `updated_at` timestamp NULL DEFAULT NULL
) ENGINE=InnoDB DEFAULT CHARSET=utf8mb4 COLLATE=utf8mb4_unicode_ci;

--
-- Dumping data for table `languages`
--

INSERT INTO `languages` (`id`, `lang_name`, `lang_code`, `is_default`, `status`, `lang_direction`, `created_at`, `updated_at`) VALUES
(1, 'English', 'en', 'Yes', 1, 'left_to_right', '2023-08-23 00:21:38', '2025-06-15 08:48:53'),
(53, 'Hindi', 'hd', 'No', 1, 'left_to_right', '2024-03-28 00:47:40', '2025-08-20 09:25:06'),
(61, 'Bangla', 'bn', 'No', 1, 'left_to_right', '2024-12-08 08:01:03', '2025-06-15 08:43:59');

-- --------------------------------------------------------

--
-- Table structure for table `listings`
--

CREATE TABLE `listings` (
  `id` bigint UNSIGNED NOT NULL,
  `agent_id` int NOT NULL DEFAULT '0',
  `category_id` int NOT NULL,
  `sub_category_id` int NOT NULL DEFAULT '0',
  `city_id` int NOT NULL,
  `thumb_image` varchar(255) COLLATE utf8mb4_unicode_ci NOT NULL,
  `slug` varchar(255) COLLATE utf8mb4_unicode_ci NOT NULL,
  `features` text COLLATE utf8mb4_unicode_ci,
  `purpose` varchar(255) COLLATE utf8mb4_unicode_ci DEFAULT NULL,
  `total_view` bigint NOT NULL DEFAULT '0',
  `regular_price` decimal(8,2) NOT NULL,
  `offer_price` decimal(8,2) DEFAULT NULL,
  `video_id` varchar(255) COLLATE utf8mb4_unicode_ci DEFAULT NULL,
  `google_map` text COLLATE utf8mb4_unicode_ci,
  `expired_date` varchar(255) COLLATE utf8mb4_unicode_ci DEFAULT NULL,
  `is_featured` varchar(255) COLLATE utf8mb4_unicode_ci NOT NULL DEFAULT 'disable',
  `is_urgent` varchar(255) COLLATE utf8mb4_unicode_ci NOT NULL DEFAULT 'disable',
  `status` varchar(255) COLLATE utf8mb4_unicode_ci NOT NULL DEFAULT 'disable',
  `approved_by_admin` varchar(255) COLLATE utf8mb4_unicode_ci NOT NULL DEFAULT 'pending',
  `created_at` timestamp NULL DEFAULT NULL,
  `updated_at` timestamp NULL DEFAULT NULL,
  `country_id` int NOT NULL DEFAULT '0',
  `child_category_id` int NOT NULL DEFAULT '0'
) ENGINE=InnoDB DEFAULT CHARSET=utf8mb4 COLLATE=utf8mb4_unicode_ci;

--
-- Dumping data for table `listings`
--

INSERT INTO `listings` (`id`, `agent_id`, `category_id`, `sub_category_id`, `city_id`, `thumb_image`, `slug`, `features`, `purpose`, `total_view`, `regular_price`, `offer_price`, `video_id`, `google_map`, `expired_date`, `is_featured`, `is_urgent`, `status`, `approved_by_admin`, `created_at`, `updated_at`, `country_id`, `child_category_id`) VALUES
(1, 2, 1, 2, 1, 'uploads/custom-images/file-name-17424606985787.webp', 'adorable-backpacks-for-your-little-scholar', '[\"1\",\"2\",\"3\",\"4\",\"6\",\"7\",\"8\",\"9\",\"12\",\"13\"]', NULL, 14, 20.00, NULL, 'YBLXLNRwgQI', 'https://www.google.com/maps/embed?pb=!1m14!1m12!1m3!1d14599.579502735794!2d90.36542960000001!3d23.82233695!2m3!1f0!2f0!3f0!3m2!1i1024!2i768!4f13.1!5e0!3m2!1sen!2sbd!4v1701237009812!5m2!1sen!2sbd', '2025-12-08', 'disable', 'disable', 'enable', 'approved', '2024-03-29 23:22:21', '2025-03-20 08:51:38', 5, 0),
(2, 2, 1, 6, 2, 'uploads/custom-images/listing-2024-04-03-06-06-42-7949.webp', 'stylish-and-affordable-gently-used-shoes', '[\"1\",\"2\",\"3\",\"4\",\"5\",\"8\",\"9\",\"10\",\"11\",\"12\"]', NULL, 4, 50.00, NULL, 'YBLXLNRwgQI', 'https://www.google.com/maps/embed?pb=!1m14!1m12!1m3!1d14599.579502735794!2d90.36542960000001!3d23.82233695!2m3!1f0!2f0!3f0!3m2!1i1024!2i768!4f13.1!5e0!3m2!1sen!2sbd!4v1701237009812!5m2!1sen!2sbd', '2025-12-08', 'disable', 'disable', 'enable', 'approved', '2024-03-29 23:46:51', '2024-12-08 05:05:45', 0, 0),
(4, 2, 1, 8, 3, 'uploads/custom-images/listing-2024-04-03-06-05-58-6058.webp', 'powerful-air-cooler-for-sale', '[\"1\",\"4\",\"5\",\"7\",\"8\",\"9\",\"11\",\"12\",\"13\"]', NULL, 13, 40.00, NULL, 'YBLXLNRwgQI', 'https://www.google.com/maps/embed?pb=!1m14!1m12!1m3!1d14599.579502735794!2d90.36542960000001!3d23.82233695!2m3!1f0!2f0!3f0!3m2!1i1024!2i768!4f13.1!5e0!3m2!1sen!2sbd!4v1701237009812!5m2!1sen!2sbd', '2025-12-08', 'disable', 'disable', 'enable', 'approved', '2024-03-30 00:03:01', '2024-12-08 05:05:45', 0, 0),
(5, 2, 1, 8, 1, 'uploads/custom-images/listing-2024-04-03-06-04-23-8713.webp', 'topquality-used-tea-cup-for-your-kitchen', '[\"1\",\"2\",\"3\",\"4\",\"5\",\"6\",\"7\",\"9\",\"10\",\"11\"]', NULL, 8, 40.00, NULL, 'YBLXLNRwgQI', 'https://www.google.com/maps/embed?pb=!1m14!1m12!1m3!1d14599.579502735794!2d90.36542960000001!3d23.82233695!2m3!1f0!2f0!3f0!3m2!1i1024!2i768!4f13.1!5e0!3m2!1sen!2sbd!4v1701237009812!5m2!1sen!2sbd', '2025-12-08', 'disable', 'disable', 'enable', 'approved', '2024-03-30 00:12:06', '2024-12-08 05:05:45', 0, 0),
(6, 2, 1, 8, 4, 'uploads/custom-images/listing-2024-12-08-03-24-49-1399.webp', 'keep-it-fresh-reliable-ricecooker-for-sale', '[\"1\",\"3\",\"4\",\"6\",\"7\",\"8\",\"9\",\"10\",\"12\",\"13\"]', NULL, 21, 55.00, NULL, 'YBLXLNRwgQI', 'https://www.google.com/maps/embed?pb=!1m14!1m12!1m3!1d14599.579502735794!2d90.36542960000001!3d23.82233695!2m3!1f0!2f0!3f0!3m2!1i1024!2i768!4f13.1!5e0!3m2!1sen!2sbd!4v1701237009812!5m2!1sen!2sbd', '2025-12-08', 'enable', 'disable', 'enable', 'approved', '2024-03-30 00:16:50', '2025-08-12 08:25:20', 4, 0),
(7, 2, 1, 9, 3, 'uploads/custom-images/listing-2024-12-08-03-25-55-4788.webp', 'premium-headphones-for-crystal-clear-sound', '[\"1\",\"4\",\"5\",\"6\",\"7\",\"8\",\"9\",\"10\",\"11\",\"13\"]', NULL, 13, 30.00, NULL, NULL, 'https://www.google.com/maps/embed?pb=!1m14!1m12!1m3!1d14599.579502735794!2d90.36542960000001!3d23.82233695!2m3!1f0!2f0!3f0!3m2!1i1024!2i768!4f13.1!5e0!3m2!1sen!2sbd!4v1701237009812!5m2!1sen!2sbd', '2025-12-08', 'enable', 'disable', 'enable', 'approved', '2024-03-30 00:20:50', '2025-08-12 09:21:22', 5, 9),
(8, 3, 1, 6, 2, 'uploads/custom-images/listing-2024-12-08-03-26-58-1823.webp', 'quality-gym-equipment-for-sale', '[\"1\",\"2\",\"3\",\"5\",\"8\",\"9\",\"11\",\"13\"]', NULL, 7, 42.00, NULL, 'YBLXLNRwgQI', 'https://www.google.com/maps/embed?pb=!1m14!1m12!1m3!1d14599.579502735794!2d90.36542960000001!3d23.82233695!2m3!1f0!2f0!3f0!3m2!1i1024!2i768!4f13.1!5e0!3m2!1sen!2sbd!4v1701237009812!5m2!1sen!2sbd', NULL, 'enable', 'disable', 'enable', 'approved', '2024-03-30 00:30:45', '2024-12-08 09:26:58', 5, 0),
(9, 3, 1, 7, 1, 'uploads/custom-images/listing-2024-04-03-06-01-54-1049.webp', 'essential-equipment-for-fitness-enthusiasts', '[\"3\",\"4\",\"5\",\"6\",\"7\",\"8\",\"9\",\"10\",\"11\",\"13\"]', NULL, 11, 40.00, NULL, 'YBLXLNRwgQI', 'https://www.google.com/maps/embed?pb=!1m14!1m12!1m3!1d14599.579502735794!2d90.36542960000001!3d23.82233695!2m3!1f0!2f0!3f0!3m2!1i1024!2i768!4f13.1!5e0!3m2!1sen!2sbd!4v1701237009812!5m2!1sen!2sbd', NULL, 'enable', 'disable', 'enable', 'approved', '2024-03-30 00:38:40', '2025-03-20 04:02:35', 0, 0),
(10, 3, 1, 8, 1, 'uploads/custom-images/listing-2024-04-03-06-01-29-3198.webp', 'highperformance-34-monitor-for-sale', '[\"1\",\"2\",\"3\",\"4\",\"5\",\"7\",\"8\",\"9\",\"12\"]', NULL, 8, 30.00, NULL, 'YBLXLNRwgQI', 'https://www.google.com/maps/embed?pb=!1m14!1m12!1m3!1d14599.579502735794!2d90.36542960000001!3d23.82233695!2m3!1f0!2f0!3f0!3m2!1i1024!2i768!4f13.1!5e0!3m2!1sen!2sbd!4v1701237009812!5m2!1sen!2sbd', NULL, 'disable', 'disable', 'enable', 'approved', '2024-03-30 00:46:05', '2025-03-22 04:06:14', 0, 0),
(11, 3, 1, 8, 7, 'uploads/custom-images/listing-2024-04-03-06-00-58-6362.webp', 'premium-used-earbuds-for-sale', '[\"1\",\"4\",\"5\",\"6\",\"7\",\"8\",\"9\",\"10\"]', NULL, 7, 20.00, NULL, 'YBLXLNRwgQI', 'https://www.google.com/maps/embed?pb=!1m14!1m12!1m3!1d14599.579502735794!2d90.36542960000001!3d23.82233695!2m3!1f0!2f0!3f0!3m2!1i1024!2i768!4f13.1!5e0!3m2!1sen!2sbd!4v1701237009812!5m2!1sen!2sbd', NULL, 'disable', 'disable', 'enable', 'approved', '2024-03-30 00:54:13', '2025-05-31 10:59:19', 0, 0),
(12, 3, 1, 8, 4, 'uploads/custom-images/listing-2024-12-08-03-29-41-8344.webp', 'premium-computer-speakers-available', '[\"2\",\"3\",\"4\",\"6\",\"7\",\"9\",\"10\",\"11\",\"12\",\"13\"]', NULL, 11, 25.00, NULL, 'YBLXLNRwgQI', 'https://www.google.com/maps/embed?pb=!1m14!1m12!1m3!1d14599.579502735794!2d90.36542960000001!3d23.82233695!2m3!1f0!2f0!3f0!3m2!1i1024!2i768!4f13.1!5e0!3m2!1sen!2sbd!4v1701237009812!5m2!1sen!2sbd', NULL, 'enable', 'disable', 'enable', 'approved', '2024-03-30 00:59:17', '2025-06-03 09:39:37', 4, 0),
(13, 2, 1, 8, 2, 'uploads/custom-images/listing-2024-12-08-03-30-29-2990.webp', 'professional-dslr-new-camera-for-sale', '[\"2\",\"4\",\"5\",\"6\",\"7\",\"8\",\"9\",\"12\"]', NULL, 63, 15.00, NULL, 'YBLXLNRwgQI', 'https://www.google.com/maps/embed?pb=!1m14!1m12!1m3!1d14599.579502735794!2d90.36542960000001!3d23.82233695!2m3!1f0!2f0!3f0!3m2!1i1024!2i768!4f13.1!5e0!3m2!1sen!2sbd!4v1701237009812!5m2!1sen!2sbd', '2025-12-08', 'enable', 'disable', 'enable', 'approved', '2024-03-30 01:03:50', '2025-06-04 04:23:03', 5, 0),
(14, 2, 2, 15, 1, 'uploads/custom-images/listing-2024-04-03-06-32-24-7360.webp', 'exterior-of-a-modern-apartment', '[\"14\",\"15\",\"16\",\"17\",\"18\",\"19\",\"21\",\"22\"]', NULL, 2, 24.00, NULL, 'YBLXLNRwgQI', 'https://www.google.com/maps/embed?pb=!1m14!1m12!1m3!1d14599.579502735794!2d90.36542960000001!3d23.82233695!2m3!1f0!2f0!3f0!3m2!1i1024!2i768!4f13.1!5e0!3m2!1sen!2sbd!4v1701237009812!5m2!1sen!2sbd', '2025-12-08', 'disable', 'disable', 'enable', 'approved', '2024-03-30 19:41:27', '2024-12-08 05:05:45', 0, 0),
(15, 2, 2, 15, 2, 'uploads/custom-images/listing-2024-04-03-06-31-49-8054.webp', 'nobody-the-yard-mode-arhitecture', '[\"15\",\"16\",\"18\",\"19\",\"20\",\"21\",\"22\"]', NULL, 1, 23.00, NULL, 'YBLXLNRwgQI', 'https://www.google.com/maps/embed?pb=!1m14!1m12!1m3!1d14599.579502735794!2d90.36542960000001!3d23.82233695!2m3!1f0!2f0!3f0!3m2!1i1024!2i768!4f13.1!5e0!3m2!1sen!2sbd!4v1701237009812!5m2!1sen!2sbd', '2025-12-08', 'disable', 'disable', 'enable', 'approved', '2024-03-30 19:49:24', '2024-12-08 05:05:45', 0, 0),
(16, 2, 2, 15, 4, 'uploads/custom-images/listing-2024-04-03-06-31-31-6762.webp', 'building-with-facade-made-of-red-brick', '[\"15\",\"16\",\"17\",\"18\",\"19\",\"20\",\"21\",\"22\"]', NULL, 7, 60.00, NULL, 'YBLXLNRwgQI', 'https://www.google.com/maps/embed?pb=!1m14!1m12!1m3!1d14599.579502735794!2d90.36542960000001!3d23.82233695!2m3!1f0!2f0!3f0!3m2!1i1024!2i768!4f13.1!5e0!3m2!1sen!2sbd!4v1701237009812!5m2!1sen!2sbd', '2025-12-08', 'disable', 'disable', 'enable', 'approved', '2024-03-30 19:51:33', '2024-12-08 05:05:45', 0, 0),
(17, 3, 2, 14, 6, 'uploads/custom-images/listing-2024-04-03-06-31-11-1393.webp', 'beautiful-modern-house-generative', '[\"14\",\"15\",\"16\",\"17\",\"19\",\"20\",\"21\",\"22\"]', NULL, 13, 20.00, NULL, 'YBLXLNRwgQI', 'https://www.google.com/maps/embed?pb=!1m14!1m12!1m3!1d14599.579502735794!2d90.36542960000001!3d23.82233695!2m3!1f0!2f0!3f0!3m2!1i1024!2i768!4f13.1!5e0!3m2!1sen!2sbd!4v1701237009812!5m2!1sen!2sbd', NULL, 'disable', 'disable', 'enable', 'approved', '2024-03-30 19:53:24', '2024-10-17 09:13:27', 0, 0),
(18, 3, 2, 15, 3, 'uploads/custom-images/listing-2024-04-03-06-30-53-7083.webp', '3d-rendering-of-modern-house', '[\"14\",\"15\",\"16\",\"17\",\"19\",\"20\",\"22\"]', NULL, 1, 18.00, NULL, 'YBLXLNRwgQI', 'https://www.google.com/maps/embed?pb=!1m14!1m12!1m3!1d14599.579502735794!2d90.36542960000001!3d23.82233695!2m3!1f0!2f0!3f0!3m2!1i1024!2i768!4f13.1!5e0!3m2!1sen!2sbd!4v1701237009812!5m2!1sen!2sbd', NULL, 'disable', 'disable', 'enable', 'approved', '2024-03-30 19:57:53', '2024-04-03 00:30:54', 0, 0),
(19, 2, 2, 14, 2, 'uploads/custom-images/listing-2024-04-03-06-30-02-8245.webp', 'luxury-business-meeting-room', '[\"14\",\"15\",\"16\",\"17\",\"18\",\"20\",\"21\",\"22\"]', NULL, 4, 25.00, NULL, 'YBLXLNRwgQI', 'https://www.google.com/maps/embed?pb=!1m14!1m12!1m3!1d14599.579502735794!2d90.36542960000001!3d23.82233695!2m3!1f0!2f0!3f0!3m2!1i1024!2i768!4f13.1!5e0!3m2!1sen!2sbd!4v1701237009812!5m2!1sen!2sbd', '2025-12-08', 'disable', 'disable', 'enable', 'approved', '2024-03-30 20:01:41', '2024-12-08 05:05:45', 0, 0),
(20, 2, 3, 18, 1, 'uploads/custom-images/listing-2024-03-31-02-42-42-6876.webp', 'senior-marketing-manager', '[\"23\",\"25\",\"26\",\"27\",\"28\",\"29\",\"31\",\"32\",\"33\"]', NULL, 11, 20.00, NULL, 'YBLXLNRwgQI', 'https://www.google.com/maps/embed?pb=!1m14!1m12!1m3!1d14599.579502735794!2d90.36542960000001!3d23.82233695!2m3!1f0!2f0!3f0!3m2!1i1024!2i768!4f13.1!5e0!3m2!1sen!2sbd!4v1701237009812!5m2!1sen!2sbd', '2025-12-08', 'enable', 'disable', 'enable', 'approved', '2024-03-30 20:27:09', '2024-12-08 05:05:45', 0, 0),
(21, 2, 3, 19, 2, 'uploads/custom-images/listing-2024-03-31-02-48-37-3841.webp', 'laravel-application-developer', '[\"23\",\"24\",\"27\",\"28\",\"29\",\"30\",\"31\",\"33\"]', NULL, 1, 64.00, NULL, 'YBLXLNRwgQI', 'https://www.google.com/maps/embed?pb=!1m14!1m12!1m3!1d14599.579502735794!2d90.36542960000001!3d23.82233695!2m3!1f0!2f0!3f0!3m2!1i1024!2i768!4f13.1!5e0!3m2!1sen!2sbd!4v1701237009812!5m2!1sen!2sbd', '2025-12-08', 'enable', 'disable', 'enable', 'approved', '2024-03-30 20:48:37', '2024-12-08 05:05:45', 0, 0),
(22, 3, 3, 18, 3, 'uploads/custom-images/listing-2024-03-31-02-50-38-7140.webp', 'full-time-sr-it-project-manager', '[\"25\",\"26\",\"27\",\"28\",\"29\",\"30\",\"31\",\"32\"]', NULL, 15, 60.00, NULL, 'YBLXLNRwgQI', 'https://www.google.com/maps/embed?pb=!1m14!1m12!1m3!1d14599.579502735794!2d90.36542960000001!3d23.82233695!2m3!1f0!2f0!3f0!3m2!1i1024!2i768!4f13.1!5e0!3m2!1sen!2sbd!4v1701237009812!5m2!1sen!2sbd', NULL, 'enable', 'disable', 'enable', 'approved', '2024-03-30 20:50:38', '2024-04-01 01:51:17', 0, 0),
(23, 2, 3, 17, 3, 'uploads/custom-images/listing-2024-03-31-02-53-24-5862.webp', 'part-time-senior-uiux-designer', '[\"25\",\"28\",\"29\",\"30\",\"31\",\"32\",\"33\"]', NULL, 3, 15.00, NULL, 'YBLXLNRwgQI', 'https://www.google.com/maps/embed?pb=!1m14!1m12!1m3!1d14599.579502735794!2d90.36542960000001!3d23.82233695!2m3!1f0!2f0!3f0!3m2!1i1024!2i768!4f13.1!5e0!3m2!1sen!2sbd!4v1701237009812!5m2!1sen!2sbd', '2025-12-08', 'enable', 'disable', 'enable', 'approved', '2024-03-30 20:53:24', '2025-06-04 03:57:59', 0, 0),
(24, 3, 3, 19, 1, 'uploads/custom-images/listing-2024-03-31-03-00-01-4913.webp', 'full-stack-wp-development', '[\"23\",\"24\",\"26\",\"27\",\"28\",\"29\",\"31\",\"33\"]', NULL, 14, 70.00, NULL, 'YBLXLNRwgQI', 'https://www.google.com/maps/embed?pb=!1m14!1m12!1m3!1d14599.579502735794!2d90.36542960000001!3d23.82233695!2m3!1f0!2f0!3f0!3m2!1i1024!2i768!4f13.1!5e0!3m2!1sen!2sbd!4v1701237009812!5m2!1sen!2sbd', NULL, 'enable', 'disable', 'enable', 'approved', '2024-03-30 21:00:01', '2024-04-02 21:47:48', 0, 0),
(25, 2, 3, 18, 2, 'uploads/custom-images/listing-2024-03-31-03-04-30-6002.webp', 'mobile-application-developer', '[\"23\",\"25\",\"26\",\"27\",\"28\",\"29\",\"30\",\"31\"]', NULL, 8, 45.00, NULL, 'YBLXLNRwgQI', 'https://www.google.com/maps/embed?pb=!1m14!1m12!1m3!1d14599.579502735794!2d90.36542960000001!3d23.82233695!2m3!1f0!2f0!3f0!3m2!1i1024!2i768!4f13.1!5e0!3m2!1sen!2sbd!4v1701237009812!5m2!1sen!2sbd', '2025-12-08', 'enable', 'disable', 'enable', 'approved', '2024-03-30 21:04:31', '2024-12-08 05:05:45', 0, 0),
(26, 2, 3, 19, 4, 'uploads/custom-images/listing-2024-03-31-03-12-42-4706.webp', 'par-time-mid-level-devops-engineer', '[\"24\",\"26\",\"27\",\"28\",\"29\",\"30\",\"31\",\"32\"]', NULL, 7, 80.00, NULL, 'YBLXLNRwgQI', 'https://www.google.com/maps/embed?pb=!1m14!1m12!1m3!1d14599.579502735794!2d90.36542960000001!3d23.82233695!2m3!1f0!2f0!3f0!3m2!1i1024!2i768!4f13.1!5e0!3m2!1sen!2sbd!4v1701237009812!5m2!1sen!2sbd', '2025-12-08', 'disable', 'disable', 'enable', 'approved', '2024-03-30 21:12:42', '2024-12-08 05:05:45', 0, 0),
(27, 2, 3, 18, 2, 'uploads/custom-images/listing-2024-03-31-03-15-36-7355.webp', 'junior-cloud-architect-remote', '[\"24\",\"25\",\"26\",\"27\",\"29\",\"30\",\"31\",\"32\",\"33\"]', NULL, 39, 75.00, NULL, 'YBLXLNRwgQI', 'https://www.google.com/maps/embed?pb=!1m14!1m12!1m3!1d14599.579502735794!2d90.36542960000001!3d23.82233695!2m3!1f0!2f0!3f0!3m2!1i1024!2i768!4f13.1!5e0!3m2!1sen!2sbd!4v1701237009812!5m2!1sen!2sbd', '2025-12-08', 'disable', 'disable', 'enable', 'approved', '2024-03-30 21:15:36', '2025-08-12 09:21:10', 0, 0),
(28, 2, 2, 14, 1, 'uploads/custom-images/listing-2024-04-03-06-29-42-6504.webp', 'penthouse-with-pool-at-sunset-generative', '[\"14\",\"15\",\"17\",\"18\",\"19\",\"20\",\"21\"]', NULL, 5, 20.00, NULL, 'YBLXLNRwgQI', 'https://www.google.com/maps/embed?pb=!1m14!1m12!1m3!1d14599.579502735794!2d90.36542960000001!3d23.82233695!2m3!1f0!2f0!3f0!3m2!1i1024!2i768!4f13.1!5e0!3m2!1sen!2sbd!4v1701237009812!5m2!1sen!2sbd', '2025-12-08', 'enable', 'disable', 'enable', 'approved', '2024-03-30 21:32:14', '2024-12-08 05:05:45', 0, 0),
(29, 3, 2, 14, 1, 'uploads/custom-images/listing-2024-04-03-06-29-15-7469.webp', 'young-business-people-working-in-office', '[\"16\",\"17\",\"18\",\"19\",\"20\",\"21\",\"22\"]', NULL, 27, 12.00, NULL, 'YBLXLNRwgQI', 'https://www.google.com/maps/embed?pb=!1m14!1m12!1m3!1d14599.579502735794!2d90.36542960000001!3d23.82233695!2m3!1f0!2f0!3f0!3m2!1i1024!2i768!4f13.1!5e0!3m2!1sen!2sbd!4v1701237009812!5m2!1sen!2sbd', NULL, 'disable', 'disable', 'enable', 'approved', '2024-03-30 21:34:26', '2024-11-20 03:37:59', 0, 0),
(30, 2, 2, 14, 4, 'uploads/custom-images/listing-2024-04-03-06-28-51-2531.webp', 'modern-house-exterior-for-sale', '[\"14\",\"15\",\"17\",\"18\",\"19\",\"21\",\"22\"]', NULL, 29, 18.00, NULL, 'YBLXLNRwgQI', 'https://www.google.com/maps/embed?pb=!1m14!1m12!1m3!1d14599.579502735794!2d90.36542960000001!3d23.82233695!2m3!1f0!2f0!3f0!3m2!1i1024!2i768!4f13.1!5e0!3m2!1sen!2sbd!4v1701237009812!5m2!1sen!2sbd', '2025-12-08', 'enable', 'disable', 'enable', 'approved', '2024-03-30 21:37:13', '2024-12-08 05:05:45', 0, 0),
(31, 2, 2, 14, 2, 'uploads/custom-images/listing-2024-12-08-03-35-35-6081.webp', 'concrete-coworking-office-interior', '[\"14\",\"15\",\"17\",\"18\",\"19\",\"20\",\"21\"]', NULL, 1, 14.00, NULL, 'YBLXLNRwgQI', 'https://www.google.com/maps/embed?pb=!1m14!1m12!1m3!1d14599.579502735794!2d90.36542960000001!3d23.82233695!2m3!1f0!2f0!3f0!3m2!1i1024!2i768!4f13.1!5e0!3m2!1sen!2sbd!4v1701237009812!5m2!1sen!2sbd', '2025-12-08', 'enable', 'disable', 'enable', 'approved', '2024-03-30 21:40:03', '2024-12-08 09:35:35', 5, 0),
(32, 3, 2, 13, 4, 'uploads/custom-images/listing-2024-12-08-03-34-22-9050.webp', '-interior-of-a-modern-apartment', '[\"16\",\"17\",\"18\",\"19\",\"20\",\"21\"]', NULL, 5, 25.00, NULL, 'YBLXLNRwgQI', 'https://www.google.com/maps/embed?pb=!1m14!1m12!1m3!1d14599.579502735794!2d90.36542960000001!3d23.82233695!2m3!1f0!2f0!3f0!3m2!1i1024!2i768!4f13.1!5e0!3m2!1sen!2sbd!4v1701237009812!5m2!1sen!2sbd', NULL, 'enable', 'disable', 'enable', 'approved', '2024-03-30 21:46:18', '2025-06-04 04:02:46', 4, 10),
(33, 2, 2, 13, 4, 'uploads/custom-images/file-name-17427262227692.webp', 'rendering-of-impressive-villa-pool', '[\"14\",\"15\",\"16\",\"17\",\"18\",\"19\",\"20\",\"21\"]', NULL, 9, 64.00, NULL, 'YBLXLNRwgQI', 'https://www.google.com/maps/embed?pb=!1m14!1m12!1m3!1d14599.579502735794!2d90.36542960000001!3d23.82233695!2m3!1f0!2f0!3f0!3m2!1i1024!2i768!4f13.1!5e0!3m2!1sen!2sbd!4v1701237009812!5m2!1sen!2sbd', '2025-12-08', 'enable', 'disable', 'enable', 'approved', '2024-03-30 21:50:15', '2025-05-31 10:30:20', 4, 11);

-- --------------------------------------------------------

--
-- Table structure for table `listing_galleries`
--

CREATE TABLE `listing_galleries` (
  `id` bigint UNSIGNED NOT NULL,
  `listing_id` int NOT NULL,
  `image` varchar(255) COLLATE utf8mb4_unicode_ci DEFAULT NULL,
  `created_at` timestamp NULL DEFAULT NULL,
  `updated_at` timestamp NULL DEFAULT NULL
) ENGINE=InnoDB DEFAULT CHARSET=utf8mb4 COLLATE=utf8mb4_unicode_ci;

--
-- Dumping data for table `listing_galleries`
--

INSERT INTO `listing_galleries` (`id`, `listing_id`, `image`, `created_at`, `updated_at`) VALUES
(14, 1, 'uploads/custom-images/listing-gallery-2024-03-30-05-54-41-44610.webp', '2024-03-29 23:54:41', '2024-03-29 23:54:41'),
(15, 1, 'uploads/custom-images/listing-gallery-2024-03-30-05-54-41-70821.webp', '2024-03-29 23:54:41', '2024-03-29 23:54:41'),
(16, 1, 'uploads/custom-images/listing-gallery-2024-03-30-05-54-41-18782.webp', '2024-03-29 23:54:41', '2024-03-29 23:54:41'),
(17, 1, 'uploads/custom-images/listing-gallery-2024-03-30-05-54-41-12273.webp', '2024-03-29 23:54:41', '2024-03-29 23:54:41'),
(18, 1, 'uploads/custom-images/listing-gallery-2024-03-30-05-54-41-22474.webp', '2024-03-29 23:54:42', '2024-03-29 23:54:42'),
(19, 2, 'uploads/custom-images/listing-gallery-2024-03-30-05-56-37-91170.webp', '2024-03-29 23:56:37', '2024-03-29 23:56:37'),
(20, 2, 'uploads/custom-images/listing-gallery-2024-03-30-05-56-37-57401.webp', '2024-03-29 23:56:38', '2024-03-29 23:56:38'),
(21, 2, 'uploads/custom-images/listing-gallery-2024-03-30-05-56-38-93672.webp', '2024-03-29 23:56:38', '2024-03-29 23:56:38'),
(22, 2, 'uploads/custom-images/listing-gallery-2024-03-30-05-56-38-59513.webp', '2024-03-29 23:56:38', '2024-03-29 23:56:38'),
(23, 2, 'uploads/custom-images/listing-gallery-2024-03-30-05-56-38-31574.webp', '2024-03-29 23:56:39', '2024-03-29 23:56:39'),
(24, 4, 'uploads/custom-images/listing-gallery-2024-03-30-06-05-05-81920.webp', '2024-03-30 00:05:05', '2024-03-30 00:05:05'),
(25, 4, 'uploads/custom-images/listing-gallery-2024-03-30-06-05-05-10521.webp', '2024-03-30 00:05:05', '2024-03-30 00:05:05'),
(26, 4, 'uploads/custom-images/listing-gallery-2024-03-30-06-05-05-19082.webp', '2024-03-30 00:05:05', '2024-03-30 00:05:05'),
(27, 4, 'uploads/custom-images/listing-gallery-2024-03-30-06-05-12-87670.webp', '2024-03-30 00:05:12', '2024-03-30 00:05:12'),
(28, 4, 'uploads/custom-images/listing-gallery-2024-03-30-06-05-12-34471.webp', '2024-03-30 00:05:12', '2024-03-30 00:05:12'),
(29, 5, 'uploads/custom-images/listing-gallery-2024-03-30-06-13-24-90800.webp', '2024-03-30 00:13:25', '2024-03-30 00:13:25'),
(30, 5, 'uploads/custom-images/listing-gallery-2024-03-30-06-13-25-57691.webp', '2024-03-30 00:13:25', '2024-03-30 00:13:25'),
(31, 5, 'uploads/custom-images/listing-gallery-2024-03-30-06-13-25-54242.webp', '2024-03-30 00:13:25', '2024-03-30 00:13:25'),
(32, 5, 'uploads/custom-images/listing-gallery-2024-03-30-06-13-35-17550.webp', '2024-03-30 00:13:35', '2024-03-30 00:13:35'),
(33, 5, 'uploads/custom-images/listing-gallery-2024-03-30-06-13-35-68451.webp', '2024-03-30 00:13:35', '2024-03-30 00:13:35'),
(34, 7, 'uploads/custom-images/listing-gallery-2024-03-30-06-22-13-94710.webp', '2024-03-30 00:22:13', '2024-03-30 00:22:13'),
(35, 7, 'uploads/custom-images/listing-gallery-2024-03-30-06-22-13-93481.webp', '2024-03-30 00:22:13', '2024-03-30 00:22:13'),
(36, 7, 'uploads/custom-images/listing-gallery-2024-03-30-06-22-13-89752.webp', '2024-03-30 00:22:14', '2024-03-30 00:22:14'),
(37, 7, 'uploads/custom-images/listing-gallery-2024-03-30-06-22-20-27420.webp', '2024-03-30 00:22:21', '2024-03-30 00:22:21'),
(38, 7, 'uploads/custom-images/listing-gallery-2024-03-30-06-22-21-93051.webp', '2024-03-30 00:22:21', '2024-03-30 00:22:21'),
(39, 8, 'uploads/custom-images/listing-gallery-2024-03-30-06-34-16-17670.webp', '2024-03-30 00:34:16', '2024-03-30 00:34:16'),
(40, 8, 'uploads/custom-images/listing-gallery-2024-03-30-06-34-16-49061.webp', '2024-03-30 00:34:16', '2024-03-30 00:34:16'),
(41, 8, 'uploads/custom-images/listing-gallery-2024-03-30-06-34-16-80642.webp', '2024-03-30 00:34:17', '2024-03-30 00:34:17'),
(42, 8, 'uploads/custom-images/listing-gallery-2024-03-30-06-34-27-33080.webp', '2024-03-30 00:34:28', '2024-03-30 00:34:28'),
(43, 8, 'uploads/custom-images/listing-gallery-2024-03-30-06-34-28-64611.webp', '2024-03-30 00:34:28', '2024-03-30 00:34:28'),
(44, 9, 'uploads/custom-images/listing-gallery-2024-03-30-06-41-41-32950.webp', '2024-03-30 00:41:41', '2024-03-30 00:41:41'),
(45, 9, 'uploads/custom-images/listing-gallery-2024-03-30-06-41-41-54201.webp', '2024-03-30 00:41:41', '2024-03-30 00:41:41'),
(46, 9, 'uploads/custom-images/listing-gallery-2024-03-30-06-41-41-36812.webp', '2024-03-30 00:41:42', '2024-03-30 00:41:42'),
(47, 9, 'uploads/custom-images/listing-gallery-2024-03-30-06-41-42-72263.webp', '2024-03-30 00:41:42', '2024-03-30 00:41:42'),
(48, 9, 'uploads/custom-images/listing-gallery-2024-03-30-06-41-51-84130.webp', '2024-03-30 00:41:51', '2024-03-30 00:41:51'),
(49, 10, 'uploads/custom-images/listing-gallery-2024-03-30-06-49-53-22750.webp', '2024-03-30 00:49:53', '2024-03-30 00:49:53'),
(50, 10, 'uploads/custom-images/listing-gallery-2024-03-30-06-49-53-15211.webp', '2024-03-30 00:49:53', '2024-03-30 00:49:53'),
(51, 10, 'uploads/custom-images/listing-gallery-2024-03-30-06-49-53-59022.webp', '2024-03-30 00:49:53', '2024-03-30 00:49:53'),
(52, 10, 'uploads/custom-images/listing-gallery-2024-03-30-06-49-53-17653.webp', '2024-03-30 00:49:54', '2024-03-30 00:49:54'),
(53, 10, 'uploads/custom-images/listing-gallery-2024-03-30-06-49-54-51604.webp', '2024-03-30 00:49:54', '2024-03-30 00:49:54'),
(54, 11, 'uploads/custom-images/listing-gallery-2024-03-30-06-55-22-80680.webp', '2024-03-30 00:55:22', '2024-03-30 00:55:22'),
(55, 11, 'uploads/custom-images/listing-gallery-2024-03-30-06-55-22-17471.webp', '2024-03-30 00:55:22', '2024-03-30 00:55:22'),
(56, 11, 'uploads/custom-images/listing-gallery-2024-03-30-06-55-22-71202.webp', '2024-03-30 00:55:22', '2024-03-30 00:55:22'),
(57, 11, 'uploads/custom-images/listing-gallery-2024-03-30-06-55-22-70473.webp', '2024-03-30 00:55:23', '2024-03-30 00:55:23'),
(58, 11, 'uploads/custom-images/listing-gallery-2024-03-30-06-55-23-92894.webp', '2024-03-30 00:55:23', '2024-03-30 00:55:23'),
(59, 12, 'uploads/custom-images/listing-gallery-2024-03-30-07-00-27-52710.webp', '2024-03-30 01:00:27', '2024-03-30 01:00:27'),
(60, 12, 'uploads/custom-images/listing-gallery-2024-03-30-07-00-27-94561.webp', '2024-03-30 01:00:27', '2024-03-30 01:00:27'),
(61, 12, 'uploads/custom-images/listing-gallery-2024-03-30-07-00-27-19912.webp', '2024-03-30 01:00:28', '2024-03-30 01:00:28'),
(62, 12, 'uploads/custom-images/listing-gallery-2024-03-30-07-00-35-29880.webp', '2024-03-30 01:00:35', '2024-03-30 01:00:35'),
(63, 12, 'uploads/custom-images/listing-gallery-2024-03-30-07-00-35-98181.webp', '2024-03-30 01:00:35', '2024-03-30 01:00:35'),
(64, 13, 'uploads/custom-images/listing-gallery-2024-03-30-07-04-25-89590.webp', '2024-03-30 01:04:25', '2024-03-30 01:04:25'),
(65, 13, 'uploads/custom-images/listing-gallery-2024-03-30-07-04-25-97401.webp', '2024-03-30 01:04:26', '2024-03-30 01:04:26'),
(66, 13, 'uploads/custom-images/listing-gallery-2024-03-30-07-04-26-28292.webp', '2024-03-30 01:04:26', '2024-03-30 01:04:26'),
(67, 13, 'uploads/custom-images/listing-gallery-2024-03-30-07-04-26-53683.webp', '2024-03-30 01:04:26', '2024-03-30 01:04:26'),
(68, 13, 'uploads/custom-images/listing-gallery-2024-03-30-07-04-26-93664.webp', '2024-03-30 01:04:26', '2024-03-30 01:04:26'),
(69, 14, 'uploads/custom-images/listing-gallery-2024-03-31-01-42-47-34340.webp', '2024-03-30 19:42:47', '2024-03-30 19:42:47'),
(70, 14, 'uploads/custom-images/listing-gallery-2024-03-31-01-42-47-18941.webp', '2024-03-30 19:42:48', '2024-03-30 19:42:48'),
(71, 14, 'uploads/custom-images/listing-gallery-2024-03-31-01-42-48-25962.webp', '2024-03-30 19:42:48', '2024-03-30 19:42:48'),
(72, 14, 'uploads/custom-images/listing-gallery-2024-03-31-01-42-55-51570.webp', '2024-03-30 19:42:55', '2024-03-30 19:42:55'),
(73, 14, 'uploads/custom-images/listing-gallery-2024-03-31-01-42-55-59321.webp', '2024-03-30 19:42:55', '2024-03-30 19:42:55'),
(74, 15, 'uploads/custom-images/listing-gallery-2024-03-31-01-49-46-32080.webp', '2024-03-30 19:49:46', '2024-03-30 19:49:46'),
(75, 15, 'uploads/custom-images/listing-gallery-2024-03-31-01-49-46-82171.webp', '2024-03-30 19:49:47', '2024-03-30 19:49:47'),
(76, 15, 'uploads/custom-images/listing-gallery-2024-03-31-01-49-47-26312.webp', '2024-03-30 19:49:47', '2024-03-30 19:49:47'),
(77, 15, 'uploads/custom-images/listing-gallery-2024-03-31-01-49-47-97953.webp', '2024-03-30 19:49:48', '2024-03-30 19:49:48'),
(78, 15, 'uploads/custom-images/listing-gallery-2024-03-31-01-49-48-73564.webp', '2024-03-30 19:49:48', '2024-03-30 19:49:48'),
(79, 16, 'uploads/custom-images/listing-gallery-2024-03-31-01-51-58-68930.webp', '2024-03-30 19:51:59', '2024-03-30 19:51:59'),
(80, 16, 'uploads/custom-images/listing-gallery-2024-03-31-01-51-59-65481.webp', '2024-03-30 19:51:59', '2024-03-30 19:51:59'),
(81, 16, 'uploads/custom-images/listing-gallery-2024-03-31-01-51-59-51312.webp', '2024-03-30 19:51:59', '2024-03-30 19:51:59'),
(82, 16, 'uploads/custom-images/listing-gallery-2024-03-31-01-51-59-64373.webp', '2024-03-30 19:52:00', '2024-03-30 19:52:00'),
(83, 16, 'uploads/custom-images/listing-gallery-2024-03-31-01-52-00-32634.webp', '2024-03-30 19:52:00', '2024-03-30 19:52:00'),
(84, 17, 'uploads/custom-images/listing-gallery-2024-03-31-01-54-14-74330.webp', '2024-03-30 19:54:15', '2024-03-30 19:54:15'),
(85, 17, 'uploads/custom-images/listing-gallery-2024-03-31-01-54-15-22281.webp', '2024-03-30 19:54:15', '2024-03-30 19:54:15'),
(86, 17, 'uploads/custom-images/listing-gallery-2024-03-31-01-54-15-85102.webp', '2024-03-30 19:54:15', '2024-03-30 19:54:15'),
(87, 17, 'uploads/custom-images/listing-gallery-2024-03-31-01-54-15-94033.webp', '2024-03-30 19:54:16', '2024-03-30 19:54:16'),
(88, 17, 'uploads/custom-images/listing-gallery-2024-03-31-01-54-16-52384.webp', '2024-03-30 19:54:16', '2024-03-30 19:54:16'),
(89, 18, 'uploads/custom-images/listing-gallery-2024-03-31-01-58-13-14060.webp', '2024-03-30 19:58:13', '2024-03-30 19:58:13'),
(90, 18, 'uploads/custom-images/listing-gallery-2024-03-31-01-58-13-62441.webp', '2024-03-30 19:58:14', '2024-03-30 19:58:14'),
(91, 18, 'uploads/custom-images/listing-gallery-2024-03-31-01-58-14-44042.webp', '2024-03-30 19:58:14', '2024-03-30 19:58:14'),
(92, 18, 'uploads/custom-images/listing-gallery-2024-03-31-01-58-14-44843.webp', '2024-03-30 19:58:15', '2024-03-30 19:58:15'),
(93, 18, 'uploads/custom-images/listing-gallery-2024-03-31-01-58-15-82454.webp', '2024-03-30 19:58:15', '2024-03-30 19:58:15'),
(94, 19, 'uploads/custom-images/listing-gallery-2024-03-31-02-02-19-74170.webp', '2024-03-30 20:02:20', '2024-03-30 20:02:20'),
(95, 19, 'uploads/custom-images/listing-gallery-2024-03-31-02-02-20-75301.webp', '2024-03-30 20:02:20', '2024-03-30 20:02:20'),
(96, 19, 'uploads/custom-images/listing-gallery-2024-03-31-02-02-20-40132.webp', '2024-03-30 20:02:20', '2024-03-30 20:02:20'),
(97, 19, 'uploads/custom-images/listing-gallery-2024-03-31-02-02-20-28673.webp', '2024-03-30 20:02:21', '2024-03-30 20:02:21'),
(98, 19, 'uploads/custom-images/listing-gallery-2024-03-31-02-02-21-42844.webp', '2024-03-30 20:02:21', '2024-03-30 20:02:21'),
(99, 20, 'uploads/custom-images/listing-gallery-2024-03-31-02-43-04-72330.webp', '2024-03-30 20:43:04', '2024-03-30 20:43:04'),
(100, 20, 'uploads/custom-images/listing-gallery-2024-03-31-02-43-04-21201.webp', '2024-03-30 20:43:04', '2024-03-30 20:43:04'),
(101, 20, 'uploads/custom-images/listing-gallery-2024-03-31-02-43-04-37342.webp', '2024-03-30 20:43:04', '2024-03-30 20:43:04'),
(102, 20, 'uploads/custom-images/listing-gallery-2024-03-31-02-43-04-63853.webp', '2024-03-30 20:43:05', '2024-03-30 20:43:05'),
(103, 20, 'uploads/custom-images/listing-gallery-2024-03-31-02-43-05-56994.webp', '2024-03-30 20:43:05', '2024-03-30 20:43:05'),
(104, 21, 'uploads/custom-images/listing-gallery-2024-03-31-02-48-57-50640.webp', '2024-03-30 20:48:57', '2024-03-30 20:48:57'),
(105, 21, 'uploads/custom-images/listing-gallery-2024-03-31-02-48-57-61291.webp', '2024-03-30 20:48:57', '2024-03-30 20:48:57'),
(106, 21, 'uploads/custom-images/listing-gallery-2024-03-31-02-48-57-48122.webp', '2024-03-30 20:48:57', '2024-03-30 20:48:57'),
(107, 21, 'uploads/custom-images/listing-gallery-2024-03-31-02-48-57-42373.webp', '2024-03-30 20:48:58', '2024-03-30 20:48:58'),
(108, 21, 'uploads/custom-images/listing-gallery-2024-03-31-02-48-58-61834.webp', '2024-03-30 20:48:58', '2024-03-30 20:48:58'),
(109, 22, 'uploads/custom-images/listing-gallery-2024-03-31-02-51-03-49530.webp', '2024-03-30 20:51:03', '2024-03-30 20:51:03'),
(110, 22, 'uploads/custom-images/listing-gallery-2024-03-31-02-51-03-90471.webp', '2024-03-30 20:51:03', '2024-03-30 20:51:03'),
(111, 22, 'uploads/custom-images/listing-gallery-2024-03-31-02-51-03-55202.webp', '2024-03-30 20:51:04', '2024-03-30 20:51:04'),
(112, 22, 'uploads/custom-images/listing-gallery-2024-03-31-02-51-04-40723.webp', '2024-03-30 20:51:04', '2024-03-30 20:51:04'),
(113, 22, 'uploads/custom-images/listing-gallery-2024-03-31-02-51-04-67774.webp', '2024-03-30 20:51:04', '2024-03-30 20:51:04'),
(114, 23, 'uploads/custom-images/listing-gallery-2024-03-31-02-55-31-55690.webp', '2024-03-30 20:55:32', '2024-03-30 20:55:32'),
(115, 23, 'uploads/custom-images/listing-gallery-2024-03-31-02-55-32-40281.webp', '2024-03-30 20:55:32', '2024-03-30 20:55:32'),
(116, 23, 'uploads/custom-images/listing-gallery-2024-03-31-02-55-32-56192.webp', '2024-03-30 20:55:32', '2024-03-30 20:55:32'),
(117, 23, 'uploads/custom-images/listing-gallery-2024-03-31-02-55-32-24873.webp', '2024-03-30 20:55:33', '2024-03-30 20:55:33'),
(118, 23, 'uploads/custom-images/listing-gallery-2024-03-31-02-55-33-88244.webp', '2024-03-30 20:55:33', '2024-03-30 20:55:33'),
(119, 24, 'uploads/custom-images/listing-gallery-2024-03-31-03-00-32-49900.webp', '2024-03-30 21:00:33', '2024-03-30 21:00:33'),
(120, 24, 'uploads/custom-images/listing-gallery-2024-03-31-03-00-33-95151.webp', '2024-03-30 21:00:33', '2024-03-30 21:00:33'),
(121, 24, 'uploads/custom-images/listing-gallery-2024-03-31-03-00-33-93532.webp', '2024-03-30 21:00:33', '2024-03-30 21:00:33'),
(122, 24, 'uploads/custom-images/listing-gallery-2024-03-31-03-00-41-87660.webp', '2024-03-30 21:00:42', '2024-03-30 21:00:42'),
(123, 24, 'uploads/custom-images/listing-gallery-2024-03-31-03-00-42-39481.webp', '2024-03-30 21:00:42', '2024-03-30 21:00:42'),
(124, 25, 'uploads/custom-images/listing-gallery-2024-03-31-03-05-21-61730.webp', '2024-03-30 21:05:21', '2024-03-30 21:05:21'),
(125, 25, 'uploads/custom-images/listing-gallery-2024-03-31-03-05-21-85161.webp', '2024-03-30 21:05:22', '2024-03-30 21:05:22'),
(126, 25, 'uploads/custom-images/listing-gallery-2024-03-31-03-05-22-74652.webp', '2024-03-30 21:05:22', '2024-03-30 21:05:22'),
(127, 25, 'uploads/custom-images/listing-gallery-2024-03-31-03-05-22-11073.webp', '2024-03-30 21:05:22', '2024-03-30 21:05:22'),
(128, 25, 'uploads/custom-images/listing-gallery-2024-03-31-03-05-22-58814.webp', '2024-03-30 21:05:23', '2024-03-30 21:05:23'),
(129, 26, 'uploads/custom-images/listing-gallery-2024-03-31-03-13-55-26830.webp', '2024-03-30 21:13:56', '2024-03-30 21:13:56'),
(130, 26, 'uploads/custom-images/listing-gallery-2024-03-31-03-13-56-65391.webp', '2024-03-30 21:13:56', '2024-03-30 21:13:56'),
(131, 26, 'uploads/custom-images/listing-gallery-2024-03-31-03-13-56-98772.webp', '2024-03-30 21:13:56', '2024-03-30 21:13:56'),
(132, 26, 'uploads/custom-images/listing-gallery-2024-03-31-03-13-56-94173.webp', '2024-03-30 21:13:57', '2024-03-30 21:13:57'),
(133, 26, 'uploads/custom-images/listing-gallery-2024-03-31-03-13-57-81674.webp', '2024-03-30 21:13:57', '2024-03-30 21:13:57'),
(134, 28, 'uploads/custom-images/listing-gallery-2024-03-31-03-32-38-86690.webp', '2024-03-30 21:32:39', '2024-03-30 21:32:39'),
(135, 28, 'uploads/custom-images/listing-gallery-2024-03-31-03-32-39-16451.webp', '2024-03-30 21:32:39', '2024-03-30 21:32:39'),
(136, 28, 'uploads/custom-images/listing-gallery-2024-03-31-03-32-39-29622.webp', '2024-03-30 21:32:40', '2024-03-30 21:32:40'),
(137, 28, 'uploads/custom-images/listing-gallery-2024-03-31-03-32-40-14823.webp', '2024-03-30 21:32:40', '2024-03-30 21:32:40'),
(138, 28, 'uploads/custom-images/listing-gallery-2024-03-31-03-32-40-43794.webp', '2024-03-30 21:32:41', '2024-03-30 21:32:41'),
(139, 29, 'uploads/custom-images/listing-gallery-2024-03-31-03-34-47-32580.webp', '2024-03-30 21:34:47', '2024-03-30 21:34:47'),
(140, 29, 'uploads/custom-images/listing-gallery-2024-03-31-03-34-47-90441.webp', '2024-03-30 21:34:48', '2024-03-30 21:34:48'),
(141, 29, 'uploads/custom-images/listing-gallery-2024-03-31-03-34-48-61962.webp', '2024-03-30 21:34:48', '2024-03-30 21:34:48'),
(142, 29, 'uploads/custom-images/listing-gallery-2024-03-31-03-34-48-78863.webp', '2024-03-30 21:34:48', '2024-03-30 21:34:48'),
(143, 29, 'uploads/custom-images/listing-gallery-2024-03-31-03-34-48-90364.webp', '2024-03-30 21:34:49', '2024-03-30 21:34:49'),
(144, 30, 'uploads/custom-images/listing-gallery-2024-03-31-03-38-07-21760.webp', '2024-03-30 21:38:08', '2024-03-30 21:38:08'),
(145, 30, 'uploads/custom-images/listing-gallery-2024-03-31-03-38-08-38331.webp', '2024-03-30 21:38:08', '2024-03-30 21:38:08'),
(146, 30, 'uploads/custom-images/listing-gallery-2024-03-31-03-38-08-59582.webp', '2024-03-30 21:38:09', '2024-03-30 21:38:09'),
(147, 30, 'uploads/custom-images/listing-gallery-2024-03-31-03-38-09-34533.webp', '2024-03-30 21:38:09', '2024-03-30 21:38:09'),
(148, 30, 'uploads/custom-images/listing-gallery-2024-03-31-03-38-09-55734.webp', '2024-03-30 21:38:09', '2024-03-30 21:38:09'),
(149, 31, 'uploads/custom-images/listing-gallery-2024-03-31-03-41-30-48640.webp', '2024-03-30 21:41:30', '2024-03-30 21:41:30'),
(150, 31, 'uploads/custom-images/listing-gallery-2024-03-31-03-41-30-88941.webp', '2024-03-30 21:41:30', '2024-03-30 21:41:30'),
(151, 31, 'uploads/custom-images/listing-gallery-2024-03-31-03-41-30-53912.webp', '2024-03-30 21:41:31', '2024-03-30 21:41:31'),
(152, 31, 'uploads/custom-images/listing-gallery-2024-03-31-03-41-39-59050.webp', '2024-03-30 21:41:39', '2024-03-30 21:41:39'),
(153, 31, 'uploads/custom-images/listing-gallery-2024-03-31-03-41-39-87941.webp', '2024-03-30 21:41:40', '2024-03-30 21:41:40'),
(154, 32, 'uploads/custom-images/listing-gallery-2024-03-31-03-47-11-91580.webp', '2024-03-30 21:47:12', '2024-03-30 21:47:12'),
(155, 32, 'uploads/custom-images/listing-gallery-2024-03-31-03-47-12-46661.webp', '2024-03-30 21:47:12', '2024-03-30 21:47:12'),
(156, 32, 'uploads/custom-images/listing-gallery-2024-03-31-03-47-12-43842.webp', '2024-03-30 21:47:12', '2024-03-30 21:47:12'),
(157, 32, 'uploads/custom-images/listing-gallery-2024-03-31-03-47-18-79390.webp', '2024-03-30 21:47:18', '2024-03-30 21:47:18'),
(158, 32, 'uploads/custom-images/listing-gallery-2024-03-31-03-47-18-45701.webp', '2024-03-30 21:47:19', '2024-03-30 21:47:19'),
(159, 27, 'uploads/custom-images/listing-gallery-2024-03-31-04-12-04-83300.webp', '2024-03-30 22:12:04', '2024-03-30 22:12:04'),
(160, 27, 'uploads/custom-images/listing-gallery-2024-03-31-04-12-04-31661.webp', '2024-03-30 22:12:04', '2024-03-30 22:12:04'),
(161, 27, 'uploads/custom-images/listing-gallery-2024-03-31-04-12-04-26612.webp', '2024-03-30 22:12:05', '2024-03-30 22:12:05'),
(162, 27, 'uploads/custom-images/listing-gallery-2024-03-31-04-12-12-36140.webp', '2024-03-30 22:12:12', '2024-03-30 22:12:12'),
(163, 27, 'uploads/custom-images/listing-gallery-2024-03-31-04-12-12-13721.webp', '2024-03-30 22:12:13', '2024-03-30 22:12:13'),
(167, 6, 'uploads/custom-images/listing-gallery-2024-04-01-06-40-59-34480.webp', '2024-04-01 00:40:59', '2024-04-01 00:40:59'),
(168, 6, 'uploads/custom-images/listing-gallery-2024-04-01-06-40-59-57911.webp', '2024-04-01 00:41:00', '2024-04-01 00:41:00'),
(169, 6, 'uploads/custom-images/listing-gallery-2024-04-01-06-41-00-21542.webp', '2024-04-01 00:41:00', '2024-04-01 00:41:00'),
(170, 6, 'uploads/custom-images/listing-gallery-2024-04-01-06-41-00-69373.webp', '2024-04-01 00:41:00', '2024-04-01 00:41:00'),
(171, 6, 'uploads/custom-images/listing-gallery-2024-04-01-06-41-00-32584.webp', '2024-04-01 00:41:01', '2024-04-01 00:41:01'),
(172, 33, 'uploads/custom-images/listing-gallery-2024-04-01-06-43-19-78000.webp', '2024-04-01 00:43:20', '2024-04-01 00:43:20'),
(173, 33, 'uploads/custom-images/listing-gallery-2024-04-01-06-43-20-42941.webp', '2024-04-01 00:43:20', '2024-04-01 00:43:20'),
(175, 33, 'uploads/custom-images/listing-gallery-2024-04-01-06-43-21-63973.webp', '2024-04-01 00:43:21', '2024-04-01 00:43:21'),
(176, 33, 'uploads/custom-images/listing-gallery-2024-04-01-06-43-21-19074.webp', '2024-04-01 00:43:22', '2024-04-01 00:43:22'),
(181, 2, 'uploads/custom-images/file-name-17424615076535.jpg', '2025-03-20 09:05:07', '2025-03-20 09:05:07'),
(182, 2, 'uploads/custom-images/file-name-17424615077103.webp', '2025-03-20 09:05:07', '2025-03-20 09:05:07'),
(183, 2, 'uploads/custom-images/file-name-17424615075046.jpg', '2025-03-20 09:05:07', '2025-03-20 09:05:07'),
(184, 2, 'uploads/custom-images/file-name-17424615076287.jpg', '2025-03-20 09:05:07', '2025-03-20 09:05:07');

-- --------------------------------------------------------

--
-- Table structure for table `listing_reports`
--

CREATE TABLE `listing_reports` (
  `id` bigint UNSIGNED NOT NULL,
  `listing_id` int NOT NULL,
  `agent_id` int NOT NULL,
  `name` varchar(255) COLLATE utf8mb4_unicode_ci DEFAULT NULL,
  `email` varchar(255) COLLATE utf8mb4_unicode_ci DEFAULT NULL,
  `phone` varchar(255) COLLATE utf8mb4_unicode_ci DEFAULT NULL,
  `message` text COLLATE utf8mb4_unicode_ci,
  `created_at` timestamp NULL DEFAULT NULL,
  `updated_at` timestamp NULL DEFAULT NULL
) ENGINE=InnoDB DEFAULT CHARSET=utf8mb4 COLLATE=utf8mb4_unicode_ci;

--
-- Dumping data for table `listing_reports`
--

INSERT INTO `listing_reports` (`id`, `listing_id`, `agent_id`, `name`, `email`, `phone`, `message`, `created_at`, `updated_at`) VALUES
(3, 13, 2, 'John Doe', 'user@gmail.com', NULL, 'Lorem ipsum dolor sit amet, nibh saperet te pri, at nam diceret disputationi. Quo an consul impedit, usu possim evertitur dissentiet ei, ridens minimum nominavi et vix. An per mutat adipisci.', '2024-03-30 22:18:52', '2024-03-30 22:18:52'),
(4, 6, 2, 'David Simmons', 'david@gmail.com', NULL, 'Lorem ipsum dolor sit amet, nibh saperet te pri, at nam diceret disputationi. Quo an consul impedit, usu possim evertitur dissentiet ei, ridens minimum nominavi et vix. An per mutat adipisci.', '2024-03-30 22:19:56', '2024-03-30 22:19:56');

-- --------------------------------------------------------

--
-- Table structure for table `listing_translations`
--

CREATE TABLE `listing_translations` (
  `id` bigint UNSIGNED NOT NULL,
  `listing_id` int NOT NULL,
  `lang_code` varchar(255) COLLATE utf8mb4_unicode_ci NOT NULL,
  `title` varchar(255) COLLATE utf8mb4_unicode_ci NOT NULL,
  `description` longtext COLLATE utf8mb4_unicode_ci NOT NULL,
  `video_description` text COLLATE utf8mb4_unicode_ci,
  `address` text COLLATE utf8mb4_unicode_ci NOT NULL,
  `seo_title` text COLLATE utf8mb4_unicode_ci,
  `seo_description` text COLLATE utf8mb4_unicode_ci,
  `created_at` timestamp NULL DEFAULT NULL,
  `updated_at` timestamp NULL DEFAULT NULL
) ENGINE=InnoDB DEFAULT CHARSET=utf8mb4 COLLATE=utf8mb4_unicode_ci;

--
-- Dumping data for table `listing_translations`
--

INSERT INTO `listing_translations` (`id`, `listing_id`, `lang_code`, `title`, `description`, `video_description`, `address`, `seo_title`, `seo_description`, `created_at`, `updated_at`) VALUES
(1, 1, 'en', 'Adorable Backpacks for Your Little Scholar', '<p>How the adventure ended will be seen anon. Aouda was anxious, though she said nothing. As for Passepartout, he thought Mr Fogg&rsquo;s manoeuvre simply glorious. The captain had said &ldquo;between eleven and twelve knots,&rdquo; and the Henrietta confirmed his prediction.If, then&mdash;for there were &ldquo;ifs&rdquo; still&mdash;the sea did not become too boisterous, if the wind did not veer round to the east if no accident happened to the boat or its machinery.</p>\r\n<p>The Henrietta might cross the three thousand miles from New York to Liverpool in the nine days, between the 12th and the 21 st of December. It is true that, once arrived, the affair on board the Henrietta.</p>', NULL, 'Shiloh, London, United Kingdom', 'Adorable Backpacks for Your Little Scholar', 'Adorable Backpacks for Your Little Scholar', '2024-03-29 23:22:21', '2024-04-03 00:07:10'),
(2, 1, 'hd', 'Low angle woman with headphones', '<p>How the adventure ended will be seen anon. Aouda was anxious, though she said nothing. As for Passepartout, he thought Mr Fogg&rsquo;s manoeuvre simply glorious. The captain had said &ldquo;between eleven and twelve knots,&rdquo; and the Henrietta confirmed his prediction.If, then&mdash;for there were &ldquo;ifs&rdquo; still&mdash;the sea did not become too boisterous, if the wind did not veer round to the east if no accident happened to the boat or its machinery.</p>\r\n<p>The Henrietta might cross the three thousand miles from New York to Liverpool in the nine days, between the 12th and the 21 st of December. It is true that, once arrived, the affair on board the Henrietta.</p>', NULL, '1901 Thornridge Cir. Shiloh, London, United Kingdom', 'Low angle woman with headphones', 'Low angle woman with headphones', '2024-03-29 23:22:21', '2024-03-29 23:23:01'),
(3, 2, 'en', 'Stylish and Affordable Gently Used Shoes', '<p>Lorem ipsum dolor sit amet, nibh saperet te pri, at nam diceret disputationi. Quo an consul impedit, usu possim evertitur dissentiet ei, ridens minimum nominavi et vix. An per mutat adipisci. Ut pericula dissentias sed, est ea modus gloriatur. Aliquip persius has cu, oportere adversarium mei an, justo fabulas in vix.</p>\r\n<p>Nec in rebum primis causae. Affert iisque ex pri, vis utinam vivendo definitionem ad, nostrum omnesque per et. Omnium antiopam cotidieque cu sit. Id pri placerat voluptatum, vero dicunt dissentiunt eum et, adhuc iisque vis no. Eu suavitate contentiones definitionem mel, ex vide insolens ocurreret eam. Et dico blandit mea. Sea tollit vidisse mandamus te, qui movet efficiendi ex.</p>', NULL, 'Los Angeles, CA, USA', 'Stylish and Affordable Gently Used Shoes', 'Stylish and Affordable Gently Used Shoes', '2024-03-29 23:46:51', '2024-03-29 23:47:07'),
(4, 2, 'hd', 'Stylish and Affordable Gently Used Shoes', '&lt;p&gt;Lorem ipsum dolor sit amet, nibh saperet te pri, at nam diceret disputationi. Quo an consul impedit, usu possim evertitur dissentiet ei, ridens minimum nominavi et vix. An per mutat adipisci. Ut pericula dissentias sed, est ea modus gloriatur. Aliquip persius has cu, oportere adversarium mei an, justo fabulas in vix.&lt;/p&gt;\r\n&lt;p&gt;Nec in rebum primis causae. Affert iisque ex pri, vis utinam vivendo definitionem ad, nostrum omnesque per et. Omnium antiopam cotidieque cu sit. Id pri placerat voluptatum, vero dicunt dissentiunt eum et, adhuc iisque vis no. Eu suavitate contentiones definitionem mel, ex vide insolens ocurreret eam. Et dico blandit mea. Sea tollit vidisse mandamus te, qui movet efficiendi ex.&lt;/p&gt;', NULL, 'Los Angeles, CA, USA', 'Stylish and Affordable Gently Used Shoes', 'Stylish and Affordable Gently Used Shoes', '2024-03-29 23:46:51', '2024-03-29 23:46:51'),
(7, 4, 'en', 'Powerful Air Cooler for Sale', '<p>Quo id nemore dignissim persequeris, unum melius option ei vix, oratio vidisse eam ei. Altera neglegentur cum te. Latine probatus cum cu. Vim dicta sonet intellegebat ne, ei mazim decore eleifend nam, no malis soleat usu. Est ei tale praesent, ad nibh iudicabit has.</p>\r\n<p>Consetetur definitionem cu mea, usu legere minimum ne. Pro epicurei constituam ne, atqui lucilius indoctum nam id. Eu timeam volumus vel, eos te movet complectitur, te causae saperet eam. Minimum probatus vim te, eu eum ancillae mentitum comprehensam. Tantas decore adipisci vix no.</p>\r\n<p>Ut qui eligendi urbanitas. Assum periculis te mel, libris quidam te sit. Qui nisl nemore eleifend id, in illud ullum sea. Ut nusquam sapientem comprehensam ius. His molestie complectitur ex.</p>\r\n<p>Ei usu malis aeque efficiantur. Mazim dolor denique duo ad, augue ornatus sententiae vel at, duo id sumo vulputate. His legimus assueverit ut, commune maluisset deterruisset id mel. Oblique volumus eos ut, quo autem posidonium definitiones cu. Cu usu lorem consul concludaturque, pro ea fuisset consectetuer. Ex aeterno forensibus has, dicta propriae est ei, ex alterum apeirian quo.</p>', NULL, 'Shiloh, London, United Kingdom', 'Powerful Air Cooler for Sale', 'Powerful Air Cooler for Sale', '2024-03-30 00:03:01', '2024-03-30 00:04:07'),
(8, 4, 'hd', 'Powerful Air Cooler for Sale', '&lt;p&gt;Quo id nemore dignissim persequeris, unum melius option ei vix, oratio vidisse eam ei. Altera neglegentur cum te. Latine probatus cum cu. Vim dicta sonet intellegebat ne, ei mazim decore eleifend nam, no malis soleat usu. Est ei tale praesent, ad nibh iudicabit has.&lt;/p&gt;\r\n&lt;p&gt;Consetetur definitionem cu mea, usu legere minimum ne. Pro epicurei constituam ne, atqui lucilius indoctum nam id. Eu timeam volumus vel, eos te movet complectitur, te causae saperet eam. Minimum probatus vim te, eu eum ancillae mentitum comprehensam. Tantas decore adipisci vix no.&lt;/p&gt;\r\n&lt;p&gt;Ut qui eligendi urbanitas. Assum periculis te mel, libris quidam te sit. Qui nisl nemore eleifend id, in illud ullum sea. Ut nusquam sapientem comprehensam ius. His molestie complectitur ex.&lt;/p&gt;\r\n&lt;p&gt;Ei usu malis aeque efficiantur. Mazim dolor denique duo ad, augue ornatus sententiae vel at, duo id sumo vulputate. His legimus assueverit ut, commune maluisset deterruisset id mel. Oblique volumus eos ut, quo autem posidonium definitiones cu. Cu usu lorem consul concludaturque, pro ea fuisset consectetuer. Ex aeterno forensibus has, dicta propriae est ei, ex alterum apeirian quo.&lt;/p&gt;', NULL, 'Shiloh, London, United Kingdom', 'Powerful Air Cooler for Sale', 'Powerful Air Cooler for Sale', '2024-03-30 00:03:01', '2024-03-30 00:03:01'),
(9, 5, 'en', 'Top-Quality Used Tea Cup for Your Kitchen', '<p>Lorem ipsum dolor sit amet, nibh saperet te pri, at nam diceret disputationi. Quo an consul impedit, usu possim evertitur dissentiet ei, ridens minimum nominavi et vix. An per mutat adipisci. Ut pericula dissentias sed, est ea modus gloriatur. Aliquip persius has cu, oportere adversarium mei an, justo fabulas in vix.</p>\r\n<p>Doming aliquid te pro. Mei et quodsi ornatus praesent, summo debet vis eu, dolor soleat nostrud sea eu. Cu altera possim sanctus est. Ea iriure repudiandae per, no eam legendos consectetuer. Mel at justo doming voluptatum. Mel mentitum fabellas deserunt no, et duo amet unum appetere.</p>\r\n<p>Consetetur definitionem cu mea, usu legere minimum ne. Pro epicurei constituam ne, atqui lucilius indoctum nam id. Eu timeam volumus vel, eos te movet complectitur, te causae saperet eam. Minimum probatus vim te, eu eum ancillae mentitum comprehensam. Tantas decore adipisci vix no.</p>\r\n<p>Ut qui eligendi urbanitas. Assum periculis te mel, libris quidam te sit. Qui nisl nemore eleifend id, in illud ullum sea. Ut nusquam sapientem comprehensam ius. His molestie complectitur ex.</p>', NULL, 'Los Angeles, CA, USA', 'Top-Quality Used Tea Cup for Your Kitchen', 'Top-Quality Used Tea Cup for Your Kitchen', '2024-03-30 00:12:06', '2024-04-03 00:04:45'),
(10, 5, 'hd', 'Effortless Cooking: Top-Quality Oven for Your Kitchen', '<p>Lorem ipsum dolor sit amet, nibh saperet te pri, at nam diceret disputationi. Quo an consul impedit, usu possim evertitur dissentiet ei, ridens minimum nominavi et vix. An per mutat adipisci. Ut pericula dissentias sed, est ea modus gloriatur. Aliquip persius has cu, oportere adversarium mei an, justo fabulas in vix.</p>\r\n<p>Doming aliquid te pro. Mei et quodsi ornatus praesent, summo debet vis eu, dolor soleat nostrud sea eu. Cu altera possim sanctus est. Ea iriure repudiandae per, no eam legendos consectetuer. Mel at justo doming voluptatum. Mel mentitum fabellas deserunt no, et duo amet unum appetere.</p>\r\n<p>Consetetur definitionem cu mea, usu legere minimum ne. Pro epicurei constituam ne, atqui lucilius indoctum nam id. Eu timeam volumus vel, eos te movet complectitur, te causae saperet eam. Minimum probatus vim te, eu eum ancillae mentitum comprehensam. Tantas decore adipisci vix no.</p>\r\n<p>Ut qui eligendi urbanitas. Assum periculis te mel, libris quidam te sit. Qui nisl nemore eleifend id, in illud ullum sea. Ut nusquam sapientem comprehensam ius. His molestie complectitur ex.</p>', NULL, 'Los Angeles, CA, USA', 'Effortless Cooking: Top-Quality Oven for Your Kitchen', 'Effortless Cooking: Top-Quality Oven for Your Kitchen', '2024-03-30 00:12:06', '2024-03-30 00:12:06'),
(11, 6, 'en', 'Keep it Fresh: Reliable Rice-cooker for Sale', '<p>Quo id nemore dignissim persequeris, unum melius option ei vix, oratio vidisse eam ei. Altera neglegentur cum te. Latine probatus cum cu. Vim dicta sonet intellegebat ne, ei mazim decore eleifend nam, no malis soleat usu. Est ei tale praesent, ad nibh iudicabit has.</p>\r\n<p>Consetetur definitionem cu mea, usu legere minimum ne. Pro epicurei constituam ne, atqui lucilius indoctum nam id. Eu timeam volumus vel, eos te movet complectitur, te causae saperet eam. Minimum probatus vim te, eu eum ancillae mentitum comprehensam. Tantas decore adipisci vix no.</p>\r\n<p>Ut qui eligendi urbanitas. Assum periculis te mel, libris quidam te sit. Qui nisl nemore eleifend id, in illud ullum sea. Ut nusquam sapientem comprehensam ius. His molestie complectitur ex.</p>\r\n<p>Ei usu malis aeque efficiantur. Mazim dolor denique duo ad, augue ornatus sententiae vel at, duo id sumo vulputate. His legimus assueverit ut, commune maluisset deterruisset id mel. Oblique volumus eos ut, quo autem posidonium definitiones cu. Cu usu lorem consul concludaturque, pro ea fuisset consectetuer. Ex aeterno forensibus has, dicta propriae est ei, ex alterum apeirian quo.</p>', NULL, 'Los Angeles, CA, USA', 'Keep it Fresh: Reliable Ricecooker for Sale', 'Keep it Fresh: Reliable Ricecooker for Sale', '2024-03-30 00:16:50', '2024-04-03 00:05:34'),
(12, 6, 'hd', 'Keep it Fresh: Reliable Fridge for Sale', '<p>Quo id nemore dignissim persequeris, unum melius option ei vix, oratio vidisse eam ei. Altera neglegentur cum te. Latine probatus cum cu. Vim dicta sonet intellegebat ne, ei mazim decore eleifend nam, no malis soleat usu. Est ei tale praesent, ad nibh iudicabit has.</p>\r\n<p>Consetetur definitionem cu mea, usu legere minimum ne. Pro epicurei constituam ne, atqui lucilius indoctum nam id. Eu timeam volumus vel, eos te movet complectitur, te causae saperet eam. Minimum probatus vim te, eu eum ancillae mentitum comprehensam. Tantas decore adipisci vix no.</p>\r\n<p>Ut qui eligendi urbanitas. Assum periculis te mel, libris quidam te sit. Qui nisl nemore eleifend id, in illud ullum sea. Ut nusquam sapientem comprehensam ius. His molestie complectitur ex.</p>\r\n<p>Ei usu malis aeque efficiantur. Mazim dolor denique duo ad, augue ornatus sententiae vel at, duo id sumo vulputate. His legimus assueverit ut, commune maluisset deterruisset id mel. Oblique volumus eos ut, quo autem posidonium definitiones cu. Cu usu lorem consul concludaturque, pro ea fuisset consectetuer. Ex aeterno forensibus has, dicta propriae est ei, ex alterum apeirian quo.</p>', NULL, 'Los Angeles, CA, USA', 'Keep it Fresh: Reliable Fridge for Sale', 'Keep it Fresh: Reliable Fridge for Sale', '2024-03-30 00:16:50', '2024-03-30 00:16:50'),
(13, 7, 'en', 'Premium Headphones for Crystal Clear Sound', '<p>How the adventure ended will be seen anon. Aouda was anxious, though she said nothing. As for Passepartout, he thought Mr Fogg&rsquo;s manoeuvre simply glorious. The captain had said &ldquo;between eleven and twelve knots,&rdquo; and the Henrietta confirmed his prediction.If, then&mdash;for there were &ldquo;ifs&rdquo; still&mdash;the sea did not become too boisterous, if the wind did not veer round to the east if no accident happened to the boat or its machinery.</p>\r\n<p>The Henrietta might cross the three thousand miles from New York to Liverpool in the nine days, between the 12th and the 21 st of December. It is true that, once arrived, the affair on board the Henrietta.</p>\r\n<p>Lorem ipsum dolor sit amet, nibh saperet te pri, at nam diceret disputationi. Quo an consul impedit, usu possim evertitur dissentiet ei, ridens minimum nominavi et vix. An per mutat adipisci. Ut pericula dissentias sed, est ea modus gloriatur. Aliquip persius has cu, oportere adversarium mei an, justo fabulas in vix.</p>\r\n<p>Nec in rebum primis causae. Affert iisque ex pri, vis utinam vivendo definitionem ad, nostrum omnesque per et. Omnium antiopam cotidieque cu sit. Id pri placerat voluptatum, vero dicunt dissentiunt eum et, adhuc iisque vis no. Eu suavitate contentiones definitionem mel, ex vide insolens ocurreret eam. Et dico blandit mea. Sea tollit vidisse mandamus te, qui movet efficiendi ex.</p>', NULL, 'Los Angeles, CA, USA', 'Premium Headphones for Crystal Clear Sound', 'Premium Headphones for Crystal Clear Sound', '2024-03-30 00:20:50', '2024-03-30 00:20:50'),
(14, 7, 'hd', 'Premium Headphones for Crystal Clear Sound', '<p>How the adventure ended will be seen anon. Aouda was anxious, though she said nothing. As for Passepartout, he thought Mr Fogg&rsquo;s manoeuvre simply glorious. The captain had said &ldquo;between eleven and twelve knots,&rdquo; and the Henrietta confirmed his prediction.If, then&mdash;for there were &ldquo;ifs&rdquo; still&mdash;the sea did not become too boisterous, if the wind did not veer round to the east if no accident happened to the boat or its machinery.</p>\r\n<p>The Henrietta might cross the three thousand miles from New York to Liverpool in the nine days, between the 12th and the 21 st of December. It is true that, once arrived, the affair on board the Henrietta.</p>\r\n<p>Lorem ipsum dolor sit amet, nibh saperet te pri, at nam diceret disputationi. Quo an consul impedit, usu possim evertitur dissentiet ei, ridens minimum nominavi et vix. An per mutat adipisci. Ut pericula dissentias sed, est ea modus gloriatur. Aliquip persius has cu, oportere adversarium mei an, justo fabulas in vix.</p>\r\n<p>Nec in rebum primis causae. Affert iisque ex pri, vis utinam vivendo definitionem ad, nostrum omnesque per et. Omnium antiopam cotidieque cu sit. Id pri placerat voluptatum, vero dicunt dissentiunt eum et, adhuc iisque vis no. Eu suavitate contentiones definitionem mel, ex vide insolens ocurreret eam. Et dico blandit mea. Sea tollit vidisse mandamus te, qui movet efficiendi ex.</p>', NULL, 'Los Angeles, CA, USA', 'Premium Headphones for Crystal Clear Sound', 'Premium Headphones for Crystal Clear Sound', '2024-03-30 00:20:50', '2024-03-30 00:20:50'),
(15, 8, 'en', 'Quality Gym Equipment for Sale', '<p>Lorem ipsum dolor sit amet, nibh saperet te pri, at nam diceret disputationi. Quo an consul impedit, usu possim evertitur dissentiet ei, ridens minimum nominavi et vix. An per mutat adipisci. Ut pericula dissentias sed, est ea modus gloriatur. Aliquip persius has cu, oportere adversarium mei an, justo fabulas in vix.</p>\r\n<p>Nec in rebum primis causae. Affert iisque ex pri, vis utinam vivendo definitionem ad, nostrum omnesque per et. Omnium antiopam cotidieque cu sit. Id pri placerat voluptatum, vero dicunt dissentiunt eum et, adhuc iisque vis no. Eu suavitate contentiones definitionem mel, ex vide insolens ocurreret eam. Et dico blandit mea. Sea tollit vidisse mandamus te, qui movet efficiendi ex.</p>', NULL, 'Chandra, California, USA', 'Quality Gym Equipment for Sale', 'Quality Gym Equipment for Sale', '2024-03-30 00:30:45', '2024-04-03 00:02:32'),
(16, 8, 'hd', 'Quality Gym Equipment for Sale', '&lt;p&gt;Lorem ipsum dolor sit amet, nibh saperet te pri, at nam diceret disputationi. Quo an consul impedit, usu possim evertitur dissentiet ei, ridens minimum nominavi et vix. An per mutat adipisci. Ut pericula dissentias sed, est ea modus gloriatur. Aliquip persius has cu, oportere adversarium mei an, justo fabulas in vix.&lt;/p&gt;\r\n&lt;p&gt;Nec in rebum primis causae. Affert iisque ex pri, vis utinam vivendo definitionem ad, nostrum omnesque per et. Omnium antiopam cotidieque cu sit. Id pri placerat voluptatum, vero dicunt dissentiunt eum et, adhuc iisque vis no. Eu suavitate contentiones definitionem mel, ex vide insolens ocurreret eam. Et dico blandit mea. Sea tollit vidisse mandamus te, qui movet efficiendi ex.&lt;/p&gt;', NULL, 'Chandra, California, USA', 'Quality Gym Equipment for Sale', 'Quality Gym Equipment for Sale', '2024-03-30 00:30:45', '2024-03-30 00:30:45'),
(17, 9, 'en', 'Essential Equipment for Fitness Enthusiasts', '<p>Quo id nemore dignissim persequeris, unum melius option ei vix, oratio vidisse eam ei. Altera neglegentur cum te. Latine probatus cum cu. Vim dicta sonet intellegebat ne, ei mazim decore eleifend nam, no malis soleat usu. Est ei tale praesent, ad nibh iudicabit has.</p>\r\n<p>Consetetur definitionem cu mea, usu legere minimum ne. Pro epicurei constituam ne, atqui lucilius indoctum nam id. Eu timeam volumus vel, eos te movet complectitur, te causae saperet eam. Minimum probatus vim te, eu eum ancillae mentitum comprehensam. Tantas decore adipisci vix no.</p>\r\n<p>Ut qui eligendi urbanitas. Assum periculis te mel, libris quidam te sit. Qui nisl nemore eleifend id, in illud ullum sea. Ut nusquam sapientem comprehensam ius. His molestie complectitur ex.</p>\r\n<p>Ei usu malis aeque efficiantur. Mazim dolor denique duo ad, augue ornatus sententiae vel at, duo id sumo vulputate. His legimus assueverit ut, commune maluisset deterruisset id mel. Oblique volumus eos ut, quo autem posidonium definitiones cu. Cu usu lorem consul concludaturque, pro ea fuisset consectetuer. Ex aeterno forensibus has, dicta propriae est ei, ex alterum apeirian quo.</p>', NULL, 'Chandra, California, USA', 'Essential Equipment for Fitness Enthusiasts', 'Essential Equipment for Fitness Enthusiasts', '2024-03-30 00:38:40', '2024-03-30 00:38:40'),
(18, 9, 'hd', 'Essential Equipment for Fitness Enthusiasts', '<p>Quo id nemore dignissim persequeris, unum melius option ei vix, oratio vidisse eam ei. Altera neglegentur cum te. Latine probatus cum cu. Vim dicta sonet intellegebat ne, ei mazim decore eleifend nam, no malis soleat usu. Est ei tale praesent, ad nibh iudicabit has.</p>\r\n<p>Consetetur definitionem cu mea, usu legere minimum ne. Pro epicurei constituam ne, atqui lucilius indoctum nam id. Eu timeam volumus vel, eos te movet complectitur, te causae saperet eam. Minimum probatus vim te, eu eum ancillae mentitum comprehensam. Tantas decore adipisci vix no.</p>\r\n<p>Ut qui eligendi urbanitas. Assum periculis te mel, libris quidam te sit. Qui nisl nemore eleifend id, in illud ullum sea. Ut nusquam sapientem comprehensam ius. His molestie complectitur ex.</p>\r\n<p>Ei usu malis aeque efficiantur. Mazim dolor denique duo ad, augue ornatus sententiae vel at, duo id sumo vulputate. His legimus assueverit ut, commune maluisset deterruisset id mel. Oblique volumus eos ut, quo autem posidonium definitiones cu. Cu usu lorem consul concludaturque, pro ea fuisset consectetuer. Ex aeterno forensibus has, dicta propriae est ei, ex alterum apeirian quo.</p>', NULL, 'Chandra, California, USA', 'Essential Equipment for Fitness Enthusiasts', 'Essential Equipment for Fitness Enthusiasts', '2024-03-30 00:38:40', '2024-03-30 00:38:40'),
(19, 10, 'en', 'High-Performance 34\" Monitor for Sale', '<p>Per ex vero nonumy. Ius eu doming nominavi mediocrem, aliquid efficiantur no vim, sanctus admodum mnesarchum ad pro. No sea invidunt partiendo. No postea numquam ocurreret duo, unum abhorreant cu nam, fugit fastidii percipitur nam id.</p>\r\n<p>Sit vivendum eleifend adipiscing ea. Modus legere suscipiantur an vel, melius patrioque est cu, eum at audire probatus repudiandae. Ei tempor definitiones eam, sea dico omnium ne. Eam ad ubique tincidunt elaboraret, malis aperiri sit et. Ut quo vero inimicus. Sed at munere fuisset noluisse, eleifend senserit an vix.</p>\r\n<p>Sint dignissim consectetuer nec et, per ad probatus referrentur, vel cu consequat sententiae. Ad duis fugit dictas mea, et cum stet oratio cetero. Ne pri omittam fastidii. No per harum dicant neglegentur, sea ei esse volumus adolescens. Nulla argumentum at pri, vel apeirian principes in. An dicam dicant consul mea, ne per option appetere argumentum, vim legere senserit et.</p>', NULL, 'Los Angeles, CA, USA', 'High-Performance 34\" Monitor for Sale', 'High-Performance 34\" Monitor for Sale', '2024-03-30 00:46:05', '2024-03-30 00:50:16'),
(20, 10, 'hd', 'High-Performance 34&quot; Monitor for Sale', '&lt;p&gt;Per ex vero nonumy. Ius eu doming nominavi mediocrem, aliquid efficiantur no vim, sanctus admodum mnesarchum ad pro. No sea invidunt partiendo. No postea numquam ocurreret duo, unum abhorreant cu nam, fugit fastidii percipitur nam id.&lt;/p&gt;\r\n&lt;p&gt;Sit vivendum eleifend adipiscing ea. Modus legere suscipiantur an vel, melius patrioque est cu, eum at audire probatus repudiandae. Ei tempor definitiones eam, sea dico omnium ne. Eam ad ubique tincidunt elaboraret, malis aperiri sit et. Ut quo vero inimicus. Sed at munere fuisset noluisse, eleifend senserit an vix.&lt;/p&gt;\r\n&lt;p&gt;Sint dignissim consectetuer nec et, per ad probatus referrentur, vel cu consequat sententiae. Ad duis fugit dictas mea, et cum stet oratio cetero. Ne pri omittam fastidii. No per harum dicant neglegentur, sea ei esse volumus adolescens. Nulla argumentum at pri, vel apeirian principes in. An dicam dicant consul mea, ne per option appetere argumentum, vim legere senserit et.&lt;/p&gt;', NULL, 'Los Angeles, CA, USA', 'High-Performance 34&quot; Monitor for Sale', 'High-Performance 34&quot; Monitor for Sale', '2024-03-30 00:46:06', '2024-03-30 00:46:06'),
(21, 11, 'en', 'Premium Used Earbuds for Sale', '<p>Doming aliquid te pro. Mei et quodsi ornatus praesent, summo debet vis eu, dolor soleat nostrud sea eu. Cu altera possim sanctus est. Ea iriure repudiandae per, no eam legendos consectetuer. Mel at justo doming voluptatum. Mel mentitum fabellas deserunt no, et duo amet unum appetere.</p>\r\n<p>Quo id nemore dignissim persequeris, unum melius option ei vix, oratio vidisse eam ei. Altera neglegentur cum te. Latine probatus cum cu. Vim dicta sonet intellegebat ne, ei mazim decore eleifend nam, no malis soleat usu. Est ei tale praesent, ad nibh iudicabit has.</p>\r\n<p>Lorem ipsum dolor sit amet, nibh saperet te pri, at nam diceret disputationi. Quo an consul impedit, usu possim evertitur dissentiet ei, ridens minimum nominavi et vix. An per mutat adipisci. Ut pericula dissentias sed, est ea modus gloriatur. Aliquip persius has cu, oportere adversarium mei an, justo fabulas in vix.</p>', NULL, 'Shiloh, London, United Kingdom', 'Premium Used Earbuds for Sale', 'Premium Used Earbuds for Sale', '2024-03-30 00:54:13', '2024-04-03 00:00:59'),
(22, 11, 'hd', 'Premium Used Earbuds for Sale', '&lt;p&gt;Doming aliquid te pro. Mei et quodsi ornatus praesent, summo debet vis eu, dolor soleat nostrud sea eu. Cu altera possim sanctus est. Ea iriure repudiandae per, no eam legendos consectetuer. Mel at justo doming voluptatum. Mel mentitum fabellas deserunt no, et duo amet unum appetere.&lt;/p&gt;\r\n&lt;p&gt;Quo id nemore dignissim persequeris, unum melius option ei vix, oratio vidisse eam ei. Altera neglegentur cum te. Latine probatus cum cu. Vim dicta sonet intellegebat ne, ei mazim decore eleifend nam, no malis soleat usu. Est ei tale praesent, ad nibh iudicabit has.&lt;/p&gt;\r\n&lt;p&gt;Lorem ipsum dolor sit amet, nibh saperet te pri, at nam diceret disputationi. Quo an consul impedit, usu possim evertitur dissentiet ei, ridens minimum nominavi et vix. An per mutat adipisci. Ut pericula dissentias sed, est ea modus gloriatur. Aliquip persius has cu, oportere adversarium mei an, justo fabulas in vix.&lt;/p&gt;', NULL, 'Shiloh, London, United Kingdom', 'Premium Used Earbuds for Sale', 'Premium Used Earbuds for Sale', '2024-03-30 00:54:13', '2024-03-30 00:54:13'),
(23, 12, 'en', 'Premium Computer Speakers Available', '<p>Lorem ipsum dolor sit amet, nibh saperet te pri, at nam diceret disputationi. Quo an consul impedit, usu possim evertitur dissentiet ei, ridens minimum nominavi et vix. An per mutat adipisci. Ut pericula dissentias sed, est ea modus gloriatur. Aliquip persius has cu, oportere adversarium mei an, justo fabulas in vix.</p>\r\n<p>Nec in rebum primis causae. Affert iisque ex pri, vis utinam vivendo definitionem ad, nostrum omnesque per et. Omnium antiopam cotidieque cu sit. Id pri placerat voluptatum, vero dicunt dissentiunt eum et, adhuc iisque vis no. Eu suavitate contentiones definitionem mel, ex vide insolens ocurreret eam. Et dico blandit mea. Sea tollit vidisse mandamus te, qui movet efficiendi ex.</p>\r\n<p>Consetetur definitionem cu mea, usu legere minimum ne. Pro epicurei constituam ne, atqui lucilius indoctum nam id. Eu timeam volumus vel, eos te movet complectitur, te causae saperet eam. Minimum probatus vim te, eu eum ancillae mentitum comprehensam. Tantas decore adipisci vix no.</p>\r\n<p>Ei usu malis aeque efficiantur. Mazim dolor denique duo ad, augue ornatus sententiae vel at, duo id sumo vulputate. His legimus assueverit ut, commune maluisset deterruisset id mel. Oblique volumus eos ut, quo autem posidonium definitiones cu. Cu usu lorem consul concludaturque, pro ea fuisset consectetuer. Ex aeterno forensibus has, dicta propriae est ei, ex alterum apeirian quo.</p>', NULL, 'Los Angeles, CA, USA', 'Premium Computer Speakers Available Now', 'Premium Computer Speakers Available Now', '2024-03-30 00:59:17', '2024-03-30 00:59:49'),
(24, 12, 'hd', 'Premium Computer Speakers Available Now', '<p>Lorem ipsum dolor sit amet, nibh saperet te pri, at nam diceret disputationi. Quo an consul impedit, usu possim evertitur dissentiet ei, ridens minimum nominavi et vix. An per mutat adipisci. Ut pericula dissentias sed, est ea modus gloriatur. Aliquip persius has cu, oportere adversarium mei an, justo fabulas in vix.</p>\r\n<p>Nec in rebum primis causae. Affert iisque ex pri, vis utinam vivendo definitionem ad, nostrum omnesque per et. Omnium antiopam cotidieque cu sit. Id pri placerat voluptatum, vero dicunt dissentiunt eum et, adhuc iisque vis no. Eu suavitate contentiones definitionem mel, ex vide insolens ocurreret eam. Et dico blandit mea. Sea tollit vidisse mandamus te, qui movet efficiendi ex.</p>\r\n<p>Consetetur definitionem cu mea, usu legere minimum ne. Pro epicurei constituam ne, atqui lucilius indoctum nam id. Eu timeam volumus vel, eos te movet complectitur, te causae saperet eam. Minimum probatus vim te, eu eum ancillae mentitum comprehensam. Tantas decore adipisci vix no.</p>\r\n<p>Ei usu malis aeque efficiantur. Mazim dolor denique duo ad, augue ornatus sententiae vel at, duo id sumo vulputate. His legimus assueverit ut, commune maluisset deterruisset id mel. Oblique volumus eos ut, quo autem posidonium definitiones cu. Cu usu lorem consul concludaturque, pro ea fuisset consectetuer. Ex aeterno forensibus has, dicta propriae est ei, ex alterum apeirian quo.</p>', NULL, 'Los Angeles, CA, USA', 'Premium Computer Speakers Available Now', 'Premium Computer Speakers Available Now', '2024-03-30 00:59:17', '2024-03-30 00:59:17'),
(25, 13, 'en', 'Professional DSLR New Camera for Sale', '<p>Consetetur definitionem cu mea, usu legere minimum ne. Pro epicurei constituam ne, atqui lucilius indoctum nam id. Eu timeam volumus vel, eos te movet complectitur, te causae saperet eam. Minimum probatus vim te, eu eum ancillae mentitum comprehensam. Tantas decore adipisci vix no.</p>\r\n<p>Ei usu malis aeque efficiantur. Mazim dolor denique duo ad, augue ornatus sententiae vel at, duo id sumo vulputate. His legimus assueverit ut, commune maluisset deterruisset id mel. Oblique volumus eos ut, quo autem posidonium definitiones cu. Cu usu lorem consul concludaturque, pro ea fuisset consectetuer. Ex aeterno forensibus has, dicta propriae est ei, ex alterum apeirian quo.</p>\r\n<p>Ipsum volumus pertinax mea ut, eu erat tacimates nam. Tibique copiosae verterem mea no, eam ex melius option, soluta timeam et his. Sit simul gubergren reformidans id, amet minimum nominavi eos ea. Et augue dicta vix. Mea ne utamur referrentur.</p>', NULL, 'Los Angeles, CA, USA', 'Professional DSLR New Camera for Sale', 'Professional DSLR New Camera for Sale', '2024-03-30 01:03:50', '2024-12-08 09:30:29'),
(26, 13, 'hd', 'Professional DSLR New Camera for Sale', '&lt;p&gt;Consetetur definitionem cu mea, usu legere minimum ne. Pro epicurei constituam ne, atqui lucilius indoctum nam id. Eu timeam volumus vel, eos te movet complectitur, te causae saperet eam. Minimum probatus vim te, eu eum ancillae mentitum comprehensam. Tantas decore adipisci vix no.&lt;/p&gt;\r\n&lt;p&gt;Ei usu malis aeque efficiantur. Mazim dolor denique duo ad, augue ornatus sententiae vel at, duo id sumo vulputate. His legimus assueverit ut, commune maluisset deterruisset id mel. Oblique volumus eos ut, quo autem posidonium definitiones cu. Cu usu lorem consul concludaturque, pro ea fuisset consectetuer. Ex aeterno forensibus has, dicta propriae est ei, ex alterum apeirian quo.&lt;/p&gt;\r\n&lt;p&gt;Ipsum volumus pertinax mea ut, eu erat tacimates nam. Tibique copiosae verterem mea no, eam ex melius option, soluta timeam et his. Sit simul gubergren reformidans id, amet minimum nominavi eos ea. Et augue dicta vix. Mea ne utamur referrentur.&lt;/p&gt;', NULL, 'Los Angeles, CA, USA', 'Professional DSLR New Camera for Sale', 'Professional DSLR New Camera for Sale', '2024-03-30 01:03:50', '2024-03-30 01:03:50'),
(27, 14, 'en', 'Exterior of a modern apartment', '<p>Lorem ipsum dolor sit amet, nibh saperet te pri, at nam diceret disputationi. Quo an consul impedit, usu possim evertitur dissentiet ei, ridens minimum nominavi et vix. An per mutat adipisci. Ut pericula dissentias sed, est ea modus gloriatur. Aliquip persius has cu, oportere adversarium mei an, justo fabulas in vix.</p>\r\n<p>Doming aliquid te pro. Mei et quodsi ornatus praesent, summo debet vis eu, dolor soleat nostrud sea eu. Cu altera possim sanctus est. Ea iriure repudiandae per, no eam legendos consectetuer. Mel at justo doming voluptatum. Mel mentitum fabellas deserunt no, et duo amet unum appetere.</p>\r\n<p>Ut qui eligendi urbanitas. Assum periculis te mel, libris quidam te sit. Qui nisl nemore eleifend id, in illud ullum sea. Ut nusquam sapientem comprehensam ius. His molestie complectitur ex.</p>\r\n<p>&nbsp;</p>', NULL, 'Los Angeles, CA, USA', 'Exterior of a modern apartment', 'Exterior of a modern apartment', '2024-03-30 19:41:27', '2024-04-03 00:32:24'),
(28, 14, 'hd', 'Exterior of a modern apartment', '&lt;p&gt;Lorem ipsum dolor sit amet, nibh saperet te pri, at nam diceret disputationi. Quo an consul impedit, usu possim evertitur dissentiet ei, ridens minimum nominavi et vix. An per mutat adipisci. Ut pericula dissentias sed, est ea modus gloriatur. Aliquip persius has cu, oportere adversarium mei an, justo fabulas in vix.&lt;/p&gt;\r\n&lt;p&gt;Doming aliquid te pro. Mei et quodsi ornatus praesent, summo debet vis eu, dolor soleat nostrud sea eu. Cu altera possim sanctus est. Ea iriure repudiandae per, no eam legendos consectetuer. Mel at justo doming voluptatum. Mel mentitum fabellas deserunt no, et duo amet unum appetere.&lt;/p&gt;\r\n&lt;p&gt;Ut qui eligendi urbanitas. Assum periculis te mel, libris quidam te sit. Qui nisl nemore eleifend id, in illud ullum sea. Ut nusquam sapientem comprehensam ius. His molestie complectitur ex.&lt;/p&gt;\r\n&lt;p&gt;&amp;nbsp;&lt;/p&gt;', NULL, 'Los Angeles, CA, USA', 'Exterior of a modern apartment', 'Exterior of a modern apartment', '2024-03-30 19:41:27', '2024-03-30 19:41:27'),
(29, 15, 'en', 'Nobody the yard mode arhitecture', '<p>Consetetur definitionem cu mea, usu legere minimum ne. Pro epicurei constituam ne, atqui lucilius indoctum nam id. Eu timeam volumus vel, eos te movet complectitur, te causae saperet eam. Minimum probatus vim te, eu eum ancillae mentitum comprehensam. Tantas decore adipisci vix no.</p>\r\n<p>Ut qui eligendi urbanitas. Assum periculis te mel, libris quidam te sit. Qui nisl nemore eleifend id, in illud ullum sea. Ut nusquam sapientem comprehensam ius. His molestie complectitur ex.</p>\r\n<p>Ei usu malis aeque efficiantur. Mazim dolor denique duo ad, augue ornatus sententiae vel at, duo id sumo vulputate. His legimus assueverit ut, commune maluisset deterruisset id mel. Oblique volumus eos ut, quo autem posidonium definitiones cu. Cu usu lorem consul concludaturque, pro ea fuisset consectetuer. Ex aeterno forensibus has, dicta propriae est ei, ex alterum apeirian quo.</p>', NULL, 'Shiloh, London, United Kingdom', 'Nobody the yard mode arhitecture', 'Nobody the yard mode arhitecture', '2024-03-30 19:49:24', '2024-04-03 00:31:50'),
(30, 15, 'hd', 'Nobody the yard mode arhitecture', '&lt;p&gt;Consetetur definitionem cu mea, usu legere minimum ne. Pro epicurei constituam ne, atqui lucilius indoctum nam id. Eu timeam volumus vel, eos te movet complectitur, te causae saperet eam. Minimum probatus vim te, eu eum ancillae mentitum comprehensam. Tantas decore adipisci vix no.&lt;/p&gt;\r\n&lt;p&gt;Ut qui eligendi urbanitas. Assum periculis te mel, libris quidam te sit. Qui nisl nemore eleifend id, in illud ullum sea. Ut nusquam sapientem comprehensam ius. His molestie complectitur ex.&lt;/p&gt;\r\n&lt;p&gt;Ei usu malis aeque efficiantur. Mazim dolor denique duo ad, augue ornatus sententiae vel at, duo id sumo vulputate. His legimus assueverit ut, commune maluisset deterruisset id mel. Oblique volumus eos ut, quo autem posidonium definitiones cu. Cu usu lorem consul concludaturque, pro ea fuisset consectetuer. Ex aeterno forensibus has, dicta propriae est ei, ex alterum apeirian quo.&lt;/p&gt;', NULL, 'Shiloh, London, United Kingdom', 'Nobody the yard mode arhitecture', 'Nobody the yard mode arhitecture', '2024-03-30 19:49:24', '2024-03-30 19:49:24'),
(31, 16, 'en', 'Building with facade made of red brick', '<p>Pri tempor appareat no, eruditi repudiandae vix at. Eos at brute omnesque voluptaria, facer putent intellegam eu pri. Mei debitis ullamcorper eu, at quo idque mundi. Vis in suas porro consequat, nec ad dolor adversarium, ut praesent cotidieque sit. Veniam civibus omittantur duo ut, te his alterum complectitur. Mea omnis oratio impedit ne.</p>\r\n<p>In vim natum soleat nostro, pri in eloquentiam contentiones. Eu sit sapientem reprehendunt, omnis aliquid eu eos. No quot illum veniam est, ne pro iudico saperet mnesarchum. Ea pri nostro disputando contentiones, eu nec menandri qualisque, vis ex equidem invidunt. Et accusam detracto splendide per, congue meliore id sea. Has eu aeterno patrioque expetendis, mel ei dissentiet reformidans.</p>\r\n<p>Meliore inimicus duo ut, tation veritus elaboraret eam cu. Cum in alii agam aliquip, aperiam salutandi et per. Ex vis summo probatus ocurreret, ex assum sententiae pri, blandit sensibus moderatius ei eos. Vix nobis phaedrum neglegentur et.</p>', NULL, 'Los Angeles, CA, USA', 'Building with facade made of red brick', 'Building with facade made of red brick', '2024-03-30 19:51:33', '2024-03-30 21:30:31'),
(32, 16, 'hd', 'Old building with facade made of red brick', '<p>Pri tempor appareat no, eruditi repudiandae vix at. Eos at brute omnesque voluptaria, facer putent intellegam eu pri. Mei debitis ullamcorper eu, at quo idque mundi. Vis in suas porro consequat, nec ad dolor adversarium, ut praesent cotidieque sit. Veniam civibus omittantur duo ut, te his alterum complectitur. Mea omnis oratio impedit ne.</p>\r\n<p>In vim natum soleat nostro, pri in eloquentiam contentiones. Eu sit sapientem reprehendunt, omnis aliquid eu eos. No quot illum veniam est, ne pro iudico saperet mnesarchum. Ea pri nostro disputando contentiones, eu nec menandri qualisque, vis ex equidem invidunt. Et accusam detracto splendide per, congue meliore id sea. Has eu aeterno patrioque expetendis, mel ei dissentiet reformidans.</p>\r\n<p>Meliore inimicus duo ut, tation veritus elaboraret eam cu. Cum in alii agam aliquip, aperiam salutandi et per. Ex vis summo probatus ocurreret, ex assum sententiae pri, blandit sensibus moderatius ei eos. Vix nobis phaedrum neglegentur et.</p>', NULL, 'Los Angeles, CA, USA', 'Old building with facade made of red brick', 'Old building with facade made of red brick', '2024-03-30 19:51:33', '2024-03-30 19:51:33'),
(33, 17, 'en', 'Beautiful modern house generative', '<p>Id est maiorum volutpat, ad nominavi suscipit suscipiantur vix. Ut ius veri aperiam reprehendunt. Ut per unum sapientem consequuntur, usu ut quot scripta. Sea te nisl expetenda, ad quo congue argumentum, sit quis simul accusam cu. Usu ei perfecto repudiare tincidunt, ut quas malis erant vim. An mel vidit iudicabit.</p>\r\n<p>Appetere fabellas ius te. Nonumes splendide deseruisse ea vis, alii velit vel eu. Eos ut scaevola platonem rationibus. Vis natum vivendo sententiae in, ea aperiam apeirian pri, in partem eleifend quo. Pro ex nobis utinam, nam et vidit numquam fastidii, ne per munere adolescens.</p>\r\n<p>Ipsum volumus pertinax mea ut, eu erat tacimates nam. Tibique copiosae verterem mea no, eam ex melius option, soluta timeam et his. Sit simul gubergren reformidans id, amet minimum nominavi eos ea. Et augue dicta vix. Mea ne utamur referrentur.</p>', NULL, 'Los Angeles, CA, USA', 'Beautiful modern house generative', 'Beautiful modern house generative', '2024-03-30 19:53:24', '2024-03-30 19:53:24'),
(34, 17, 'hd', 'Beautiful modern house generative', '<p>Id est maiorum volutpat, ad nominavi suscipit suscipiantur vix. Ut ius veri aperiam reprehendunt. Ut per unum sapientem consequuntur, usu ut quot scripta. Sea te nisl expetenda, ad quo congue argumentum, sit quis simul accusam cu. Usu ei perfecto repudiare tincidunt, ut quas malis erant vim. An mel vidit iudicabit.</p>\r\n<p>Appetere fabellas ius te. Nonumes splendide deseruisse ea vis, alii velit vel eu. Eos ut scaevola platonem rationibus. Vis natum vivendo sententiae in, ea aperiam apeirian pri, in partem eleifend quo. Pro ex nobis utinam, nam et vidit numquam fastidii, ne per munere adolescens.</p>\r\n<p>Ipsum volumus pertinax mea ut, eu erat tacimates nam. Tibique copiosae verterem mea no, eam ex melius option, soluta timeam et his. Sit simul gubergren reformidans id, amet minimum nominavi eos ea. Et augue dicta vix. Mea ne utamur referrentur.</p>', NULL, 'Los Angeles, CA, USA', 'Beautiful modern house generative', 'Beautiful modern house generative', '2024-03-30 19:53:24', '2024-03-30 19:53:24'),
(35, 18, 'en', '3d rendering of modern house', '<p>Lorem ipsum dolor sit amet, nibh saperet te pri, at nam diceret disputationi. Quo an consul impedit, usu possim evertitur dissentiet ei, ridens minimum nominavi et vix. An per mutat adipisci. Ut pericula dissentias sed, est ea modus gloriatur. Aliquip persius has cu, oportere adversarium mei an, justo fabulas in vix.</p>\r\n<p>Nec in rebum primis causae. Affert iisque ex pri, vis utinam vivendo definitionem ad, nostrum omnesque per et. Omnium antiopam cotidieque cu sit. Id pri placerat voluptatum, vero dicunt dissentiunt eum et, adhuc iisque vis no. Eu suavitate contentiones definitionem mel, ex vide insolens ocurreret eam. Et dico blandit mea. Sea tollit vidisse mandamus te, qui movet efficiendi ex.</p>\r\n<p>Doming aliquid te pro. Mei et quodsi ornatus praesent, summo debet vis eu, dolor soleat nostrud sea eu. Cu altera possim sanctus est. Ea iriure repudiandae per, no eam legendos consectetuer. Mel at justo doming voluptatum. Mel mentitum fabellas deserunt no, et duo amet unum appetere.</p>', NULL, 'Chandra, California, USA', '3d rendering illustration of modern house', '3d rendering illustration of modern house', '2024-03-30 19:57:53', '2024-03-30 20:00:26'),
(36, 18, 'hd', '3d rendering illustration of modern house', '<p>Lorem ipsum dolor sit amet, nibh saperet te pri, at nam diceret disputationi. Quo an consul impedit, usu possim evertitur dissentiet ei, ridens minimum nominavi et vix. An per mutat adipisci. Ut pericula dissentias sed, est ea modus gloriatur. Aliquip persius has cu, oportere adversarium mei an, justo fabulas in vix.</p>\r\n<p>Nec in rebum primis causae. Affert iisque ex pri, vis utinam vivendo definitionem ad, nostrum omnesque per et. Omnium antiopam cotidieque cu sit. Id pri placerat voluptatum, vero dicunt dissentiunt eum et, adhuc iisque vis no. Eu suavitate contentiones definitionem mel, ex vide insolens ocurreret eam. Et dico blandit mea. Sea tollit vidisse mandamus te, qui movet efficiendi ex.</p>\r\n<p>Doming aliquid te pro. Mei et quodsi ornatus praesent, summo debet vis eu, dolor soleat nostrud sea eu. Cu altera possim sanctus est. Ea iriure repudiandae per, no eam legendos consectetuer. Mel at justo doming voluptatum. Mel mentitum fabellas deserunt no, et duo amet unum appetere.</p>', NULL, 'Chandra, California, USA', '3d rendering illustration of modern house', '3d rendering illustration of modern house', '2024-03-30 19:57:53', '2024-03-30 19:57:53'),
(37, 19, 'en', 'Luxury business meeting room', '<p>Per ex vero nonumy. Ius eu doming nominavi mediocrem, aliquid efficiantur no vim, sanctus admodum mnesarchum ad pro. No sea invidunt partiendo. No postea numquam ocurreret duo, unum abhorreant cu nam, fugit fastidii percipitur nam id.</p>\r\n<p>Sit vivendum eleifend adipiscing ea. Modus legere suscipiantur an vel, melius patrioque est cu, eum at audire probatus repudiandae. Ei tempor definitiones eam, sea dico omnium ne. Eam ad ubique tincidunt elaboraret, malis aperiri sit et. Ut quo vero inimicus. Sed at munere fuisset noluisse, eleifend senserit an vix.</p>\r\n<p>Sint dignissim consectetuer nec et, per ad probatus referrentur, vel cu consequat sententiae. Ad duis fugit dictas mea, et cum stet oratio cetero. Ne pri omittam fastidii. No per harum dicant neglegentur, sea ei esse volumus adolescens. Nulla argumentum at pri, vel apeirian principes in. An dicam dicant consul mea, ne per option appetere argumentum, vim legere senserit et.</p>', NULL, 'California, USA', 'Luxury business meeting room', 'Luxury business meeting room', '2024-03-30 20:01:41', '2024-03-30 21:29:54'),
(38, 19, 'hd', 'Luxury business meeting and working room', '<p>Per ex vero nonumy. Ius eu doming nominavi mediocrem, aliquid efficiantur no vim, sanctus admodum mnesarchum ad pro. No sea invidunt partiendo. No postea numquam ocurreret duo, unum abhorreant cu nam, fugit fastidii percipitur nam id.</p>\r\n<p>Sit vivendum eleifend adipiscing ea. Modus legere suscipiantur an vel, melius patrioque est cu, eum at audire probatus repudiandae. Ei tempor definitiones eam, sea dico omnium ne. Eam ad ubique tincidunt elaboraret, malis aperiri sit et. Ut quo vero inimicus. Sed at munere fuisset noluisse, eleifend senserit an vix.</p>\r\n<p>Sint dignissim consectetuer nec et, per ad probatus referrentur, vel cu consequat sententiae. Ad duis fugit dictas mea, et cum stet oratio cetero. Ne pri omittam fastidii. No per harum dicant neglegentur, sea ei esse volumus adolescens. Nulla argumentum at pri, vel apeirian principes in. An dicam dicant consul mea, ne per option appetere argumentum, vim legere senserit et.</p>', NULL, 'California, USA', 'Luxury business meeting and working room', 'Luxury business meeting and working room', '2024-03-30 20:01:41', '2024-03-30 20:01:41'),
(39, 20, 'en', 'Senior Marketing Manager', '<p>Per ex vero nonumy. Ius eu doming nominavi mediocrem, aliquid efficiantur no vim, sanctus admodum mnesarchum ad pro. No sea invidunt partiendo. No postea numquam ocurreret duo, unum abhorreant cu nam, fugit fastidii percipitur nam id.</p>\r\n<p>Sit vivendum eleifend adipiscing ea. Modus legere suscipiantur an vel, melius patrioque est cu, eum at audire probatus repudiandae. Ei tempor definitiones eam, sea dico omnium ne. Eam ad ubique tincidunt elaboraret, malis aperiri sit et. Ut quo vero inimicus. Sed at munere fuisset noluisse, eleifend senserit an vix.</p>\r\n<p>Sint dignissim consectetuer nec et, per ad probatus referrentur, vel cu consequat sententiae. Ad duis fugit dictas mea, et cum stet oratio cetero. Ne pri omittam fastidii. No per harum dicant neglegentur, sea ei esse volumus adolescens. Nulla argumentum at pri, vel apeirian principes in. An dicam dicant consul mea, ne per option appetere argumentum, vim legere senserit et.</p>', NULL, 'Los Angeles', 'Senior Marketing Manager', 'Senior Marketing Manager', '2024-03-30 20:27:09', '2024-03-30 20:27:45'),
(40, 20, 'hd', 'Senior Marketing Manager', '<p>Per ex vero nonumy. Ius eu doming nominavi mediocrem, aliquid efficiantur no vim, sanctus admodum mnesarchum ad pro. No sea invidunt partiendo. No postea numquam ocurreret duo, unum abhorreant cu nam, fugit fastidii percipitur nam id.</p>\r\n<p>Sit vivendum eleifend adipiscing ea. Modus legere suscipiantur an vel, melius patrioque est cu, eum at audire probatus repudiandae. Ei tempor definitiones eam, sea dico omnium ne. Eam ad ubique tincidunt elaboraret, malis aperiri sit et. Ut quo vero inimicus. Sed at munere fuisset noluisse, eleifend senserit an vix.</p>\r\n<p>Sint dignissim consectetuer nec et, per ad probatus referrentur, vel cu consequat sententiae. Ad duis fugit dictas mea, et cum stet oratio cetero. Ne pri omittam fastidii. No per harum dicant neglegentur, sea ei esse volumus adolescens. Nulla argumentum at pri, vel apeirian principes in. An dicam dicant consul mea, ne per option appetere argumentum, vim legere senserit et.</p>', NULL, 'Los Angeles, CA, USA', 'Senior Marketing Manager', 'Senior Marketing Manager', '2024-03-30 20:27:09', '2024-03-30 20:27:09'),
(41, 21, 'en', 'Laravel Application Developer', '<p>Per ex vero nonumy. Ius eu doming nominavi mediocrem, aliquid efficiantur no vim, sanctus admodum mnesarchum ad pro. No sea invidunt partiendo. No postea numquam ocurreret duo, unum abhorreant cu nam, fugit fastidii percipitur nam id.</p>\r\n<p>Sit vivendum eleifend adipiscing ea. Modus legere suscipiantur an vel, melius patrioque est cu, eum at audire probatus repudiandae. Ei tempor definitiones eam, sea dico omnium ne. Eam ad ubique tincidunt elaboraret, malis aperiri sit et. Ut quo vero inimicus. Sed at munere fuisset noluisse, eleifend senserit an vix.</p>\r\n<p>Sint dignissim consectetuer nec et, per ad probatus referrentur, vel cu consequat sententiae. Ad duis fugit dictas mea, et cum stet oratio cetero. Ne pri omittam fastidii. No per harum dicant neglegentur, sea ei esse volumus adolescens. Nulla argumentum at pri, vel apeirian principes in. An dicam dicant consul mea, ne per option appetere argumentum, vim legere senserit et.</p>', NULL, 'California, USA', 'Laravel Application Developer', 'Laravel Application Developer', '2024-03-30 20:48:37', '2024-03-30 20:48:37'),
(42, 21, 'hd', 'Laravel Application Developer', '<p>Per ex vero nonumy. Ius eu doming nominavi mediocrem, aliquid efficiantur no vim, sanctus admodum mnesarchum ad pro. No sea invidunt partiendo. No postea numquam ocurreret duo, unum abhorreant cu nam, fugit fastidii percipitur nam id.</p>\r\n<p>Sit vivendum eleifend adipiscing ea. Modus legere suscipiantur an vel, melius patrioque est cu, eum at audire probatus repudiandae. Ei tempor definitiones eam, sea dico omnium ne. Eam ad ubique tincidunt elaboraret, malis aperiri sit et. Ut quo vero inimicus. Sed at munere fuisset noluisse, eleifend senserit an vix.</p>\r\n<p>Sint dignissim consectetuer nec et, per ad probatus referrentur, vel cu consequat sententiae. Ad duis fugit dictas mea, et cum stet oratio cetero. Ne pri omittam fastidii. No per harum dicant neglegentur, sea ei esse volumus adolescens. Nulla argumentum at pri, vel apeirian principes in. An dicam dicant consul mea, ne per option appetere argumentum, vim legere senserit et.</p>', NULL, 'California, USA', 'Laravel Application Developer', 'Laravel Application Developer', '2024-03-30 20:48:37', '2024-03-30 20:48:37'),
(43, 22, 'en', 'Full Time Sr. IT Project Manager', '<p>Usu ad solet diceret, usu at appetere percipit appellantur, te est primis audire gloriatur. Scripta noluisse no mel, vis ne decore ridens labitur. Stet erant saepe eu mea. An mel dolore salutandi abhorreant. An quo aliquip maluisset, mea quaeque indoctum in, pro augue veritus praesent te.</p>\r\n<p>Vim exerci sadipscing in, est simul recteque ei, dictas repudiandae comprehensam cu usu. Te melius veritus tibique pri. Sea nonumy euismod deserunt te. Ad ius nullam malorum assueverit.</p>\r\n<p>Vim et alterum ornatus vivendum, ut mea solum repudiare. His etiam delenit tibique no, ad harum omnes scribentur qui, ne wisi detracto his. Ei movet accusam pri. Ex vel diam quas urbanitas, ne has velit affert habemus. At quis nonumy disputando nec, falli scaevola vel ea. Omittantur concludaturque nam eu, ex est vocent virtute.</p>', NULL, 'French', 'Full Time Sr. IT Project Manager', 'Full Time Sr. IT Project Manager', '2024-03-30 20:50:38', '2024-03-30 21:10:09');
INSERT INTO `listing_translations` (`id`, `listing_id`, `lang_code`, `title`, `description`, `video_description`, `address`, `seo_title`, `seo_description`, `created_at`, `updated_at`) VALUES
(44, 22, 'hd', 'Sr. IT Project Manager', '<p>Usu ad solet diceret, usu at appetere percipit appellantur, te est primis audire gloriatur. Scripta noluisse no mel, vis ne decore ridens labitur. Stet erant saepe eu mea. An mel dolore salutandi abhorreant. An quo aliquip maluisset, mea quaeque indoctum in, pro augue veritus praesent te.</p>\r\n<p>Vim exerci sadipscing in, est simul recteque ei, dictas repudiandae comprehensam cu usu. Te melius veritus tibique pri. Sea nonumy euismod deserunt te. Ad ius nullam malorum assueverit.</p>\r\n<p>Vim et alterum ornatus vivendum, ut mea solum repudiare. His etiam delenit tibique no, ad harum omnes scribentur qui, ne wisi detracto his. Ei movet accusam pri. Ex vel diam quas urbanitas, ne has velit affert habemus. At quis nonumy disputando nec, falli scaevola vel ea. Omittantur concludaturque nam eu, ex est vocent virtute.</p>', NULL, 'Bahamas, French', 'Sr. IT Project Manager', 'Sr. IT Project Manager', '2024-03-30 20:50:38', '2024-03-30 20:50:38'),
(45, 23, 'en', 'Part Time Senior UIUX Designer', '<p>Appetere fabellas ius te. Nonumes splendide deseruisse ea vis, alii velit vel eu. Eos ut scaevola platonem rationibus. Vis natum vivendo sententiae in, ea aperiam apeirian pri, in partem eleifend quo. Pro ex nobis utinam, nam et vidit numquam fastidii, ne per munere adolescens.</p>\r\n<p>Ipsum volumus pertinax mea ut, eu erat tacimates nam. Tibique copiosae verterem mea no, eam ex melius option, soluta timeam et his. Sit simul gubergren reformidans id, amet minimum nominavi eos ea. Et augue dicta vix. Mea ne utamur referrentur.</p>\r\n<p>Per ex vero nonumy. Ius eu doming nominavi mediocrem, aliquid efficiantur no vim, sanctus admodum mnesarchum ad pro. No sea invidunt partiendo. No postea numquam ocurreret duo, unum abhorreant cu nam, fugit fastidii percipitur nam id.</p>', NULL, 'London City', 'Part Time Senior UIUX Designer', 'Part Time Senior UIUX Designer', '2024-03-30 20:53:24', '2024-03-30 21:07:40'),
(46, 23, 'hd', 'Senior UIUX Designer', '<p>Appetere fabellas ius te. Nonumes splendide deseruisse ea vis, alii velit vel eu. Eos ut scaevola platonem rationibus. Vis natum vivendo sententiae in, ea aperiam apeirian pri, in partem eleifend quo. Pro ex nobis utinam, nam et vidit numquam fastidii, ne per munere adolescens.</p>\r\n<p>Ipsum volumus pertinax mea ut, eu erat tacimates nam. Tibique copiosae verterem mea no, eam ex melius option, soluta timeam et his. Sit simul gubergren reformidans id, amet minimum nominavi eos ea. Et augue dicta vix. Mea ne utamur referrentur.</p>\r\n<p>Per ex vero nonumy. Ius eu doming nominavi mediocrem, aliquid efficiantur no vim, sanctus admodum mnesarchum ad pro. No sea invidunt partiendo. No postea numquam ocurreret duo, unum abhorreant cu nam, fugit fastidii percipitur nam id.</p>', NULL, 'London City', 'Senior UIUX Designer', 'Senior UIUX Designer', '2024-03-30 20:53:24', '2024-03-30 20:53:24'),
(47, 24, 'en', 'Full Stack WP Development', '<p>it vivendum eleifend adipiscing ea. Modus legere suscipiantur an vel, melius patrioque est cu, eum at audire probatus repudiandae. Ei tempor definitiones eam, sea dico omnium ne. Eam ad ubique tincidunt elaboraret, malis aperiri sit et. Ut quo vero inimicus. Sed at munere fuisset noluisse, eleifend senserit an vix.</p>\r\n<p>Sint dignissim consectetuer nec et, per ad probatus referrentur, vel cu consequat sententiae. Ad duis fugit dictas mea, et cum stet oratio cetero. Ne pri omittam fastidii. No per harum dicant neglegentur, sea ei esse volumus adolescens. Nulla argumentum at pri, vel apeirian principes in. An dicam dicant consul mea, ne per option appetere argumentum, vim legere senserit et.</p>\r\n<p>Te soleat legendos molestiae cum. Tale sanctus invidunt cu per, quo at modo recteque elaboraret. Ex mazim homero per. Eu nec exerci doctus, cu mei oblique copiosae. Consul diceret usu ne.</p>', NULL, 'Bangladesh', 'Full Stack WP Development', 'Full Stack WP Development', '2024-03-30 21:00:01', '2024-03-30 21:00:01'),
(48, 24, 'hd', 'Full Stack WP Development', '<p>it vivendum eleifend adipiscing ea. Modus legere suscipiantur an vel, melius patrioque est cu, eum at audire probatus repudiandae. Ei tempor definitiones eam, sea dico omnium ne. Eam ad ubique tincidunt elaboraret, malis aperiri sit et. Ut quo vero inimicus. Sed at munere fuisset noluisse, eleifend senserit an vix.</p>\r\n<p>Sint dignissim consectetuer nec et, per ad probatus referrentur, vel cu consequat sententiae. Ad duis fugit dictas mea, et cum stet oratio cetero. Ne pri omittam fastidii. No per harum dicant neglegentur, sea ei esse volumus adolescens. Nulla argumentum at pri, vel apeirian principes in. An dicam dicant consul mea, ne per option appetere argumentum, vim legere senserit et.</p>\r\n<p>Te soleat legendos molestiae cum. Tale sanctus invidunt cu per, quo at modo recteque elaboraret. Ex mazim homero per. Eu nec exerci doctus, cu mei oblique copiosae. Consul diceret usu ne.</p>', NULL, 'Bangladesh', 'Full Stack WP Development', 'Full Stack WP Development', '2024-03-30 21:00:01', '2024-03-30 21:00:01'),
(49, 25, 'en', 'Mobile Application Developer', '&lt;p&gt;Lorem ipsum dolor sit amet, nibh saperet te pri, at nam diceret disputationi. Quo an consul impedit, usu possim evertitur dissentiet ei, ridens minimum nominavi et vix. An per mutat adipisci. Ut pericula dissentias sed, est ea modus gloriatur. Aliquip persius has cu, oportere adversarium mei an, justo fabulas in vix.&lt;/p&gt;\r\n&lt;p&gt;Nec in rebum primis causae. Affert iisque ex pri, vis utinam vivendo definitionem ad, nostrum omnesque per et. Omnium antiopam cotidieque cu sit. Id pri placerat voluptatum, vero dicunt dissentiunt eum et, adhuc iisque vis no. Eu suavitate contentiones definitionem mel, ex vide insolens ocurreret eam. Et dico blandit mea. Sea tollit vidisse mandamus te, qui movet efficiendi ex.&lt;/p&gt;\r\n&lt;p&gt;Doming aliquid te pro. Mei et quodsi ornatus praesent, summo debet vis eu, dolor soleat nostrud sea eu. Cu altera possim sanctus est. Ea iriure repudiandae per, no eam legendos consectetuer. Mel at justo doming voluptatum. Mel mentitum fabellas deserunt no, et duo amet unum appetere.&lt;/p&gt;', NULL, 'United Kindom', 'Mobile Application Developer', 'Mobile Application Developer', '2024-03-30 21:04:31', '2024-03-30 21:04:31'),
(50, 25, 'hd', 'Mobile Application Developer', '<p>Lorem ipsum dolor sit amet, nibh saperet te pri, at nam diceret disputationi. Quo an consul impedit, usu possim evertitur dissentiet ei, ridens minimum nominavi et vix. An per mutat adipisci. Ut pericula dissentias sed, est ea modus gloriatur. Aliquip persius has cu, oportere adversarium mei an, justo fabulas in vix.</p>\r\n<p>Nec in rebum primis causae. Affert iisque ex pri, vis utinam vivendo definitionem ad, nostrum omnesque per et. Omnium antiopam cotidieque cu sit. Id pri placerat voluptatum, vero dicunt dissentiunt eum et, adhuc iisque vis no. Eu suavitate contentiones definitionem mel, ex vide insolens ocurreret eam. Et dico blandit mea. Sea tollit vidisse mandamus te, qui movet efficiendi ex.</p>\r\n<p>Doming aliquid te pro. Mei et quodsi ornatus praesent, summo debet vis eu, dolor soleat nostrud sea eu. Cu altera possim sanctus est. Ea iriure repudiandae per, no eam legendos consectetuer. Mel at justo doming voluptatum. Mel mentitum fabellas deserunt no, et duo amet unum appetere.</p>', NULL, 'United Kindom', 'Mobile Application Developer', 'Mobile Application Developer', '2024-03-30 21:04:31', '2024-03-30 21:04:43'),
(51, 26, 'en', 'Par Time Mid Level DevOps Engineer', '<p>oming aliquid te pro. Mei et quodsi ornatus praesent, summo debet vis eu, dolor soleat nostrud sea eu. Cu altera possim sanctus est. Ea iriure repudiandae per, no eam legendos consectetuer. Mel at justo doming voluptatum. Mel mentitum fabellas deserunt no, et duo amet unum appetere.</p>\r\n<p>Quo id nemore dignissim persequeris, unum melius option ei vix, oratio vidisse eam ei. Altera neglegentur cum te. Latine probatus cum cu. Vim dicta sonet intellegebat ne, ei mazim decore eleifend nam, no malis soleat usu. Est ei tale praesent, ad nibh iudicabit has.</p>\r\n<p>Consetetur definitionem cu mea, usu legere minimum ne. Pro epicurei constituam ne, atqui lucilius indoctum nam id. Eu timeam volumus vel, eos te movet complectitur, te causae saperet eam. Minimum probatus vim te, eu eum ancillae mentitum comprehensam. Tantas decore adipisci vix no.</p>', NULL, 'Los Angeles', 'Par Time Mid Level DevOps Engineer', 'Par Time Mid Level DevOps Engineer', '2024-03-30 21:12:42', '2024-03-30 21:12:42'),
(52, 26, 'hd', 'Par Time Mid Level DevOps Engineer', '<p>oming aliquid te pro. Mei et quodsi ornatus praesent, summo debet vis eu, dolor soleat nostrud sea eu. Cu altera possim sanctus est. Ea iriure repudiandae per, no eam legendos consectetuer. Mel at justo doming voluptatum. Mel mentitum fabellas deserunt no, et duo amet unum appetere.</p>\r\n<p>Quo id nemore dignissim persequeris, unum melius option ei vix, oratio vidisse eam ei. Altera neglegentur cum te. Latine probatus cum cu. Vim dicta sonet intellegebat ne, ei mazim decore eleifend nam, no malis soleat usu. Est ei tale praesent, ad nibh iudicabit has.</p>\r\n<p>Consetetur definitionem cu mea, usu legere minimum ne. Pro epicurei constituam ne, atqui lucilius indoctum nam id. Eu timeam volumus vel, eos te movet complectitur, te causae saperet eam. Minimum probatus vim te, eu eum ancillae mentitum comprehensam. Tantas decore adipisci vix no.</p>', NULL, 'Los Angeles', 'Par Time Mid Level DevOps Engineer', 'Par Time Mid Level DevOps Engineer', '2024-03-30 21:12:42', '2024-03-30 21:12:42'),
(53, 27, 'en', 'Junior Cloud Architect Remote', '<p>Lorem ipsum dolor sit amet, nibh saperet te pri, at nam diceret disputationi. Quo an consul impedit, usu possim evertitur dissentiet ei, ridens minimum nominavi et vix. An per mutat adipisci. Ut pericula dissentias sed, est ea modus gloriatur. Aliquip persius has cu, oportere adversarium mei an, justo fabulas in vix.</p>\r\n<p>Consetetur definitionem cu mea, usu legere minimum ne. Pro epicurei constituam ne, atqui lucilius indoctum nam id. Eu timeam volumus vel, eos te movet complectitur, te causae saperet eam. Minimum probatus vim te, eu eum ancillae mentitum comprehensam. Tantas decore adipisci vix no.</p>\r\n<p>Ut qui eligendi urbanitas. Assum periculis te mel, libris quidam te sit. Qui nisl nemore eleifend id, in illud ullum sea. Ut nusquam sapientem comprehensam ius. His molestie complectitur ex.</p>', NULL, 'Bangladesh', 'Junior Cloud Architect Remote', 'Junior Cloud Architect Remote', '2024-03-30 21:15:36', '2024-03-30 21:16:03'),
(54, 27, 'hd', 'Part Time Junior Cloud Architect Remote', '<p>Lorem ipsum dolor sit amet, nibh saperet te pri, at nam diceret disputationi. Quo an consul impedit, usu possim evertitur dissentiet ei, ridens minimum nominavi et vix. An per mutat adipisci. Ut pericula dissentias sed, est ea modus gloriatur. Aliquip persius has cu, oportere adversarium mei an, justo fabulas in vix.</p>\r\n<p>Consetetur definitionem cu mea, usu legere minimum ne. Pro epicurei constituam ne, atqui lucilius indoctum nam id. Eu timeam volumus vel, eos te movet complectitur, te causae saperet eam. Minimum probatus vim te, eu eum ancillae mentitum comprehensam. Tantas decore adipisci vix no.</p>\r\n<p>Ut qui eligendi urbanitas. Assum periculis te mel, libris quidam te sit. Qui nisl nemore eleifend id, in illud ullum sea. Ut nusquam sapientem comprehensam ius. His molestie complectitur ex.</p>', NULL, 'Bangladesh', 'Part Time Junior Cloud Architect Remote', 'Part Time Junior Cloud Architect Remote', '2024-03-30 21:15:36', '2024-03-30 21:15:36'),
(55, 28, 'en', 'Penthouse with pool at sunset generative', '<p>Consetetur definitionem cu mea, usu legere minimum ne. Pro epicurei constituam ne, atqui lucilius indoctum nam id. Eu timeam volumus vel, eos te movet complectitur, te causae saperet eam. Minimum probatus vim te, eu eum ancillae mentitum comprehensam. Tantas decore adipisci vix no.</p>\r\n<p>Ut qui eligendi urbanitas. Assum periculis te mel, libris quidam te sit. Qui nisl nemore eleifend id, in illud ullum sea. Ut nusquam sapientem comprehensam ius. His molestie complectitur ex.</p>\r\n<p>Ei usu malis aeque efficiantur. Mazim dolor denique duo ad, augue ornatus sententiae vel at, duo id sumo vulputate. His legimus assueverit ut, commune maluisset deterruisset id mel. Oblique volumus eos ut, quo autem posidonium definitiones cu. Cu usu lorem consul concludaturque, pro ea fuisset consectetuer. Ex aeterno forensibus has, dicta propriae est ei, ex alterum apeirian quo.</p>', NULL, 'Los Angeles, CA, USA', 'Penthouse with pool at sunset generative', 'Penthouse with pool at sunset generative', '2024-03-30 21:32:14', '2024-03-30 21:32:14'),
(56, 28, 'hd', 'Penthouse with pool at sunset generative', '<p>Consetetur definitionem cu mea, usu legere minimum ne. Pro epicurei constituam ne, atqui lucilius indoctum nam id. Eu timeam volumus vel, eos te movet complectitur, te causae saperet eam. Minimum probatus vim te, eu eum ancillae mentitum comprehensam. Tantas decore adipisci vix no.</p>\r\n<p>Ut qui eligendi urbanitas. Assum periculis te mel, libris quidam te sit. Qui nisl nemore eleifend id, in illud ullum sea. Ut nusquam sapientem comprehensam ius. His molestie complectitur ex.</p>\r\n<p>Ei usu malis aeque efficiantur. Mazim dolor denique duo ad, augue ornatus sententiae vel at, duo id sumo vulputate. His legimus assueverit ut, commune maluisset deterruisset id mel. Oblique volumus eos ut, quo autem posidonium definitiones cu. Cu usu lorem consul concludaturque, pro ea fuisset consectetuer. Ex aeterno forensibus has, dicta propriae est ei, ex alterum apeirian quo.</p>', NULL, 'Los Angeles, CA, USA', 'Penthouse with pool at sunset generative', 'Penthouse with pool at sunset generative', '2024-03-30 21:32:14', '2024-03-30 21:32:14'),
(57, 29, 'en', 'Young business people working in office', '<p>Quo id nemore dignissim persequeris, unum melius option ei vix, oratio vidisse eam ei. Altera neglegentur cum te. Latine probatus cum cu. Vim dicta sonet intellegebat ne, ei mazim decore eleifend nam, no malis soleat usu. Est ei tale praesent, ad nibh iudicabit has.</p>\r\n<p>Consetetur definitionem cu mea, usu legere minimum ne. Pro epicurei constituam ne, atqui lucilius indoctum nam id. Eu timeam volumus vel, eos te movet complectitur, te causae saperet eam. Minimum probatus vim te, eu eum ancillae mentitum comprehensam. Tantas decore adipisci vix no.</p>\r\n<p>Ut qui eligendi urbanitas. Assum periculis te mel, libris quidam te sit. Qui nisl nemore eleifend id, in illud ullum sea. Ut nusquam sapientem comprehensam ius. His molestie complectitur ex.</p>', NULL, 'California, USA', 'Young business people working in office', 'Young business people working in office', '2024-03-30 21:34:26', '2024-03-30 21:34:26'),
(58, 29, 'hd', 'Young business people working in office', '<p>Quo id nemore dignissim persequeris, unum melius option ei vix, oratio vidisse eam ei. Altera neglegentur cum te. Latine probatus cum cu. Vim dicta sonet intellegebat ne, ei mazim decore eleifend nam, no malis soleat usu. Est ei tale praesent, ad nibh iudicabit has.</p>\r\n<p>Consetetur definitionem cu mea, usu legere minimum ne. Pro epicurei constituam ne, atqui lucilius indoctum nam id. Eu timeam volumus vel, eos te movet complectitur, te causae saperet eam. Minimum probatus vim te, eu eum ancillae mentitum comprehensam. Tantas decore adipisci vix no.</p>\r\n<p>Ut qui eligendi urbanitas. Assum periculis te mel, libris quidam te sit. Qui nisl nemore eleifend id, in illud ullum sea. Ut nusquam sapientem comprehensam ius. His molestie complectitur ex.</p>', NULL, 'California, USA', 'Young business people working in office', 'Young business people working in office', '2024-03-30 21:34:26', '2024-03-30 21:34:26'),
(59, 30, 'en', 'Modern house exterior for sale', '<p>Nec in rebum primis causae. Affert iisque ex pri, vis utinam vivendo definitionem ad, nostrum omnesque per et. Omnium antiopam cotidieque cu sit. Id pri placerat voluptatum, vero dicunt dissentiunt eum et, adhuc iisque vis no. Eu suavitate contentiones definitionem mel, ex vide insolens ocurreret eam. Et dico blandit mea. Sea tollit vidisse mandamus te, qui movet efficiendi ex.</p>\r\n<p>Doming aliquid te pro. Mei et quodsi ornatus praesent, summo debet vis eu, dolor soleat nostrud sea eu. Cu altera possim sanctus est. Ea iriure repudiandae per, no eam legendos consectetuer. Mel at justo doming voluptatum. Mel mentitum fabellas deserunt no, et duo amet unum appetere.</p>\r\n<p>Quo id nemore dignissim persequeris, unum melius option ei vix, oratio vidisse eam ei. Altera neglegentur cum te. Latine probatus cum cu. Vim dicta sonet intellegebat ne, ei mazim decore eleifend nam, no malis soleat usu. Est ei tale praesent, ad nibh iudicabit has.</p>', NULL, 'Rajshahi, Bangladesh', 'Modern house exterior for sale', 'Modern house exterior for sale', '2024-03-30 21:37:13', '2024-04-03 00:28:51'),
(60, 30, 'hd', 'Modern house exterior for sale', '&lt;p&gt;Nec in rebum primis causae. Affert iisque ex pri, vis utinam vivendo definitionem ad, nostrum omnesque per et. Omnium antiopam cotidieque cu sit. Id pri placerat voluptatum, vero dicunt dissentiunt eum et, adhuc iisque vis no. Eu suavitate contentiones definitionem mel, ex vide insolens ocurreret eam. Et dico blandit mea. Sea tollit vidisse mandamus te, qui movet efficiendi ex.&lt;/p&gt;\r\n&lt;p&gt;Doming aliquid te pro. Mei et quodsi ornatus praesent, summo debet vis eu, dolor soleat nostrud sea eu. Cu altera possim sanctus est. Ea iriure repudiandae per, no eam legendos consectetuer. Mel at justo doming voluptatum. Mel mentitum fabellas deserunt no, et duo amet unum appetere.&lt;/p&gt;\r\n&lt;p&gt;Quo id nemore dignissim persequeris, unum melius option ei vix, oratio vidisse eam ei. Altera neglegentur cum te. Latine probatus cum cu. Vim dicta sonet intellegebat ne, ei mazim decore eleifend nam, no malis soleat usu. Est ei tale praesent, ad nibh iudicabit has.&lt;/p&gt;', NULL, 'Rajshahi, Bangladesh', 'Modern house exterior for sale', 'Modern house exterior for sale', '2024-03-30 21:37:13', '2024-03-30 21:37:13'),
(61, 31, 'en', 'Concrete coworking office interior', '<p>Consetetur definitionem cu mea, usu legere minimum ne. Pro epicurei constituam ne, atqui lucilius indoctum nam id. Eu timeam volumus vel, eos te movet complectitur, te causae saperet eam. Minimum probatus vim te, eu eum ancillae mentitum comprehensam. Tantas decore adipisci vix no.</p>\r\n<p>Ut qui eligendi urbanitas. Assum periculis te mel, libris quidam te sit. Qui nisl nemore eleifend id, in illud ullum sea. Ut nusquam sapientem comprehensam ius. His molestie complectitur ex.</p>\r\n<p>Ei usu malis aeque efficiantur. Mazim dolor denique duo ad, augue ornatus sententiae vel at, duo id sumo vulputate. His legimus assueverit ut, commune maluisset deterruisset id mel. Oblique volumus eos ut, quo autem posidonium definitiones cu. Cu usu lorem consul concludaturque, pro ea fuisset consectetuer. Ex aeterno forensibus has, dicta propriae est ei, ex alterum apeirian quo.</p>', NULL, 'Shiloh, London, United Kingdom', 'Concrete coworking office interior', 'Concrete coworking office interior', '2024-03-30 21:40:03', '2024-04-03 00:28:29'),
(62, 31, 'hd', 'Concrete coworking office interior', '&lt;p&gt;Consetetur definitionem cu mea, usu legere minimum ne. Pro epicurei constituam ne, atqui lucilius indoctum nam id. Eu timeam volumus vel, eos te movet complectitur, te causae saperet eam. Minimum probatus vim te, eu eum ancillae mentitum comprehensam. Tantas decore adipisci vix no.&lt;/p&gt;\r\n&lt;p&gt;Ut qui eligendi urbanitas. Assum periculis te mel, libris quidam te sit. Qui nisl nemore eleifend id, in illud ullum sea. Ut nusquam sapientem comprehensam ius. His molestie complectitur ex.&lt;/p&gt;\r\n&lt;p&gt;Ei usu malis aeque efficiantur. Mazim dolor denique duo ad, augue ornatus sententiae vel at, duo id sumo vulputate. His legimus assueverit ut, commune maluisset deterruisset id mel. Oblique volumus eos ut, quo autem posidonium definitiones cu. Cu usu lorem consul concludaturque, pro ea fuisset consectetuer. Ex aeterno forensibus has, dicta propriae est ei, ex alterum apeirian quo.&lt;/p&gt;', NULL, 'Shiloh, London, United Kingdom', 'Concrete coworking office interior', 'Concrete coworking office interior', '2024-03-30 21:40:03', '2024-03-30 21:40:03'),
(63, 32, 'en', 'Interior of a modern apartment', '<p>In vim natum soleat nostro, pri in eloquentiam contentiones. Eu sit sapientem reprehendunt, omnis aliquid eu eos. No quot illum veniam est, ne pro iudico saperet mnesarchum. Ea pri nostro disputando contentiones, eu nec menandri qualisque, vis ex equidem invidunt. Et accusam detracto splendide per, congue meliore id sea. Has eu aeterno patrioque expetendis, mel ei dissentiet reformidans.</p>\r\n<p>Meliore inimicus duo ut, tation veritus elaboraret eam cu. Cum in alii agam aliquip, aperiam salutandi et per. Ex vis summo probatus ocurreret, ex assum sententiae pri, blandit sensibus moderatius ei eos. Vix nobis phaedrum neglegentur et.</p>\r\n<p>Id est maiorum volutpat, ad nominavi suscipit suscipiantur vix. Ut ius veri aperiam reprehendunt. Ut per unum sapientem consequuntur, usu ut quot scripta. Sea te nisl expetenda, ad quo congue argumentum, sit quis simul accusam cu. Usu ei perfecto repudiare tincidunt, ut quas malis erant vim. An mel vidit iudicabit.</p>', NULL, 'Shiloh, London, United Kingdom', 'Interior of a modern apartment', 'Interior of a modern apartment', '2024-03-30 21:46:18', '2024-03-30 21:46:18'),
(64, 32, 'hd', 'Interior of a modern apartment', '<p>In vim natum soleat nostro, pri in eloquentiam contentiones. Eu sit sapientem reprehendunt, omnis aliquid eu eos. No quot illum veniam est, ne pro iudico saperet mnesarchum. Ea pri nostro disputando contentiones, eu nec menandri qualisque, vis ex equidem invidunt. Et accusam detracto splendide per, congue meliore id sea. Has eu aeterno patrioque expetendis, mel ei dissentiet reformidans.</p>\r\n<p>Meliore inimicus duo ut, tation veritus elaboraret eam cu. Cum in alii agam aliquip, aperiam salutandi et per. Ex vis summo probatus ocurreret, ex assum sententiae pri, blandit sensibus moderatius ei eos. Vix nobis phaedrum neglegentur et.</p>\r\n<p>Id est maiorum volutpat, ad nominavi suscipit suscipiantur vix. Ut ius veri aperiam reprehendunt. Ut per unum sapientem consequuntur, usu ut quot scripta. Sea te nisl expetenda, ad quo congue argumentum, sit quis simul accusam cu. Usu ei perfecto repudiare tincidunt, ut quas malis erant vim. An mel vidit iudicabit.</p>', NULL, 'Shiloh, London, United Kingdom', 'Interior of a modern apartment', 'Interior of a modern apartment', '2024-03-30 21:46:18', '2024-03-30 21:46:18'),
(65, 33, 'en', 'Rendering of impressive villa pool', '<p>Ei usu malis aeque efficiantur. Mazim dolor denique duo ad, augue ornatus sententiae vel at, duo id sumo vulputate. His legimus assueverit ut, commune maluisset deterruisset id mel. Oblique volumus eos ut, quo autem posidonium definitiones cu. Cu usu lorem consul concludaturque, pro ea fuisset consectetuer. Ex aeterno forensibus has, dicta propriae est ei, ex alterum apeirian quo.</p>\r\n<p>Pri tempor appareat no, eruditi repudiandae vix at. Eos at brute omnesque voluptaria, facer putent intellegam eu pri. Mei debitis ullamcorper eu, at quo idque mundi. Vis in suas porro consequat, nec ad dolor adversarium, ut praesent cotidieque sit. Veniam civibus omittantur duo ut, te his alterum complectitur. Mea omnis oratio impedit ne.</p>', NULL, 'Los Angeles, CA, USA', 'Rendering of impressive villa with pool', 'Rendering of impressive villa with pool', '2024-03-30 21:50:15', '2024-03-31 19:17:05'),
(66, 33, 'hd', 'Rendering of impressive villa with pool', '<p>Ei usu malis aeque efficiantur. Mazim dolor denique duo ad, augue ornatus sententiae vel at, duo id sumo vulputate. His legimus assueverit ut, commune maluisset deterruisset id mel. Oblique volumus eos ut, quo autem posidonium definitiones cu. Cu usu lorem consul concludaturque, pro ea fuisset consectetuer. Ex aeterno forensibus has, dicta propriae est ei, ex alterum apeirian quo.</p>\r\n<p>Pri tempor appareat no, eruditi repudiandae vix at. Eos at brute omnesque voluptaria, facer putent intellegam eu pri. Mei debitis ullamcorper eu, at quo idque mundi. Vis in suas porro consequat, nec ad dolor adversarium, ut praesent cotidieque sit. Veniam civibus omittantur duo ut, te his alterum complectitur. Mea omnis oratio impedit ne.</p>', NULL, 'Los Angeles, CA, USA', 'Rendering of impressive villa with pool', 'Rendering of impressive villa with pool', '2024-03-30 21:50:15', '2024-03-30 21:50:15'),
(189, 1, 'bn', 'Adorable Backpacks for Your Little Scholar', '<p>How the adventure ended will be seen anon. Aouda was anxious, though she said nothing. As for Passepartout, he thought Mr Fogg&rsquo;s manoeuvre simply glorious. The captain had said &ldquo;between eleven and twelve knots,&rdquo; and the Henrietta confirmed his prediction.If, then&mdash;for there were &ldquo;ifs&rdquo; still&mdash;the sea did not become too boisterous, if the wind did not veer round to the east if no accident happened to the boat or its machinery.</p>\r\n<p>The Henrietta might cross the three thousand miles from New York to Liverpool in the nine days, between the 12th and the 21 st of December. It is true that, once arrived, the affair on board the Henrietta.</p>', NULL, 'Shiloh, London, United Kingdom', 'Adorable Backpacks for Your Little Scholar', 'Adorable Backpacks for Your Little Scholar', '2024-12-08 08:01:04', '2024-12-08 08:01:04'),
(190, 2, 'bn', 'Stylish and Affordable Gently Used Shoes', '<p>Lorem ipsum dolor sit amet, nibh saperet te pri, at nam diceret disputationi. Quo an consul impedit, usu possim evertitur dissentiet ei, ridens minimum nominavi et vix. An per mutat adipisci. Ut pericula dissentias sed, est ea modus gloriatur. Aliquip persius has cu, oportere adversarium mei an, justo fabulas in vix.</p>\r\n<p>Nec in rebum primis causae. Affert iisque ex pri, vis utinam vivendo definitionem ad, nostrum omnesque per et. Omnium antiopam cotidieque cu sit. Id pri placerat voluptatum, vero dicunt dissentiunt eum et, adhuc iisque vis no. Eu suavitate contentiones definitionem mel, ex vide insolens ocurreret eam. Et dico blandit mea. Sea tollit vidisse mandamus te, qui movet efficiendi ex.</p>', NULL, 'Los Angeles, CA, USA', 'Stylish and Affordable Gently Used Shoes', 'Stylish and Affordable Gently Used Shoes', '2024-12-08 08:01:04', '2024-12-08 08:01:04'),
(191, 4, 'bn', 'Powerful Air Cooler for Sale', '<p>Quo id nemore dignissim persequeris, unum melius option ei vix, oratio vidisse eam ei. Altera neglegentur cum te. Latine probatus cum cu. Vim dicta sonet intellegebat ne, ei mazim decore eleifend nam, no malis soleat usu. Est ei tale praesent, ad nibh iudicabit has.</p>\r\n<p>Consetetur definitionem cu mea, usu legere minimum ne. Pro epicurei constituam ne, atqui lucilius indoctum nam id. Eu timeam volumus vel, eos te movet complectitur, te causae saperet eam. Minimum probatus vim te, eu eum ancillae mentitum comprehensam. Tantas decore adipisci vix no.</p>\r\n<p>Ut qui eligendi urbanitas. Assum periculis te mel, libris quidam te sit. Qui nisl nemore eleifend id, in illud ullum sea. Ut nusquam sapientem comprehensam ius. His molestie complectitur ex.</p>\r\n<p>Ei usu malis aeque efficiantur. Mazim dolor denique duo ad, augue ornatus sententiae vel at, duo id sumo vulputate. His legimus assueverit ut, commune maluisset deterruisset id mel. Oblique volumus eos ut, quo autem posidonium definitiones cu. Cu usu lorem consul concludaturque, pro ea fuisset consectetuer. Ex aeterno forensibus has, dicta propriae est ei, ex alterum apeirian quo.</p>', NULL, 'Shiloh, London, United Kingdom', 'Powerful Air Cooler for Sale', 'Powerful Air Cooler for Sale', '2024-12-08 08:01:04', '2024-12-08 08:01:04'),
(192, 5, 'bn', 'Top-Quality Used Tea Cup for Your Kitchen', '<p>Lorem ipsum dolor sit amet, nibh saperet te pri, at nam diceret disputationi. Quo an consul impedit, usu possim evertitur dissentiet ei, ridens minimum nominavi et vix. An per mutat adipisci. Ut pericula dissentias sed, est ea modus gloriatur. Aliquip persius has cu, oportere adversarium mei an, justo fabulas in vix.</p>\r\n<p>Doming aliquid te pro. Mei et quodsi ornatus praesent, summo debet vis eu, dolor soleat nostrud sea eu. Cu altera possim sanctus est. Ea iriure repudiandae per, no eam legendos consectetuer. Mel at justo doming voluptatum. Mel mentitum fabellas deserunt no, et duo amet unum appetere.</p>\r\n<p>Consetetur definitionem cu mea, usu legere minimum ne. Pro epicurei constituam ne, atqui lucilius indoctum nam id. Eu timeam volumus vel, eos te movet complectitur, te causae saperet eam. Minimum probatus vim te, eu eum ancillae mentitum comprehensam. Tantas decore adipisci vix no.</p>\r\n<p>Ut qui eligendi urbanitas. Assum periculis te mel, libris quidam te sit. Qui nisl nemore eleifend id, in illud ullum sea. Ut nusquam sapientem comprehensam ius. His molestie complectitur ex.</p>', NULL, 'Los Angeles, CA, USA', 'Top-Quality Used Tea Cup for Your Kitchen', 'Top-Quality Used Tea Cup for Your Kitchen', '2024-12-08 08:01:04', '2024-12-08 08:01:04'),
(193, 6, 'bn', 'Keep it Fresh: Reliable Rice-cooker for Sale', '<p>Quo id nemore dignissim persequeris, unum melius option ei vix, oratio vidisse eam ei. Altera neglegentur cum te. Latine probatus cum cu. Vim dicta sonet intellegebat ne, ei mazim decore eleifend nam, no malis soleat usu. Est ei tale praesent, ad nibh iudicabit has.</p>\r\n<p>Consetetur definitionem cu mea, usu legere minimum ne. Pro epicurei constituam ne, atqui lucilius indoctum nam id. Eu timeam volumus vel, eos te movet complectitur, te causae saperet eam. Minimum probatus vim te, eu eum ancillae mentitum comprehensam. Tantas decore adipisci vix no.</p>\r\n<p>Ut qui eligendi urbanitas. Assum periculis te mel, libris quidam te sit. Qui nisl nemore eleifend id, in illud ullum sea. Ut nusquam sapientem comprehensam ius. His molestie complectitur ex.</p>\r\n<p>Ei usu malis aeque efficiantur. Mazim dolor denique duo ad, augue ornatus sententiae vel at, duo id sumo vulputate. His legimus assueverit ut, commune maluisset deterruisset id mel. Oblique volumus eos ut, quo autem posidonium definitiones cu. Cu usu lorem consul concludaturque, pro ea fuisset consectetuer. Ex aeterno forensibus has, dicta propriae est ei, ex alterum apeirian quo.</p>', NULL, 'Los Angeles, CA, USA', 'Keep it Fresh: Reliable Ricecooker for Sale', 'Keep it Fresh: Reliable Ricecooker for Sale', '2024-12-08 08:01:04', '2024-12-08 08:01:04'),
(194, 7, 'bn', 'Premium Headphones for Crystal Clear Sound', '<p>How the adventure ended will be seen anon. Aouda was anxious, though she said nothing. As for Passepartout, he thought Mr Fogg&rsquo;s manoeuvre simply glorious. The captain had said &ldquo;between eleven and twelve knots,&rdquo; and the Henrietta confirmed his prediction.If, then&mdash;for there were &ldquo;ifs&rdquo; still&mdash;the sea did not become too boisterous, if the wind did not veer round to the east if no accident happened to the boat or its machinery.</p>\r\n<p>The Henrietta might cross the three thousand miles from New York to Liverpool in the nine days, between the 12th and the 21 st of December. It is true that, once arrived, the affair on board the Henrietta.</p>\r\n<p>Lorem ipsum dolor sit amet, nibh saperet te pri, at nam diceret disputationi. Quo an consul impedit, usu possim evertitur dissentiet ei, ridens minimum nominavi et vix. An per mutat adipisci. Ut pericula dissentias sed, est ea modus gloriatur. Aliquip persius has cu, oportere adversarium mei an, justo fabulas in vix.</p>\r\n<p>Nec in rebum primis causae. Affert iisque ex pri, vis utinam vivendo definitionem ad, nostrum omnesque per et. Omnium antiopam cotidieque cu sit. Id pri placerat voluptatum, vero dicunt dissentiunt eum et, adhuc iisque vis no. Eu suavitate contentiones definitionem mel, ex vide insolens ocurreret eam. Et dico blandit mea. Sea tollit vidisse mandamus te, qui movet efficiendi ex.</p>', NULL, 'Los Angeles, CA, USA', 'Premium Headphones for Crystal Clear Sound', 'Premium Headphones for Crystal Clear Sound', '2024-12-08 08:01:04', '2024-12-08 08:01:04'),
(195, 8, 'bn', 'Quality Gym Equipment for Sale', '<p>Lorem ipsum dolor sit amet, nibh saperet te pri, at nam diceret disputationi. Quo an consul impedit, usu possim evertitur dissentiet ei, ridens minimum nominavi et vix. An per mutat adipisci. Ut pericula dissentias sed, est ea modus gloriatur. Aliquip persius has cu, oportere adversarium mei an, justo fabulas in vix.</p>\r\n<p>Nec in rebum primis causae. Affert iisque ex pri, vis utinam vivendo definitionem ad, nostrum omnesque per et. Omnium antiopam cotidieque cu sit. Id pri placerat voluptatum, vero dicunt dissentiunt eum et, adhuc iisque vis no. Eu suavitate contentiones definitionem mel, ex vide insolens ocurreret eam. Et dico blandit mea. Sea tollit vidisse mandamus te, qui movet efficiendi ex.</p>', NULL, 'Chandra, California, USA', 'Quality Gym Equipment for Sale', 'Quality Gym Equipment for Sale', '2024-12-08 08:01:04', '2024-12-08 08:01:04'),
(196, 9, 'bn', 'Essential Equipment for Fitness Enthusiasts', '<p>Quo id nemore dignissim persequeris, unum melius option ei vix, oratio vidisse eam ei. Altera neglegentur cum te. Latine probatus cum cu. Vim dicta sonet intellegebat ne, ei mazim decore eleifend nam, no malis soleat usu. Est ei tale praesent, ad nibh iudicabit has.</p>\r\n<p>Consetetur definitionem cu mea, usu legere minimum ne. Pro epicurei constituam ne, atqui lucilius indoctum nam id. Eu timeam volumus vel, eos te movet complectitur, te causae saperet eam. Minimum probatus vim te, eu eum ancillae mentitum comprehensam. Tantas decore adipisci vix no.</p>\r\n<p>Ut qui eligendi urbanitas. Assum periculis te mel, libris quidam te sit. Qui nisl nemore eleifend id, in illud ullum sea. Ut nusquam sapientem comprehensam ius. His molestie complectitur ex.</p>\r\n<p>Ei usu malis aeque efficiantur. Mazim dolor denique duo ad, augue ornatus sententiae vel at, duo id sumo vulputate. His legimus assueverit ut, commune maluisset deterruisset id mel. Oblique volumus eos ut, quo autem posidonium definitiones cu. Cu usu lorem consul concludaturque, pro ea fuisset consectetuer. Ex aeterno forensibus has, dicta propriae est ei, ex alterum apeirian quo.</p>', NULL, 'Chandra, California, USA', 'Essential Equipment for Fitness Enthusiasts', 'Essential Equipment for Fitness Enthusiasts', '2024-12-08 08:01:04', '2024-12-08 08:01:04'),
(197, 10, 'bn', 'High-Performance 34\" Monitor for Sale', '<p>Per ex vero nonumy. Ius eu doming nominavi mediocrem, aliquid efficiantur no vim, sanctus admodum mnesarchum ad pro. No sea invidunt partiendo. No postea numquam ocurreret duo, unum abhorreant cu nam, fugit fastidii percipitur nam id.</p>\r\n<p>Sit vivendum eleifend adipiscing ea. Modus legere suscipiantur an vel, melius patrioque est cu, eum at audire probatus repudiandae. Ei tempor definitiones eam, sea dico omnium ne. Eam ad ubique tincidunt elaboraret, malis aperiri sit et. Ut quo vero inimicus. Sed at munere fuisset noluisse, eleifend senserit an vix.</p>\r\n<p>Sint dignissim consectetuer nec et, per ad probatus referrentur, vel cu consequat sententiae. Ad duis fugit dictas mea, et cum stet oratio cetero. Ne pri omittam fastidii. No per harum dicant neglegentur, sea ei esse volumus adolescens. Nulla argumentum at pri, vel apeirian principes in. An dicam dicant consul mea, ne per option appetere argumentum, vim legere senserit et.</p>', NULL, 'Los Angeles, CA, USA', 'High-Performance 34\" Monitor for Sale', 'High-Performance 34\" Monitor for Sale', '2024-12-08 08:01:04', '2024-12-08 08:01:04'),
(198, 11, 'bn', 'Premium Used Earbuds for Sale', '<p>Doming aliquid te pro. Mei et quodsi ornatus praesent, summo debet vis eu, dolor soleat nostrud sea eu. Cu altera possim sanctus est. Ea iriure repudiandae per, no eam legendos consectetuer. Mel at justo doming voluptatum. Mel mentitum fabellas deserunt no, et duo amet unum appetere.</p>\r\n<p>Quo id nemore dignissim persequeris, unum melius option ei vix, oratio vidisse eam ei. Altera neglegentur cum te. Latine probatus cum cu. Vim dicta sonet intellegebat ne, ei mazim decore eleifend nam, no malis soleat usu. Est ei tale praesent, ad nibh iudicabit has.</p>\r\n<p>Lorem ipsum dolor sit amet, nibh saperet te pri, at nam diceret disputationi. Quo an consul impedit, usu possim evertitur dissentiet ei, ridens minimum nominavi et vix. An per mutat adipisci. Ut pericula dissentias sed, est ea modus gloriatur. Aliquip persius has cu, oportere adversarium mei an, justo fabulas in vix.</p>', NULL, 'Shiloh, London, United Kingdom', 'Premium Used Earbuds for Sale', 'Premium Used Earbuds for Sale', '2024-12-08 08:01:04', '2024-12-08 08:01:04'),
(199, 12, 'bn', 'Premium Computer Speakers Available', '<p>Lorem ipsum dolor sit amet, nibh saperet te pri, at nam diceret disputationi. Quo an consul impedit, usu possim evertitur dissentiet ei, ridens minimum nominavi et vix. An per mutat adipisci. Ut pericula dissentias sed, est ea modus gloriatur. Aliquip persius has cu, oportere adversarium mei an, justo fabulas in vix.</p>\r\n<p>Nec in rebum primis causae. Affert iisque ex pri, vis utinam vivendo definitionem ad, nostrum omnesque per et. Omnium antiopam cotidieque cu sit. Id pri placerat voluptatum, vero dicunt dissentiunt eum et, adhuc iisque vis no. Eu suavitate contentiones definitionem mel, ex vide insolens ocurreret eam. Et dico blandit mea. Sea tollit vidisse mandamus te, qui movet efficiendi ex.</p>\r\n<p>Consetetur definitionem cu mea, usu legere minimum ne. Pro epicurei constituam ne, atqui lucilius indoctum nam id. Eu timeam volumus vel, eos te movet complectitur, te causae saperet eam. Minimum probatus vim te, eu eum ancillae mentitum comprehensam. Tantas decore adipisci vix no.</p>\r\n<p>Ei usu malis aeque efficiantur. Mazim dolor denique duo ad, augue ornatus sententiae vel at, duo id sumo vulputate. His legimus assueverit ut, commune maluisset deterruisset id mel. Oblique volumus eos ut, quo autem posidonium definitiones cu. Cu usu lorem consul concludaturque, pro ea fuisset consectetuer. Ex aeterno forensibus has, dicta propriae est ei, ex alterum apeirian quo.</p>', NULL, 'Los Angeles, CA, USA', 'Premium Computer Speakers Available Now', 'Premium Computer Speakers Available Now', '2024-12-08 08:01:04', '2024-12-08 08:01:04'),
(200, 13, 'bn', 'Professional DSLR New Camera for Sale', '&lt;p&gt;Consetetur definitionem cu mea, usu legere minimum ne. Pro epicurei constituam ne, atqui lucilius indoctum nam id. Eu timeam volumus vel, eos te movet complectitur, te causae saperet eam. Minimum probatus vim te, eu eum ancillae mentitum comprehensam. Tantas decore adipisci vix no.&lt;/p&gt;\r\n&lt;p&gt;Ei usu malis aeque efficiantur. Mazim dolor denique duo ad, augue ornatus sententiae vel at, duo id sumo vulputate. His legimus assueverit ut, commune maluisset deterruisset id mel. Oblique volumus eos ut, quo autem posidonium definitiones cu. Cu usu lorem consul concludaturque, pro ea fuisset consectetuer. Ex aeterno forensibus has, dicta propriae est ei, ex alterum apeirian quo.&lt;/p&gt;\r\n&lt;p&gt;Ipsum volumus pertinax mea ut, eu erat tacimates nam. Tibique copiosae verterem mea no, eam ex melius option, soluta timeam et his. Sit simul gubergren reformidans id, amet minimum nominavi eos ea. Et augue dicta vix. Mea ne utamur referrentur.&lt;/p&gt;', NULL, 'Los Angeles, CA, USA', 'Professional DSLR New Camera for Sale', 'Professional DSLR New Camera for Sale', '2024-12-08 08:01:04', '2024-12-08 08:01:04'),
(201, 14, 'bn', 'Exterior of a modern apartment', '<p>Lorem ipsum dolor sit amet, nibh saperet te pri, at nam diceret disputationi. Quo an consul impedit, usu possim evertitur dissentiet ei, ridens minimum nominavi et vix. An per mutat adipisci. Ut pericula dissentias sed, est ea modus gloriatur. Aliquip persius has cu, oportere adversarium mei an, justo fabulas in vix.</p>\r\n<p>Doming aliquid te pro. Mei et quodsi ornatus praesent, summo debet vis eu, dolor soleat nostrud sea eu. Cu altera possim sanctus est. Ea iriure repudiandae per, no eam legendos consectetuer. Mel at justo doming voluptatum. Mel mentitum fabellas deserunt no, et duo amet unum appetere.</p>\r\n<p>Ut qui eligendi urbanitas. Assum periculis te mel, libris quidam te sit. Qui nisl nemore eleifend id, in illud ullum sea. Ut nusquam sapientem comprehensam ius. His molestie complectitur ex.</p>\r\n<p>&nbsp;</p>', NULL, 'Los Angeles, CA, USA', 'Exterior of a modern apartment', 'Exterior of a modern apartment', '2024-12-08 08:01:04', '2024-12-08 08:01:04'),
(202, 15, 'bn', 'Nobody the yard mode arhitecture', '<p>Consetetur definitionem cu mea, usu legere minimum ne. Pro epicurei constituam ne, atqui lucilius indoctum nam id. Eu timeam volumus vel, eos te movet complectitur, te causae saperet eam. Minimum probatus vim te, eu eum ancillae mentitum comprehensam. Tantas decore adipisci vix no.</p>\r\n<p>Ut qui eligendi urbanitas. Assum periculis te mel, libris quidam te sit. Qui nisl nemore eleifend id, in illud ullum sea. Ut nusquam sapientem comprehensam ius. His molestie complectitur ex.</p>\r\n<p>Ei usu malis aeque efficiantur. Mazim dolor denique duo ad, augue ornatus sententiae vel at, duo id sumo vulputate. His legimus assueverit ut, commune maluisset deterruisset id mel. Oblique volumus eos ut, quo autem posidonium definitiones cu. Cu usu lorem consul concludaturque, pro ea fuisset consectetuer. Ex aeterno forensibus has, dicta propriae est ei, ex alterum apeirian quo.</p>', NULL, 'Shiloh, London, United Kingdom', 'Nobody the yard mode arhitecture', 'Nobody the yard mode arhitecture', '2024-12-08 08:01:04', '2024-12-08 08:01:04'),
(203, 16, 'bn', 'Building with facade made of red brick', '<p>Pri tempor appareat no, eruditi repudiandae vix at. Eos at brute omnesque voluptaria, facer putent intellegam eu pri. Mei debitis ullamcorper eu, at quo idque mundi. Vis in suas porro consequat, nec ad dolor adversarium, ut praesent cotidieque sit. Veniam civibus omittantur duo ut, te his alterum complectitur. Mea omnis oratio impedit ne.</p>\r\n<p>In vim natum soleat nostro, pri in eloquentiam contentiones. Eu sit sapientem reprehendunt, omnis aliquid eu eos. No quot illum veniam est, ne pro iudico saperet mnesarchum. Ea pri nostro disputando contentiones, eu nec menandri qualisque, vis ex equidem invidunt. Et accusam detracto splendide per, congue meliore id sea. Has eu aeterno patrioque expetendis, mel ei dissentiet reformidans.</p>\r\n<p>Meliore inimicus duo ut, tation veritus elaboraret eam cu. Cum in alii agam aliquip, aperiam salutandi et per. Ex vis summo probatus ocurreret, ex assum sententiae pri, blandit sensibus moderatius ei eos. Vix nobis phaedrum neglegentur et.</p>', NULL, 'Los Angeles, CA, USA', 'Building with facade made of red brick', 'Building with facade made of red brick', '2024-12-08 08:01:04', '2024-12-08 08:01:04'),
(204, 17, 'bn', 'Beautiful modern house generative', '<p>Id est maiorum volutpat, ad nominavi suscipit suscipiantur vix. Ut ius veri aperiam reprehendunt. Ut per unum sapientem consequuntur, usu ut quot scripta. Sea te nisl expetenda, ad quo congue argumentum, sit quis simul accusam cu. Usu ei perfecto repudiare tincidunt, ut quas malis erant vim. An mel vidit iudicabit.</p>\r\n<p>Appetere fabellas ius te. Nonumes splendide deseruisse ea vis, alii velit vel eu. Eos ut scaevola platonem rationibus. Vis natum vivendo sententiae in, ea aperiam apeirian pri, in partem eleifend quo. Pro ex nobis utinam, nam et vidit numquam fastidii, ne per munere adolescens.</p>\r\n<p>Ipsum volumus pertinax mea ut, eu erat tacimates nam. Tibique copiosae verterem mea no, eam ex melius option, soluta timeam et his. Sit simul gubergren reformidans id, amet minimum nominavi eos ea. Et augue dicta vix. Mea ne utamur referrentur.</p>', NULL, 'Los Angeles, CA, USA', 'Beautiful modern house generative', 'Beautiful modern house generative', '2024-12-08 08:01:04', '2024-12-08 08:01:04'),
(205, 18, 'bn', '3d rendering of modern house', '<p>Lorem ipsum dolor sit amet, nibh saperet te pri, at nam diceret disputationi. Quo an consul impedit, usu possim evertitur dissentiet ei, ridens minimum nominavi et vix. An per mutat adipisci. Ut pericula dissentias sed, est ea modus gloriatur. Aliquip persius has cu, oportere adversarium mei an, justo fabulas in vix.</p>\r\n<p>Nec in rebum primis causae. Affert iisque ex pri, vis utinam vivendo definitionem ad, nostrum omnesque per et. Omnium antiopam cotidieque cu sit. Id pri placerat voluptatum, vero dicunt dissentiunt eum et, adhuc iisque vis no. Eu suavitate contentiones definitionem mel, ex vide insolens ocurreret eam. Et dico blandit mea. Sea tollit vidisse mandamus te, qui movet efficiendi ex.</p>\r\n<p>Doming aliquid te pro. Mei et quodsi ornatus praesent, summo debet vis eu, dolor soleat nostrud sea eu. Cu altera possim sanctus est. Ea iriure repudiandae per, no eam legendos consectetuer. Mel at justo doming voluptatum. Mel mentitum fabellas deserunt no, et duo amet unum appetere.</p>', NULL, 'Chandra, California, USA', '3d rendering illustration of modern house', '3d rendering illustration of modern house', '2024-12-08 08:01:04', '2024-12-08 08:01:04'),
(206, 19, 'bn', 'Luxury business meeting room', '<p>Per ex vero nonumy. Ius eu doming nominavi mediocrem, aliquid efficiantur no vim, sanctus admodum mnesarchum ad pro. No sea invidunt partiendo. No postea numquam ocurreret duo, unum abhorreant cu nam, fugit fastidii percipitur nam id.</p>\r\n<p>Sit vivendum eleifend adipiscing ea. Modus legere suscipiantur an vel, melius patrioque est cu, eum at audire probatus repudiandae. Ei tempor definitiones eam, sea dico omnium ne. Eam ad ubique tincidunt elaboraret, malis aperiri sit et. Ut quo vero inimicus. Sed at munere fuisset noluisse, eleifend senserit an vix.</p>\r\n<p>Sint dignissim consectetuer nec et, per ad probatus referrentur, vel cu consequat sententiae. Ad duis fugit dictas mea, et cum stet oratio cetero. Ne pri omittam fastidii. No per harum dicant neglegentur, sea ei esse volumus adolescens. Nulla argumentum at pri, vel apeirian principes in. An dicam dicant consul mea, ne per option appetere argumentum, vim legere senserit et.</p>', NULL, 'California, USA', 'Luxury business meeting room', 'Luxury business meeting room', '2024-12-08 08:01:04', '2024-12-08 08:01:04'),
(207, 20, 'bn', 'Senior Marketing Manager', '<p>Per ex vero nonumy. Ius eu doming nominavi mediocrem, aliquid efficiantur no vim, sanctus admodum mnesarchum ad pro. No sea invidunt partiendo. No postea numquam ocurreret duo, unum abhorreant cu nam, fugit fastidii percipitur nam id.</p>\r\n<p>Sit vivendum eleifend adipiscing ea. Modus legere suscipiantur an vel, melius patrioque est cu, eum at audire probatus repudiandae. Ei tempor definitiones eam, sea dico omnium ne. Eam ad ubique tincidunt elaboraret, malis aperiri sit et. Ut quo vero inimicus. Sed at munere fuisset noluisse, eleifend senserit an vix.</p>\r\n<p>Sint dignissim consectetuer nec et, per ad probatus referrentur, vel cu consequat sententiae. Ad duis fugit dictas mea, et cum stet oratio cetero. Ne pri omittam fastidii. No per harum dicant neglegentur, sea ei esse volumus adolescens. Nulla argumentum at pri, vel apeirian principes in. An dicam dicant consul mea, ne per option appetere argumentum, vim legere senserit et.</p>', NULL, 'Los Angeles', 'Senior Marketing Manager', 'Senior Marketing Manager', '2024-12-08 08:01:04', '2024-12-08 08:01:04'),
(208, 21, 'bn', 'Laravel Application Developer', '<p>Per ex vero nonumy. Ius eu doming nominavi mediocrem, aliquid efficiantur no vim, sanctus admodum mnesarchum ad pro. No sea invidunt partiendo. No postea numquam ocurreret duo, unum abhorreant cu nam, fugit fastidii percipitur nam id.</p>\r\n<p>Sit vivendum eleifend adipiscing ea. Modus legere suscipiantur an vel, melius patrioque est cu, eum at audire probatus repudiandae. Ei tempor definitiones eam, sea dico omnium ne. Eam ad ubique tincidunt elaboraret, malis aperiri sit et. Ut quo vero inimicus. Sed at munere fuisset noluisse, eleifend senserit an vix.</p>\r\n<p>Sint dignissim consectetuer nec et, per ad probatus referrentur, vel cu consequat sententiae. Ad duis fugit dictas mea, et cum stet oratio cetero. Ne pri omittam fastidii. No per harum dicant neglegentur, sea ei esse volumus adolescens. Nulla argumentum at pri, vel apeirian principes in. An dicam dicant consul mea, ne per option appetere argumentum, vim legere senserit et.</p>', NULL, 'California, USA', 'Laravel Application Developer', 'Laravel Application Developer', '2024-12-08 08:01:04', '2024-12-08 08:01:04');
INSERT INTO `listing_translations` (`id`, `listing_id`, `lang_code`, `title`, `description`, `video_description`, `address`, `seo_title`, `seo_description`, `created_at`, `updated_at`) VALUES
(209, 22, 'bn', 'Full Time Sr. IT Project Manager', '<p>Usu ad solet diceret, usu at appetere percipit appellantur, te est primis audire gloriatur. Scripta noluisse no mel, vis ne decore ridens labitur. Stet erant saepe eu mea. An mel dolore salutandi abhorreant. An quo aliquip maluisset, mea quaeque indoctum in, pro augue veritus praesent te.</p>\r\n<p>Vim exerci sadipscing in, est simul recteque ei, dictas repudiandae comprehensam cu usu. Te melius veritus tibique pri. Sea nonumy euismod deserunt te. Ad ius nullam malorum assueverit.</p>\r\n<p>Vim et alterum ornatus vivendum, ut mea solum repudiare. His etiam delenit tibique no, ad harum omnes scribentur qui, ne wisi detracto his. Ei movet accusam pri. Ex vel diam quas urbanitas, ne has velit affert habemus. At quis nonumy disputando nec, falli scaevola vel ea. Omittantur concludaturque nam eu, ex est vocent virtute.</p>', NULL, 'French', 'Full Time Sr. IT Project Manager', 'Full Time Sr. IT Project Manager', '2024-12-08 08:01:04', '2024-12-08 08:01:04'),
(210, 23, 'bn', 'Part Time Senior UIUX Designer', '<p>Appetere fabellas ius te. Nonumes splendide deseruisse ea vis, alii velit vel eu. Eos ut scaevola platonem rationibus. Vis natum vivendo sententiae in, ea aperiam apeirian pri, in partem eleifend quo. Pro ex nobis utinam, nam et vidit numquam fastidii, ne per munere adolescens.</p>\r\n<p>Ipsum volumus pertinax mea ut, eu erat tacimates nam. Tibique copiosae verterem mea no, eam ex melius option, soluta timeam et his. Sit simul gubergren reformidans id, amet minimum nominavi eos ea. Et augue dicta vix. Mea ne utamur referrentur.</p>\r\n<p>Per ex vero nonumy. Ius eu doming nominavi mediocrem, aliquid efficiantur no vim, sanctus admodum mnesarchum ad pro. No sea invidunt partiendo. No postea numquam ocurreret duo, unum abhorreant cu nam, fugit fastidii percipitur nam id.</p>', NULL, 'London City', 'Part Time Senior UIUX Designer', 'Part Time Senior UIUX Designer', '2024-12-08 08:01:04', '2024-12-08 08:01:04'),
(211, 24, 'bn', 'Full Stack WP Development', '<p>it vivendum eleifend adipiscing ea. Modus legere suscipiantur an vel, melius patrioque est cu, eum at audire probatus repudiandae. Ei tempor definitiones eam, sea dico omnium ne. Eam ad ubique tincidunt elaboraret, malis aperiri sit et. Ut quo vero inimicus. Sed at munere fuisset noluisse, eleifend senserit an vix.</p>\r\n<p>Sint dignissim consectetuer nec et, per ad probatus referrentur, vel cu consequat sententiae. Ad duis fugit dictas mea, et cum stet oratio cetero. Ne pri omittam fastidii. No per harum dicant neglegentur, sea ei esse volumus adolescens. Nulla argumentum at pri, vel apeirian principes in. An dicam dicant consul mea, ne per option appetere argumentum, vim legere senserit et.</p>\r\n<p>Te soleat legendos molestiae cum. Tale sanctus invidunt cu per, quo at modo recteque elaboraret. Ex mazim homero per. Eu nec exerci doctus, cu mei oblique copiosae. Consul diceret usu ne.</p>', NULL, 'Bangladesh', 'Full Stack WP Development', 'Full Stack WP Development', '2024-12-08 08:01:04', '2024-12-08 08:01:04'),
(212, 25, 'bn', 'Mobile Application Developer', '&lt;p&gt;Lorem ipsum dolor sit amet, nibh saperet te pri, at nam diceret disputationi. Quo an consul impedit, usu possim evertitur dissentiet ei, ridens minimum nominavi et vix. An per mutat adipisci. Ut pericula dissentias sed, est ea modus gloriatur. Aliquip persius has cu, oportere adversarium mei an, justo fabulas in vix.&lt;/p&gt;\r\n&lt;p&gt;Nec in rebum primis causae. Affert iisque ex pri, vis utinam vivendo definitionem ad, nostrum omnesque per et. Omnium antiopam cotidieque cu sit. Id pri placerat voluptatum, vero dicunt dissentiunt eum et, adhuc iisque vis no. Eu suavitate contentiones definitionem mel, ex vide insolens ocurreret eam. Et dico blandit mea. Sea tollit vidisse mandamus te, qui movet efficiendi ex.&lt;/p&gt;\r\n&lt;p&gt;Doming aliquid te pro. Mei et quodsi ornatus praesent, summo debet vis eu, dolor soleat nostrud sea eu. Cu altera possim sanctus est. Ea iriure repudiandae per, no eam legendos consectetuer. Mel at justo doming voluptatum. Mel mentitum fabellas deserunt no, et duo amet unum appetere.&lt;/p&gt;', NULL, 'United Kindom', 'Mobile Application Developer', 'Mobile Application Developer', '2024-12-08 08:01:04', '2024-12-08 08:01:04'),
(213, 26, 'bn', 'Par Time Mid Level DevOps Engineer', '<p>oming aliquid te pro. Mei et quodsi ornatus praesent, summo debet vis eu, dolor soleat nostrud sea eu. Cu altera possim sanctus est. Ea iriure repudiandae per, no eam legendos consectetuer. Mel at justo doming voluptatum. Mel mentitum fabellas deserunt no, et duo amet unum appetere.</p>\r\n<p>Quo id nemore dignissim persequeris, unum melius option ei vix, oratio vidisse eam ei. Altera neglegentur cum te. Latine probatus cum cu. Vim dicta sonet intellegebat ne, ei mazim decore eleifend nam, no malis soleat usu. Est ei tale praesent, ad nibh iudicabit has.</p>\r\n<p>Consetetur definitionem cu mea, usu legere minimum ne. Pro epicurei constituam ne, atqui lucilius indoctum nam id. Eu timeam volumus vel, eos te movet complectitur, te causae saperet eam. Minimum probatus vim te, eu eum ancillae mentitum comprehensam. Tantas decore adipisci vix no.</p>', NULL, 'Los Angeles', 'Par Time Mid Level DevOps Engineer', 'Par Time Mid Level DevOps Engineer', '2024-12-08 08:01:04', '2024-12-08 08:01:04'),
(214, 27, 'bn', 'Junior Cloud Architect Remote', '<p>Lorem ipsum dolor sit amet, nibh saperet te pri, at nam diceret disputationi. Quo an consul impedit, usu possim evertitur dissentiet ei, ridens minimum nominavi et vix. An per mutat adipisci. Ut pericula dissentias sed, est ea modus gloriatur. Aliquip persius has cu, oportere adversarium mei an, justo fabulas in vix.</p>\r\n<p>Consetetur definitionem cu mea, usu legere minimum ne. Pro epicurei constituam ne, atqui lucilius indoctum nam id. Eu timeam volumus vel, eos te movet complectitur, te causae saperet eam. Minimum probatus vim te, eu eum ancillae mentitum comprehensam. Tantas decore adipisci vix no.</p>\r\n<p>Ut qui eligendi urbanitas. Assum periculis te mel, libris quidam te sit. Qui nisl nemore eleifend id, in illud ullum sea. Ut nusquam sapientem comprehensam ius. His molestie complectitur ex.</p>', NULL, 'Bangladesh', 'Junior Cloud Architect Remote', 'Junior Cloud Architect Remote', '2024-12-08 08:01:04', '2024-12-08 08:01:04'),
(215, 28, 'bn', 'Penthouse with pool at sunset generative', '<p>Consetetur definitionem cu mea, usu legere minimum ne. Pro epicurei constituam ne, atqui lucilius indoctum nam id. Eu timeam volumus vel, eos te movet complectitur, te causae saperet eam. Minimum probatus vim te, eu eum ancillae mentitum comprehensam. Tantas decore adipisci vix no.</p>\r\n<p>Ut qui eligendi urbanitas. Assum periculis te mel, libris quidam te sit. Qui nisl nemore eleifend id, in illud ullum sea. Ut nusquam sapientem comprehensam ius. His molestie complectitur ex.</p>\r\n<p>Ei usu malis aeque efficiantur. Mazim dolor denique duo ad, augue ornatus sententiae vel at, duo id sumo vulputate. His legimus assueverit ut, commune maluisset deterruisset id mel. Oblique volumus eos ut, quo autem posidonium definitiones cu. Cu usu lorem consul concludaturque, pro ea fuisset consectetuer. Ex aeterno forensibus has, dicta propriae est ei, ex alterum apeirian quo.</p>', NULL, 'Los Angeles, CA, USA', 'Penthouse with pool at sunset generative', 'Penthouse with pool at sunset generative', '2024-12-08 08:01:04', '2024-12-08 08:01:04'),
(216, 29, 'bn', 'Young business people working in office', '<p>Quo id nemore dignissim persequeris, unum melius option ei vix, oratio vidisse eam ei. Altera neglegentur cum te. Latine probatus cum cu. Vim dicta sonet intellegebat ne, ei mazim decore eleifend nam, no malis soleat usu. Est ei tale praesent, ad nibh iudicabit has.</p>\r\n<p>Consetetur definitionem cu mea, usu legere minimum ne. Pro epicurei constituam ne, atqui lucilius indoctum nam id. Eu timeam volumus vel, eos te movet complectitur, te causae saperet eam. Minimum probatus vim te, eu eum ancillae mentitum comprehensam. Tantas decore adipisci vix no.</p>\r\n<p>Ut qui eligendi urbanitas. Assum periculis te mel, libris quidam te sit. Qui nisl nemore eleifend id, in illud ullum sea. Ut nusquam sapientem comprehensam ius. His molestie complectitur ex.</p>', NULL, 'California, USA', 'Young business people working in office', 'Young business people working in office', '2024-12-08 08:01:04', '2024-12-08 08:01:04'),
(217, 30, 'bn', 'Modern house exterior for sale', '<p>Nec in rebum primis causae. Affert iisque ex pri, vis utinam vivendo definitionem ad, nostrum omnesque per et. Omnium antiopam cotidieque cu sit. Id pri placerat voluptatum, vero dicunt dissentiunt eum et, adhuc iisque vis no. Eu suavitate contentiones definitionem mel, ex vide insolens ocurreret eam. Et dico blandit mea. Sea tollit vidisse mandamus te, qui movet efficiendi ex.</p>\r\n<p>Doming aliquid te pro. Mei et quodsi ornatus praesent, summo debet vis eu, dolor soleat nostrud sea eu. Cu altera possim sanctus est. Ea iriure repudiandae per, no eam legendos consectetuer. Mel at justo doming voluptatum. Mel mentitum fabellas deserunt no, et duo amet unum appetere.</p>\r\n<p>Quo id nemore dignissim persequeris, unum melius option ei vix, oratio vidisse eam ei. Altera neglegentur cum te. Latine probatus cum cu. Vim dicta sonet intellegebat ne, ei mazim decore eleifend nam, no malis soleat usu. Est ei tale praesent, ad nibh iudicabit has.</p>', NULL, 'Rajshahi, Bangladesh', 'Modern house exterior for sale', 'Modern house exterior for sale', '2024-12-08 08:01:04', '2024-12-08 08:01:04'),
(218, 31, 'bn', 'Concrete coworking office interior', '<p>Consetetur definitionem cu mea, usu legere minimum ne. Pro epicurei constituam ne, atqui lucilius indoctum nam id. Eu timeam volumus vel, eos te movet complectitur, te causae saperet eam. Minimum probatus vim te, eu eum ancillae mentitum comprehensam. Tantas decore adipisci vix no.</p>\r\n<p>Ut qui eligendi urbanitas. Assum periculis te mel, libris quidam te sit. Qui nisl nemore eleifend id, in illud ullum sea. Ut nusquam sapientem comprehensam ius. His molestie complectitur ex.</p>\r\n<p>Ei usu malis aeque efficiantur. Mazim dolor denique duo ad, augue ornatus sententiae vel at, duo id sumo vulputate. His legimus assueverit ut, commune maluisset deterruisset id mel. Oblique volumus eos ut, quo autem posidonium definitiones cu. Cu usu lorem consul concludaturque, pro ea fuisset consectetuer. Ex aeterno forensibus has, dicta propriae est ei, ex alterum apeirian quo.</p>', NULL, 'Shiloh, London, United Kingdom', 'Concrete coworking office interior', 'Concrete coworking office interior', '2024-12-08 08:01:04', '2024-12-08 08:01:04'),
(219, 32, 'bn', 'Interior of a modern apartment', '<p>In vim natum soleat nostro, pri in eloquentiam contentiones. Eu sit sapientem reprehendunt, omnis aliquid eu eos. No quot illum veniam est, ne pro iudico saperet mnesarchum. Ea pri nostro disputando contentiones, eu nec menandri qualisque, vis ex equidem invidunt. Et accusam detracto splendide per, congue meliore id sea. Has eu aeterno patrioque expetendis, mel ei dissentiet reformidans.</p>\r\n<p>Meliore inimicus duo ut, tation veritus elaboraret eam cu. Cum in alii agam aliquip, aperiam salutandi et per. Ex vis summo probatus ocurreret, ex assum sententiae pri, blandit sensibus moderatius ei eos. Vix nobis phaedrum neglegentur et.</p>\r\n<p>Id est maiorum volutpat, ad nominavi suscipit suscipiantur vix. Ut ius veri aperiam reprehendunt. Ut per unum sapientem consequuntur, usu ut quot scripta. Sea te nisl expetenda, ad quo congue argumentum, sit quis simul accusam cu. Usu ei perfecto repudiare tincidunt, ut quas malis erant vim. An mel vidit iudicabit.</p>', NULL, 'Shiloh, London, United Kingdom', 'Interior of a modern apartment', 'Interior of a modern apartment', '2024-12-08 08:01:04', '2024-12-08 08:01:04'),
(220, 33, 'bn', 'Rendering of impressive villa pool', '<p>Ei usu malis aeque efficiantur. Mazim dolor denique duo ad, augue ornatus sententiae vel at, duo id sumo vulputate. His legimus assueverit ut, commune maluisset deterruisset id mel. Oblique volumus eos ut, quo autem posidonium definitiones cu. Cu usu lorem consul concludaturque, pro ea fuisset consectetuer. Ex aeterno forensibus has, dicta propriae est ei, ex alterum apeirian quo.</p>\r\n<p>Pri tempor appareat no, eruditi repudiandae vix at. Eos at brute omnesque voluptaria, facer putent intellegam eu pri. Mei debitis ullamcorper eu, at quo idque mundi. Vis in suas porro consequat, nec ad dolor adversarium, ut praesent cotidieque sit. Veniam civibus omittantur duo ut, te his alterum complectitur. Mea omnis oratio impedit ne.</p>', NULL, 'Los Angeles, CA, USA', 'Rendering of impressive villa with pool', 'Rendering of impressive villa with pool', '2024-12-08 08:01:04', '2024-12-08 08:01:04');

-- --------------------------------------------------------

--
